000
CXUS53 KJKL 011410
CF6JKL
PRELIMINARY LOCAL CLIMATOLOGICAL DATA (WS FORM: F-6)
STATION: JACKSON KY
MONTH: FEBRUARY
YEAR: 2023
LATITUDE: 37 35 N
LONGITUDE: 83 19 W
TEMPERATURE IN F: :PCPN: SNOW: WIND :SUNSHINE: SKY :PK WND
================================================================================
1 2 3 4 5 6A 6B 7 8 9 10 11 12 13 14 15 16 17 18
12Z AVG MX 2MIN
DY MAX MIN AVG DEP HDD CDD WTR SNW DPTH SPD SPD DIR MIN PSBL S-S WX SPD DR
================================================================================
1 32 25 29 -8 36 0 0.07 0.4 T 1.3 7 30 M M 10 14 11 40
2 36 29 33 -4 32 0 T T T 2.6 9 230 M M 7 1 14 220
3 31 20 26 -11 39 0 T T 0 5.9 13 280 M M 3 20 320
4 51 17 34 -3 31 0 0.00 0.0 0 4.2 12 170 M M 0 20 150
5 58 39 49 11 16 0 0.00 0.0 0 8.0 20 230 M M 1 34 250
6 56 37 47 9 18 0 0.00 0.0 0 3.4 9 310 M M 0 15 270
7 68 43 56 18 9 0 0.00 0.0 0 6.3 14 180 M M 1 29 170
8 60 49 55 17 10 0 0.02 0.0 0 2.8 10 260 M M 9 1 20 180
9 73 45 59 21 6 0 T 0.0 0 10.1 24 200 M M 3 45 220
10 51 39 45 7 20 0 0.00 0.0 0 4.8 13 270 M M 7 20 340
11 47 31 39 0 26 0 0.00 0.0 0 5.6 10 50 M M 1 17 40
12 55 36 46 7 19 0 T 0.0 0 5.7 9 330 M M 5 19 30
13 63 30 47 8 18 0 0.00 0.0 0 6.1 16 310 M M 0 24 210
14 66 41 54 15 11 0 0.02 0.0 0 5.3 15 170 M M 1 3 25 160
15 72 54 63 23 2 0 0.03 0.0 0 7.5 16 190 M M 3 31 190
16 59 55 57 17 8 0 3.11 0.0 0 5.2 15 200 M M 9 123 26 200
17 58 28 43 3 22 0 1.00 T 0 8.1 21 310 M M 10 1 36 300
18 47 23 35 -5 30 0 0.00 0.0 0 2.8 8 190 M M 1 13 180
19 61 38 50 9 15 0 0.00 0.0 0 7.1 17 200 M M 0 30 210
20 53 48 51 10 14 0 0.09 0.0 0 6.4 14 220 M M 6 1 24 250
21 62 47 55 14 10 0 0.00 0.0 0 6.1 18 270 M M 2 12 35 270
22 80 50 65 24 0 0 T 0.0 0 9.3 17 180 M M 3 34 160
23 78 57 68 26 0 3 0.44 0.0 0 7.8 18 220 M M 5 1 37 200
24 58 36 47 5 18 0 0.02 0.0 0 5.0 15 310 M M 4 24 300
25 43 34 39 -3 26 0 0.19 0.0 0 3.0 10 120 M M 8 123 17 130
26 58 39 49 7 16 0 0.00 0.0 0 3.5 9 260 M M 5 1 15 160
27 69 47 58 15 7 0 0.15 0.0 0 10.3 30 190 M M 7 1 50 200
28 66 50 58 15 7 0 0.00 0.0 0 5.8 24 270 M M 1 40 250
================================================================================
SM 1611 1087 466 3 5.14 0.4 160.0 M 112
================================================================================
AV 57.5 38.8 5.7 FASTST M M 4 MAX(MPH)
MISC ----> 30 190 50 200
================================================================================
NOTES:
# LAST OF SEVERAL OCCURRENCES
COLUMN 17 PEAK WIND IN M.P.H.
PRELIMINARY LOCAL CLIMATOLOGICAL DATA (WS FORM: F-6) , PAGE 2
STATION: JACKSON KY
MONTH: FEBRUARY
YEAR: 2023
LATITUDE: 37 35 N
LONGITUDE: 83 19 W
[TEMPERATURE DATA] [PRECIPITATION DATA] SYMBOLS USED IN COLUMN 16
AVERAGE MONTHLY: 48.2 TOTAL FOR MONTH: 5.14 1 = FOG OR MIST
DPTR FM NORMAL: 8.5 DPTR FM NORMAL: 1.08 2 = FOG REDUCING VISIBILITY
HIGHEST: 80 ON 22 GRTST 24HR 3.84 ON 16-17 TO 1/4 MILE OR LESS
LOWEST: 17 ON 4 3 = THUNDER
SNOW, ICE PELLETS, HAIL 4 = ICE PELLETS
TOTAL MONTH: 0.5 INCH 5 = HAIL
GRTST 24HR 0.4 ON 1- 1 6 = FREEZING RAIN OR DRIZZLE
GRTST DEPTH: T 7 = DUSTSTORM OR SANDSTORM:
VSBY 1/2 MILE OR LESS
8 = SMOKE OR HAZE
[NO. OF DAYS WITH] [WEATHER - DAYS WITH] 9 = BLOWING SNOW
X = TORNADO
MAX 32 OR BELOW: 2 0.01 INCH OR MORE: 11
MAX 90 OR ABOVE: 0 0.10 INCH OR MORE: 5
MIN 32 OR BELOW: 8 0.50 INCH OR MORE: 2
MIN 0 OR BELOW: 0 1.00 INCH OR MORE: 2
[HDD (BASE 65) ]
TOTAL THIS MO. 466 CLEAR (SCALE 0-3) 13
DPTR FM NORMAL -244 PTCLDY (SCALE 4-7) 11
TOTAL FM JUL 1 2636 CLOUDY (SCALE 8-10) 4
DPTR FM NORMAL -548
[CDD (BASE 65) ]
TOTAL THIS MO. 3
DPTR FM NORMAL 2 [PRESSURE DATA]
TOTAL FM JAN 1 3 HIGHEST SLP 30.55 ON 4
DPTR FM NORMAL 3 LOWEST SLP 29.31 ON 27
[REMARKS]
#FINAL-02-23#