000
CXUS53 KSGF 010810
CF6JLN
PRELIMINARY LOCAL CLIMATOLOGICAL DATA (WS FORM: F-6)
STATION: JOPLIN MO
MONTH: FEBRUARY
YEAR: 2022
LATITUDE: 37 10 N
LONGITUDE: 94 30 W
TEMPERATURE IN F: :PCPN: SNOW: WIND :SUNSHINE: SKY :PK WND
================================================================================
1 2 3 4 5 6A 6B 7 8 9 10 11 12 13 14 15 16 17 18
12Z AVG MX 2MIN
DY MAX MIN AVG DEP HDD CDD WTR SNW DPTH SPD SPD DIR MIN PSBL S-S WX SPD DR
================================================================================
1 60 33 47 11 18 0 0.90 M M 11.1 22 20 M M 9 1 30 40
2 33 16 25 -11 40 0 0.36 M M 15.3 26 10 M M 10 146 41 20
3 17 12 15 -21 50 0 M M M 14.8 24 30 M M 10 19 34 30
4 28 6 17 -20 48 0 T M M 6.9 14 240 M M 2 18 19 10
5 41 13 27 -10 38 0 0.00 M M 10.8 20 170 M M 0 27 180
6 44 29 37 0 28 0 0.00 M M 9.6 20 190 M M 1 26 210
7 49 20 35 -2 30 0 0.00 M M 7.8 18 220 M M 1 1 24 230
8 62 35 49 11 16 0 0.00 M M 11.8 25 220 M M 0 34 220
9 61 32 47 9 18 0 0.00 M M 6.4 18 280 M M 1 29 270
10 54 33 44 6 21 0 0.00 M M 4.8 15 230 M M 1 20 230
11 58 31 45 7 20 0 0.00 M M 13.6 23 210 M M 4 32 210
12 32 18 25 -13 40 0 0.00 M M 10.7 22 360 M M 1 29 330
13 44 23 34 -5 31 0 0.00 M M 10.6 23 220 M M 2 36 230
14 58 27 43 4 22 0 0.00 M M 8.1 18 220 M M 0 26 220
15 66 38 52 13 13 0 0.00 M M 18.4 30 180 M M 0 42 170
16 68 57 63 23 2 0 0.00 M M 21.5 36 200 M M 6 52 210
17 58 15 37 -3 28 0 0.98 M M 15.3 29 350 M M 8 1368 45 40
18 44 12 28 -12 37 0 0.00 M M 8.4 21 230 M M 0 26 220
19 52 28 40 0 25 0 0.00 M M 8.2 20 340 M M 0 25 180
20 67 43 55 14 10 0 0.00 M M 18.3 33 210 M M 0 50 200
21 73 50 62 21 3 0 T M M 21.0 31 180 M M 2 42 180
22 68 16 42 1 23 0 T M M 15.9 32 190 M M 9 16 44 200
23 16 12 14 -28 51 0 0.20 M M 12.4 17 360 M M 9 189 25 20
24 23 15 19 -23 46 0 0.01 M M 8.7 20 310 M M 10 146 26 330
25 28 11 20 -22 45 0 0.00 M M 5.8 13 340 M M 1 18 20
26 43 18 31 -12 34 0 0.00 M M 2.4 12 20 M M 2 18 360
27 52 19 36 -7 29 0 0.00 M M 2.7 12 260 M M 0 16 260
28 64 31 48 5 17 0 0.00 M M 11.4 20 220 M M 0 26 230
================================================================================
SM 1363 693 783 0 2.45 M 312.7 M 89
================================================================================
AV 48.7 24.8 11.2 FASTST M M 3 MAX(MPH)
MISC ----> 36 200 52 210
================================================================================
NOTES:
# LAST OF SEVERAL OCCURRENCES
COLUMN 17 PEAK WIND IN M.P.H.
PRELIMINARY LOCAL CLIMATOLOGICAL DATA (WS FORM: F-6) , PAGE 2
STATION: JOPLIN MO
MONTH: FEBRUARY
YEAR: 2022
LATITUDE: 37 10 N
LONGITUDE: 94 30 W
[TEMPERATURE DATA] [PRECIPITATION DATA] SYMBOLS USED IN COLUMN 16
AVERAGE MONTHLY: 36.7 TOTAL FOR MONTH: 2.45 1 = FOG OR MIST
DPTR FM NORMAL: -2.7 DPTR FM NORMAL: 0.47 2 = FOG REDUCING VISIBILITY
HIGHEST: 73 ON 21 GRTST 24HR 1.20 ON 1- 2 TO 1/4 MILE OR LESS
LOWEST: 6 ON 4 3 = THUNDER
SNOW, ICE PELLETS, HAIL 4 = ICE PELLETS
TOTAL MONTH: M 5 = HAIL
GRTST 24HR M ON M 6 = FREEZING RAIN OR DRIZZLE
GRTST DEPTH: M ON M 7 = DUSTSTORM OR SANDSTORM:
VSBY 1/2 MILE OR LESS
8 = SMOKE OR HAZE
[NO. OF DAYS WITH] [WEATHER - DAYS WITH] 9 = BLOWING SNOW
X = TORNADO
MAX 32 OR BELOW: 6 0.01 INCH OR MORE: 5
MAX 90 OR ABOVE: 0 0.10 INCH OR MORE: 4
MIN 32 OR BELOW: 21 0.50 INCH OR MORE: 2
MIN 0 OR BELOW: 0 1.00 INCH OR MORE: 0
[HDD (BASE 65) ]
TOTAL THIS MO. 783 CLEAR (SCALE 0-3) 19
DPTR FM NORMAL 64 PTCLDY (SCALE 4-7) 3
TOTAL FM JUL 1 2815 CLOUDY (SCALE 8-10) 6
DPTR FM NORMAL -454
[CDD (BASE 65) ]
TOTAL THIS MO. 0
DPTR FM NORMAL -1 [PRESSURE DATA]
TOTAL FM JAN 1 0 HIGHEST SLP M ON M
DPTR FM NORMAL 0 LOWEST SLP 29.61 ON 21
[REMARKS]
#FINAL-02-22#