000
CXUS53 KBIS 160830
CF6JMS
PRELIMINARY LOCAL CLIMATOLOGICAL DATA (WS FORM: F-6)
STATION: JAMESTOWN ND
MONTH: APRIL
YEAR: 2024
LATITUDE: 46 55 N
LONGITUDE: 98 40 W
TEMPERATURE IN F: :PCPN: SNOW: WIND :SUNSHINE: SKY :PK WND
================================================================================
1 2 3 4 5 6A 6B 7 8 9 10 11 12 13 14 15 16 17 18
12Z AVG MX 2MIN
DY MAX MIN AVG DEP HDD CDD WTR SNW DPTH SPD SPD DIR MIN PSBL S-S WX SPD DR
================================================================================
1 48 25 37 2 28 0 0.00 M M 4.4 13 320 M M 3 17 330
2 50 27 39 4 26 0 0.00 M M 17.2 35 360 M M 3 46 340
3 53 27 40 4 25 0 0.00 M M 9.6 20 350 M M 4 24 20
4 57 21 39 3 26 0 0.00 M M 5.5 12 90 M M 0 17 30
5 62 21 42 5 23 0 0.00 M M 13.1 25 130 M M 0 39 150
6 62 37 50 13 15 0 0.00 M M 23.3 37 130 M M 2 52 140
7 45 34 40 2 25 0 0.31 M M 13.3 24 80 M M 8 1 32 80
8 45 35 40 2 25 0 0.13 M M 7.5 14 10 M M 10 1 17 30
9 65 38 52 13 13 0 0.00 M M 9.4 18 280 M M 4 27 300
10 64 38 51 12 14 0 0.00 M M 14.9 30 290 M M 3 3 42 320
11 59 34 47 8 18 0 T M M 16.2 30 320 M M 5 40 350
12 65 29 47 7 18 0 0.00 M M 6.3 15 150 M M 0 25 210
13 80 42 61 21 4 0 0.00 M M 9.1 22 170 M M 0 29 170
14 72 35 54 13 11 0 0.00 M M 7.9 18 360 M M 1 26 340
15 58 44 51 10 14 0 0.03 M M 18.9 31 110 M M 4 3 43 120
================================================================================
SM 885 487 285 0 0.47 M 176.6 M 47
================================================================================
AV 59.0 32.5 11.8 FASTST M M 3 MAX(MPH)
MISC ----> 37 130 52 140
================================================================================
NOTES:
# LAST OF SEVERAL OCCURRENCES
COLUMN 17 PEAK WIND IN M.P.H.
PRELIMINARY LOCAL CLIMATOLOGICAL DATA (WS FORM: F-6) , PAGE 2
STATION: JAMESTOWN ND
MONTH: APRIL
YEAR: 2024
LATITUDE: 46 55 N
LONGITUDE: 98 40 W
[TEMPERATURE DATA] [PRECIPITATION DATA] SYMBOLS USED IN COLUMN 16
AVERAGE MONTHLY: 45.7 TOTAL FOR MONTH: 0.47 1 = FOG OR MIST
DPTR FM NORMAL: 7.7 DPTR FM NORMAL: 0.01 2 = FOG REDUCING VISIBILITY
HIGHEST: 80 ON 13 GRTST 24HR 0.42 ON 7- 8 TO 1/4 MILE OR LESS
LOWEST: 21 ON 5, 4 3 = THUNDER
SNOW, ICE PELLETS, HAIL 4 = ICE PELLETS
TOTAL MONTH: M 5 = HAIL
GRTST 24HR M ON M 6 = FREEZING RAIN OR DRIZZLE
GRTST DEPTH: M ON M 7 = DUSTSTORM OR SANDSTORM:
VSBY 1/2 MILE OR LESS
8 = SMOKE OR HAZE
[NO. OF DAYS WITH] [WEATHER - DAYS WITH] 9 = BLOWING SNOW
X = TORNADO
MAX 32 OR BELOW: 0 0.01 INCH OR MORE: 3
MAX 90 OR ABOVE: 0 0.10 INCH OR MORE: 2
MIN 32 OR BELOW: 6 0.50 INCH OR MORE: 0
MIN 0 OR BELOW: 0 1.00 INCH OR MORE: 0
[HDD (BASE 65) ]
TOTAL THIS MO. 285 CLEAR (SCALE 0-3) 7
DPTR FM NORMAL -119 PTCLDY (SCALE 4-7) 6
TOTAL FM JUL 1 6836 CLOUDY (SCALE 8-10) 2
DPTR FM NORMAL -1453
[CDD (BASE 65) ]
TOTAL THIS MO. 0
DPTR FM NORMAL 0 [PRESSURE DATA]
TOTAL FM JAN 1 0 HIGHEST SLP M ON M
DPTR FM NORMAL 0 LOWEST SLP 29.63 ON 13
[REMARKS]