000
CXHW50 PHFO 011250
CF6JRF
PRELIMINARY LOCAL CLIMATOLOGICAL DATA (WS FORM: F-6)
STATION: KALAELOA ARPT/OAHU HI
MONTH: AUGUST
YEAR: 2022
LATITUDE: 21 19 N
LONGITUDE: 158 4 W
TEMPERATURE IN F: :PCPN: SNOW: WIND :SUNSHINE: SKY :PK WND
================================================================================
1 2 3 4 5 6A 6B 7 8 9 10 11 12 13 14 15 16 17 18
12Z AVG MX 2MIN
DY MAX MIN AVG DEP HDD CDD WTR SNW DPTH SPD SPD DIR MIN PSBL S-S WX SPD DR
================================================================================
1 89 73 81 0 0 16 0.00 M M 8.7 16 40 M M 3 26 70
2 91 72 82 1 0 17 T M M 7.6 16 60 M M 2 25 40
3 91 73 82 1 0 17 T M M 5.8 18 130 M M 3 25 120
4 89 73 81 0 0 16 T M M 6.8 18 130 M M 3 21 130
5 88 71 80 -1 0 15 0.00 M M 5.9 13 150 M M 0 15 140
6 91 72 82 1 0 17 0.00 M M 7.6 22 140 M M 3 8 24 130
7 90 77 84 3 0 19 0.00 M M 9.3 23 140 M M 2 25 130
8 93 73 83 2 0 18 0.00 M M 7.1 16 100 M M 2 22 40
9 92 76 84 3 0 19 0.00 M M 7.9 17 90 M M 3 8 26 70
10 94 78 86 5 0 21 0.00 M M 8.8 17 50 M M 1 29 80
11 92 77 85 4 0 20 0.00 M M 7.5 16 40 M M 3 25 40
12 92 75 84 3 0 19 0.00 M M 6.6 15 60 M M 2 23 70
13 89 72 81 0 0 16 T M M 8.2 21 120 M M 2 26 120
14 91 75 83 2 0 18 0.00 M M 7.1 20 130 M M 5 25 120
15 90 71 81 0 0 16 0.00 M M 5.9 16 140 M M 6 20 120
16 88 69 79 -2 0 14 0.00 M M 4.4 14 220 M M 0 16 220
17 90 71 81 0 0 16 0.00 M M 7.0 17 130 M M 2 22 130
18 93 75 84 3 0 19 0.00 M M 6.4 17 140 M M 2 21 140
19 94 77 86 5 0 21 0.00 M M 7.2 16 130 M M 2 23 130
20 93 72 83 2 0 18 0.00 M M 7.1 16 80 M M 2 23 10
21 93 72 83 2 0 18 0.00 M M 7.8 16 40 M M 0 25 30
22 92 73 83 2 0 18 0.00 M M 6.7 15 80 M M 3 23 90
23 88 77 83 2 0 18 0.00 M M 5.5 10 170 M M 5 14 170
24 90 72 81 0 0 16 0.00 M M 7.2 16 150 M M 2 19 140
25 87 75 81 0 0 16 0.00 M M 6.8 15 150 M M 2 18 150
26 90 74 82 1 0 17 0.00 M M 7.8 20 120 M M 4 23 130
27 91 75 83 2 0 18 0.00 M M 7.8 17 80 M M 1 27 100
28 89 73 81 0 0 16 0.00 M M 6.1 16 110 M M 3 22 120
29 88 72 80 -1 0 15 0.00 M M 8.0 21 140 M M 4 24 130
30 88 70 79 -2 0 14 T M M 6.7 18 130 M M 3 22 140
31 89 68 79 -2 0 14 0.00 M M 6.1 15 280 M M 3 22 70
================================================================================
SM 2805 2273 0 532 T M 219.4 M 78
================================================================================
AV 90.5 73.3 7.1 FASTST M M 3 MAX(MPH)
MISC ----> 23 140 29 80
================================================================================
NOTES:
# LAST OF SEVERAL OCCURRENCES
COLUMN 17 PEAK WIND IN M.P.H.
PRELIMINARY LOCAL CLIMATOLOGICAL DATA (WS FORM: F-6) , PAGE 2
STATION: KALAELOA ARPT/OAHU HI
MONTH: AUGUST
YEAR: 2022
LATITUDE: 21 19 N
LONGITUDE: 158 4 W
[TEMPERATURE DATA] [PRECIPITATION DATA] SYMBOLS USED IN COLUMN 16
AVERAGE MONTHLY: 81.9 TOTAL FOR MONTH: T 1 = FOG OR MIST
DPTR FM NORMAL: 0.8 DPTR FM NORMAL: -0.62 2 = FOG REDUCING VISIBILITY
HIGHEST: 94 ON 19,10 GRTST 24HR T ON 2- 2 TO 1/4 MILE OR LESS
LOWEST: 68 ON 31 3 = THUNDER
SNOW, ICE PELLETS, HAIL 4 = ICE PELLETS
TOTAL MONTH: M 5 = HAIL
GRTST 24HR M ON M 6 = FREEZING RAIN OR DRIZZLE
GRTST DEPTH: M ON M 7 = DUSTSTORM OR SANDSTORM:
VSBY 1/2 MILE OR LESS
8 = SMOKE OR HAZE
[NO. OF DAYS WITH] [WEATHER - DAYS WITH] 9 = BLOWING SNOW
X = TORNADO
MAX 32 OR BELOW: 0 0.01 INCH OR MORE: 0
MAX 90 OR ABOVE: 20 0.10 INCH OR MORE: 0
MIN 32 OR BELOW: 0 0.50 INCH OR MORE: 0
MIN 0 OR BELOW: 0 1.00 INCH OR MORE: 0
[HDD (BASE 65) ]
TOTAL THIS MO. 0 CLEAR (SCALE 0-3) 24
DPTR FM NORMAL 0 PTCLDY (SCALE 4-7) 7
TOTAL FM JUL 1 0 CLOUDY (SCALE 8-10) 0
DPTR FM NORMAL 0
[CDD (BASE 65) ]
TOTAL THIS MO. 532
DPTR FM NORMAL 33 [PRESSURE DATA]
TOTAL FM JAN 1 3398 HIGHEST SLP 30.15 ON 11
DPTR FM NORMAL 568 LOWEST SLP 29.93 ON 29
[REMARKS]
#FINAL-08-22#