000
CXUS52 TJSJ 151240
CF6JSJ
PRELIMINARY LOCAL CLIMATOLOGICAL DATA (WS FORM: F-6)
STATION: SAN JUAN AREA/PR
MONTH: OCTOBER
YEAR: 2022
LATITUDE: 18 25 N
LONGITUDE: 66 0 W
TEMPERATURE IN F: :PCPN: SNOW: WIND :SUNSHINE: SKY :PK WND
================================================================================
1 2 3 4 5 6A 6B 7 8 9 10 11 12 13 14 15 16 17 18
12Z AVG MX 2MIN
DY MAX MIN AVG DEP HDD CDD WTR SNW DPTH SPD SPD DIR MIN PSBL S-S WX SPD DR
================================================================================
1 91 77 84 1 0 19 0.18 M M 3.5 14 180 M M 4 138 20 150
2 94 79 87 4 0 22 0.00 M M 4.8 16 280 M M 4 8 20 280
3 90 80 85 2 0 20 T M M 5.9 18 70 M M 4 8 22 60
4 89 79 84 1 0 19 T M M 8.5 21 70 M M 4 26 60
5 91 80 86 3 0 21 0.01 M M 9.1 25 80 M M 3 29 90
6 89 79 84 1 0 19 0.03 M M 10.6 22 70 M M 4 27 60
7 89 79 84 1 0 19 0.15 M M 8.6 24 70 M M 4 13 27 70
8 89 78 84 1 0 19 0.18 M M 8.6 22 60 M M 4 1 25 60
9 89 75 82 -1 0 17 1.04 M M 8.8 22 70 M M 5 13 27 70
10 89 75 82 -1 0 17 0.02 M M 7.3 22 70 M M 4 13 26 50
11 89 80 85 2 0 20 0.14 M M 8.6 22 60 M M 4 1 27 70
12 88 78 83 0 0 18 0.16 M M 7.8 22 80 M M 4 26 70
13 88 77 83 0 0 18 0.02 M M 5.1 17 70 M M 4 22 60
14 89 78 84 1 0 19 0.01 M M 6.4 20 60 M M 4 23 70
15 89 78 84 1 0 19 0.02 M M 6.9 20 70 M M 3 24 60
16 88 78 83 0 0 18 0.03 M M 4.9 17 70 M M 4 20 70
17 88 78 83 0 0 18 T M M 3.2 14 70 M M 4 8 18 50
18 92 78 85 2 0 20 T M M 3.4 13 150 M M 3 17 140
19 90 79 85 2 0 20 T M M 7.2 20 90 M M 3 23 80
20 90 77 84 2 0 19 0.23 M M 8.2 22 90 M M 4 25 80
21 89 78 84 2 0 19 0.02 M M 7.6 20 60 M M 3 26 80
22 88 78 83 1 0 18 0.35 M M 7.0 21 70 M M 5 1 27 70
23 88 76 82 0 0 17 0.20 M M 5.4 15 60 M M 4 19 60
24 89 78 84 2 0 19 0.04 M M 5.1 18 80 M M 4 22 70
25 91 80 86 4 0 21 0.04 M M 6.7 21 90 M M 5 26 80
26 81 76 79 -3 0 14 2.11 M M 7.0 17 260 M M 8 1 20 250
27 82 75 79 -3 0 14 1.31 M M 3.5 13 100 M M 8 1 19 220
28 87 76 82 0 0 17 0.01 M M 6.6 17 80 M M 6 22 100
29 90 79 85 3 0 20 0.09 M M 9.1 21 90 M M 5 1 24 90
30 87 77 82 0 0 17 0.19 M M 4.8 14 110 M M 6 1 19 120
31 89 76 83 1 0 18 0.03 M M 3.1 17 70 M M 5 22 70
================================================================================
SM 2752 2411 0 575 6.61 M 203.3 M 136
================================================================================
AV 88.8 77.8 6.6 FASTST M M 4 MAX(MPH)
MISC ----> 25 80 29 90
================================================================================
NOTES:
# LAST OF SEVERAL OCCURRENCES
COLUMN 17 PEAK WIND IN M.P.H.
PRELIMINARY LOCAL CLIMATOLOGICAL DATA (WS FORM: F-6) , PAGE 2
STATION: SAN JUAN AREA/PR
MONTH: OCTOBER
YEAR: 2022
LATITUDE: 18 25 N
LONGITUDE: 66 0 W
[TEMPERATURE DATA] [PRECIPITATION DATA] SYMBOLS USED IN COLUMN 16
AVERAGE MONTHLY: 83.3 TOTAL FOR MONTH: 6.61 1 = FOG OR MIST
DPTR FM NORMAL: 0.6 DPTR FM NORMAL: 1.40 2 = FOG REDUCING VISIBILITY
HIGHEST: 94 ON 2 GRTST 24HR 2.11 ON 26-26 TO 1/4 MILE OR LESS
LOWEST: 75 ON 27,10 3 = THUNDER
SNOW, ICE PELLETS, HAIL 4 = ICE PELLETS
TOTAL MONTH: M 5 = HAIL
GRTST 24HR M ON M 6 = FREEZING RAIN OR DRIZZLE
GRTST DEPTH: M ON M 7 = DUSTSTORM OR SANDSTORM:
VSBY 1/2 MILE OR LESS
8 = SMOKE OR HAZE
[NO. OF DAYS WITH] [WEATHER - DAYS WITH] 9 = BLOWING SNOW
X = TORNADO
MAX 32 OR BELOW: 0 0.01 INCH OR MORE: 25
MAX 90 OR ABOVE: 9 0.10 INCH OR MORE: 12
MIN 32 OR BELOW: 0 0.50 INCH OR MORE: 3
MIN 0 OR BELOW: 0 1.00 INCH OR MORE: 3
[HDD (BASE 65) ]
TOTAL THIS MO. 0 CLEAR (SCALE 0-3) 4
DPTR FM NORMAL 0 PTCLDY (SCALE 4-7) 26
TOTAL FM JUL 1 0 CLOUDY (SCALE 8-10) 1
DPTR FM NORMAL 0
[CDD (BASE 65) ]
TOTAL THIS MO. 575
DPTR FM NORMAL 28 [PRESSURE DATA]
TOTAL FM JAN 1 4946 HIGHEST SLP M ON M
DPTR FM NORMAL 38 LOWEST SLP 29.79 ON 27
[REMARKS]
#FINAL-10-22#