000
CXUS51 KCTP 010800
CF6JST
PRELIMINARY LOCAL CLIMATOLOGICAL DATA (WS FORM: F-6)
STATION: JOHNSTOWN
MONTH: OCTOBER
YEAR: 2022
LATITUDE: 40 18 N
LONGITUDE: 78 50 W
TEMPERATURE IN F: :PCPN: SNOW: WIND :SUNSHINE: SKY :PK WND
================================================================================
1 2 3 4 5 6A 6B 7 8 9 10 11 12 13 14 15 16 17 18
12Z AVG MX 2MIN
DY MAX MIN AVG DEP HDD CDD WTR SNW DPTH SPD SPD DIR MIN PSBL S-S WX SPD DR
================================================================================
1 50 45 48 -8 17 0 0.77 M M 14.4 22 60 M M 10 1 31 50
2 53 44 49 -7 16 0 0.19 M M 12.1 22 40 M M 8 18 32 50
3 54 38 46 -10 19 0 0.00 M M 6.0 15 10 M M 4 12 18 30
4 54 42 48 -7 17 0 T M M 7.3 17 10 M M 9 23 10
5 64 44 54 -1 11 0 0.00 M M 7.3 15 310 M M 5 18 310
6 67 45 56 1 9 0 0.00 M M 7.8 14 280 M M 2 17 280
7 58 42 50 -4 15 0 0.01 M M 9.6 18 290 M M 7 1 26 280
8 49 37 43 -11 22 0 T M M 10.1 20 300 M M 7 24 300
9 54 36 45 -9 20 0 0.00 M M 9.8 22 250 M M 0 28 260
10 61 40 51 -2 14 0 0.00 M M 8.4 16 290 M M 1 21 290
11 66 47 57 4 8 0 0.00 M M 7.5 14 170 M M 0 20 180
12 68 48 58 6 7 0 0.00 M M 9.5 18 170 M M 1 25 160
13 62 43 53 1 12 0 0.28 M M 12.4 28 160 M M 9 1 36 160
14 59 35 47 -5 18 0 0.00 M M 7.4 18 240 M M 2 26 210
15 65 41 53 2 12 0 0.00 M M 11.0 28 250 M M 2 41 250
16 60 38 49 -2 16 0 0.00 M M 7.9 15 250 M M 3 20 260
17 50 34 42 -9 23 0 T M M 12.8 29 230 M M 7 38 220
18 41 33 37 -13 28 0 T M M 12.9 22 260 M M 10 30 260
19 39 32 36 -14 29 0 0.10 M M 15.0 24 240 M M 9 33 250
20 49 32 41 -9 24 0 0.00 M M 11.5 26 230 M M 2 35 230
21 60 34 47 -2 18 0 0.00 M M 8.2 13 160 M M 1 19 210
22 68 43 56 7 9 0 0.00 M M 6.1 12 140 M M 0 18 140
23 63 42 53 4 12 0 0.00 M M 4.8 10 170 M M 1 14 160
24 70 45 58 10 7 0 0.00 M M 2.8 9 250 M M 1 12 60
25 70 48 59 11 6 0 0.01 M M 7.7 16 130 M M 3 12 24 130
26 57 44 51 3 14 0 0.16 M M 11.1 23 280 M M 8 1 35 260
27 54 38 46 -1 19 0 0.01 M M 8.8 22 310 M M 4 1 27 320
28 53 34 44 -3 21 0 0.00 M M 5.4 13 170 M M 0 18 160
29 60 38 49 3 16 0 0.00 M M 5.7 10 130 M M 0 14 160
30 59 37 48 2 17 0 0.00 M M 8.2 17 160 M M 0 20 170
31 60 43 52 6 13 0 0.04 M M 5.8 14 230 M M 8 1 21 230
================================================================================
SM 1797 1242 489 0 1.57 M 275.3 M 124
================================================================================
AV 58.0 40.1 8.9 FASTST M M 4 MAX(MPH)
MISC ----> 29 230 41 250
================================================================================
NOTES:
# LAST OF SEVERAL OCCURRENCES
COLUMN 17 PEAK WIND IN M.P.H.
PRELIMINARY LOCAL CLIMATOLOGICAL DATA (WS FORM: F-6) , PAGE 2
STATION: JOHNSTOWN
MONTH: OCTOBER
YEAR: 2022
LATITUDE: 40 18 N
LONGITUDE: 78 50 W
[TEMPERATURE DATA] [PRECIPITATION DATA] SYMBOLS USED IN COLUMN 16
AVERAGE MONTHLY: 49.0 TOTAL FOR MONTH: 1.57 1 = FOG OR MIST
DPTR FM NORMAL: -2.1 DPTR FM NORMAL: -1.49 2 = FOG REDUCING VISIBILITY
HIGHEST: 70 ON 25,24 GRTST 24HR 0.90 ON 1- 2 TO 1/4 MILE OR LESS
LOWEST: 32 ON 20,19 3 = THUNDER
SNOW, ICE PELLETS, HAIL 4 = ICE PELLETS
TOTAL MONTH: M 5 = HAIL
GRTST 24HR M ON M 6 = FREEZING RAIN OR DRIZZLE
GRTST DEPTH: M ON M 7 = DUSTSTORM OR SANDSTORM:
VSBY 1/2 MILE OR LESS
8 = SMOKE OR HAZE
[NO. OF DAYS WITH] [WEATHER - DAYS WITH] 9 = BLOWING SNOW
X = TORNADO
MAX 32 OR BELOW: 0 0.01 INCH OR MORE: 9
MAX 90 OR ABOVE: 0 0.10 INCH OR MORE: 5
MIN 32 OR BELOW: 2 0.50 INCH OR MORE: 1
MIN 0 OR BELOW: 0 1.00 INCH OR MORE: 0
[HDD (BASE 65) ]
TOTAL THIS MO. 489 CLEAR (SCALE 0-3) 15
DPTR FM NORMAL 50 PTCLDY (SCALE 4-7) 9
TOTAL FM JUL 1 633 CLOUDY (SCALE 8-10) 7
DPTR FM NORMAL 11
[CDD (BASE 65) ]
TOTAL THIS MO. 0
DPTR FM NORMAL -7 [PRESSURE DATA]
TOTAL FM JAN 1 542 HIGHEST SLP 30.49 ON 28
DPTR FM NORMAL 62 LOWEST SLP 29.64 ON 17
[REMARKS]
#FINAL-10-22#