000
CXUS53 KGRR 011010
CF6JXN
PRELIMINARY LOCAL CLIMATOLOGICAL DATA (WS FORM: F-6)
STATION: JACKSON
MONTH: NOVEMBER
YEAR: 2022
LATITUDE: 42 16 N
LONGITUDE: 84 28 W
TEMPERATURE IN F: :PCPN: SNOW: WIND :SUNSHINE: SKY :PK WND
================================================================================
1 2 3 4 5 6A 6B 7 8 9 10 11 12 13 14 15 16 17 18
12Z AVG MX 2MIN
DY MAX MIN AVG DEP HDD CDD WTR SNW DPTH SPD SPD DIR MIN PSBL S-S WX SPD DR
================================================================================
1 66 41 54 8 11 0 0.00 M M 5.3 14 230 M M 5 18 18 240
2 67 36 52 7 13 0 0.00 M M 3.7 12 160 M M 0 1 16 170
3 70 41 56 11 9 0 0.00 M M 5.1 14 150 M M 1 12 19 160
4 72 54 63 19 2 0 0.00 M M 13.9 22 160 M M 3 32 150
5 70 49 60 16 5 0 0.06 M M 18.9 38 200 M M 4 59 210
6 65 41 53 9 12 0 0.00 M M 9.4 23 190 M M 0 36 160
7 55 37 46 3 19 0 0.00 M M 8.1 16 270 M M 0 26 270
8 54 31 43 0 22 0 0.00 M M 7.3 15 90 M M 0 20 60
9 68 38 53 11 12 0 0.00 M M 6.1 12 150 M M 1 17 150
10 75 56 66 24 0 1 0.00 M M 9.7 18 190 M M 0 25 180
11 64 35 50 8 15 0 0.00 M M 7.0 20 290 M M 3 29 270
12 38 31 35 -6 30 0 0.01 M M 8.3 14 290 M M 9 1 23 310
13 36 28 32 -9 33 0 T M M 6.3 14 250 M M 9 1 22 240
14 38 30 34 -6 31 0 0.00 M M 2.5 8 90 M M 10 12 150
15 37 30 34 -6 31 0 0.10 M M 6.2 15 40 M M 10 1 20 40
16 38 31 35 -5 30 0 0.02 M M 7.8 15 230 M M 10 1 21 250
17 33 25 29 -10 36 0 0.04 M M 12.6 23 220 M M 9 1 36 210
18 29 22 26 -13 39 0 T M M 15.1 24 210 M M 10 128 35 220
19 26 19 23 -15 42 0 0.04 M M 17.6 29 210 M M 9 1 44 210
20 25 13 19 -19 46 0 T M M 10.7 18 230 M M 5 1 25 210
21 40 21 31 -7 34 0 0.00 M M 12.0 28 220 M M 0 42 190
22 48 19 34 -3 31 0 0.00 M M 4.9 18 230 M M 0 1 26 210
23 57 24 41 4 24 0 0.00 M M 3.4 13 210 M M 0 1 17 200
24 58 27 43 6 22 0 0.01 M M 5.7 16 200 M M 3 18 23 210
25 50 29 40 4 25 0 0.00 M M 9.5 17 270 M M 4 1 27 280
26 54 29 42 6 23 0 0.00 M M 9.0 21 220 M M 0 31 220
27 43 29 36 0 29 0 0.43 M M 7.2 16 30 M M 8 18 23 310
28 42 32 37 2 28 0 0.00 M M 3.8 10 190 M M 9 8 15 160
29 54 37 46 11 19 0 0.04 M M 10.2 20 140 M M 9 1 35 120
30 54 27 41 7 24 0 T M M 19.0 30 260 M M 10 47 260
================================================================================
SM 1526 962 697 1 0.75 M 266.3 M 141
================================================================================
AV 50.9 32.1 8.9 FASTST M M 5 MAX(MPH)
MISC ----> 38 200 59 210
================================================================================
NOTES:
# LAST OF SEVERAL OCCURRENCES
COLUMN 17 PEAK WIND IN M.P.H.
PRELIMINARY LOCAL CLIMATOLOGICAL DATA (WS FORM: F-6) , PAGE 2
STATION: JACKSON
MONTH: NOVEMBER
YEAR: 2022
LATITUDE: 42 16 N
LONGITUDE: 84 28 W
[TEMPERATURE DATA] [PRECIPITATION DATA] SYMBOLS USED IN COLUMN 16
AVERAGE MONTHLY: 41.5 TOTAL FOR MONTH: 0.75 1 = FOG OR MIST
DPTR FM NORMAL: 1.6 DPTR FM NORMAL: -1.58 2 = FOG REDUCING VISIBILITY
HIGHEST: 75 ON 10 GRTST 24HR 0.43 ON 27-27 TO 1/4 MILE OR LESS
LOWEST: 13 ON 20 3 = THUNDER
SNOW, ICE PELLETS, HAIL 4 = ICE PELLETS
TOTAL MONTH: M 5 = HAIL
GRTST 24HR M ON M 6 = FREEZING RAIN OR DRIZZLE
GRTST DEPTH: M ON M 7 = DUSTSTORM OR SANDSTORM:
VSBY 1/2 MILE OR LESS
8 = SMOKE OR HAZE
[NO. OF DAYS WITH] [WEATHER - DAYS WITH] 9 = BLOWING SNOW
X = TORNADO
MAX 32 OR BELOW: 3 0.01 INCH OR MORE: 9
MAX 90 OR ABOVE: 0 0.10 INCH OR MORE: 2
MIN 32 OR BELOW: 19 0.50 INCH OR MORE: 0
MIN 0 OR BELOW: 0 1.00 INCH OR MORE: 0
[HDD (BASE 65) ]
TOTAL THIS MO. 697 CLEAR (SCALE 0-3) 12
DPTR FM NORMAL -56 PTCLDY (SCALE 4-7) 7
TOTAL FM JUL 1 1259 CLOUDY (SCALE 8-10) 11
DPTR FM NORMAL -88
[CDD (BASE 65) ]
TOTAL THIS MO. 1
DPTR FM NORMAL 1 [PRESSURE DATA]
TOTAL FM JAN 1 669 HIGHEST SLP 30.74 ON 8
DPTR FM NORMAL 35 LOWEST SLP 29.36 ON 27
[REMARKS]
#FINAL-11-22#