000
CXUS53 KGRR 011017
CF6JXN
PRELIMINARY LOCAL CLIMATOLOGICAL DATA (WS FORM: F-6)
STATION: JACKSON
MONTH: MARCH
YEAR: 2020
LATITUDE: 42 16 N
LONGITUDE: 84 28 W
TEMPERATURE IN F: :PCPN: SNOW: WIND :SUNSHINE: SKY :PK WND
================================================================================
1 2 3 4 5 6A 6B 7 8 9 10 11 12 13 14 15 16 17 18
12Z AVG MX 2MIN
DY MAX MIN AVG DEP HDD CDD WTR SNW DPTH SPD SPD DIR MIN PSBL S-S WX SPD DR
================================================================================
1 47 18 33 3 32 0 0.00 M M 9.9 22 150 M M 1 32 160
2 51 33 42 12 23 0 0.02 M M 9.0 20 200 M M 7 1 28 200
3 47 28 38 7 27 0 0.00 M M 8.7 24 220 M M 7 39 250
4 M M M M M M T M M 9.9 20 280 M M 4 1 29 260
5 48 23 36 5 29 0 0.06 M M 7.9 21 200 M M 2 1 30 200
6 35 28 32 0 33 0 0.03 M M 10.2 21 330 M M 10 18 35 350
7 46 17 32 0 33 0 0.00 M M 6.6 15 190 M M 0 20 190
8 61 37 49 17 16 0 0.00 M M 15.4 21 190 M M 0 34 200
9 60 49 55 22 10 0 0.15 M M 16.0 24 220 M M 4 1 35 220
10 53 29 41 8 24 0 0.11 M M 8.0 22 170 M M 6 1 32 180
11 41 27 34 0 31 0 0.01 M M 3.8 14 190 M M 9 1 19 100
12 52 38 45 11 20 0 0.00 M M 7.7 18 170 M M 8 18 26 150
13 52 32 42 8 23 0 0.01 M M 15.2 26 240 M M 3 18 40 280
14 36 28 32 -3 33 0 0.00 M M 4.6 13 20 M M 4 16 20
15 47 27 37 2 28 0 0.00 M M 7.6 16 40 M M 3 22 30
16 45 23 34 -2 31 0 T M M 6.7 14 190 M M 5 19 220
17 49 25 37 1 28 0 T M M 7.9 18 260 M M 6 1 26 240
18 44 26 35 -1 30 0 0.30 M M 6.0 15 150 M M 6 1 23 110
19 60 37 49 12 16 0 0.25 M M 9.1 21 200 M M 10 1 30 190
20 63 27 45 8 20 0 0.06 M M 15.2 28 230 M M 9 1 40 240
21 34 23 29 -9 36 0 T M M 6.0 16 20 M M 7 24 20
22 37 19 28 -10 37 0 0.09 M M 8.4 16 80 M M 4 1 23 90
23 41 30 36 -2 29 0 0.07 M M 5.0 10 270 M M 10 1 17 300
24 42 29 36 -3 29 0 0.00 M M 4.4 13 130 M M 9 18 18 140
25 55 33 44 5 21 0 0.00 M M 5.0 14 100 M M 6 19 90
26 57 44 51 11 14 0 0.14 M M 6.7 15 210 M M 7 1 22 200
27 50 37 44 4 21 0 0.34 M M 7.8 16 90 M M 9 13 24 90
28 51 41 46 6 19 0 2.25 M M 9.3 18 100 M M 10 13 27 90
29 57 44 51 10 14 0 0.05 M M 18.0 35 240 M M 8 1 58 220
30 44 38 41 0 24 0 0.01 M M 11.8 24 230 M M 10 18 34 260
31 41 37 39 -3 26 0 T M M 6.7 12 350 M M 10 18 17 340
================================================================================
SM 1446 927 757 0 3.95 M 274.5 M 194
================================================================================
AV 48.2 30.9 8.9 FASTST M M 6 MAX(MPH)
MISC ----> # 35 240 # 58 220
================================================================================
NOTES:
# LAST OF SEVERAL OCCURRENCES
COLUMN 17 PEAK WIND IN M.P.H.
PRELIMINARY LOCAL CLIMATOLOGICAL DATA (WS FORM: F-6) , PAGE 2
STATION: JACKSON
MONTH: MARCH
YEAR: 2020
LATITUDE: 42 16 N
LONGITUDE: 84 28 W
[TEMPERATURE DATA] [PRECIPITATION DATA] SYMBOLS USED IN COLUMN 16
AVERAGE MONTHLY: 39.6 TOTAL FOR MONTH: 3.95 1 = FOG OR MIST
DPTR FM NORMAL: 3.8 DPTR FM NORMAL: 2.05 2 = FOG REDUCING VISIBILITY
HIGHEST: 63 ON 20 GRTST 24HR 2.25 ON 28-28 TO 1/4 MILE OR LESS
LOWEST: 17 ON 7 3 = THUNDER
SNOW, ICE PELLETS, HAIL 4 = ICE PELLETS
TOTAL MONTH: M 5 = HAIL
GRTST 24HR M ON M 6 = FREEZING RAIN OR DRIZZLE
GRTST DEPTH: M ON M 7 = DUSTSTORM OR SANDSTORM:
VSBY 1/2 MILE OR LESS
8 = SMOKE OR HAZE
[NO. OF DAYS WITH] [WEATHER - DAYS WITH] 9 = BLOWING SNOW
X = TORNADO
MAX 32 OR BELOW: 0 0.01 INCH OR MORE: 17
MAX 90 OR ABOVE: 0 0.10 INCH OR MORE: 7
MIN 32 OR BELOW: 18 0.50 INCH OR MORE: 1
MIN 0 OR BELOW: 0 1.00 INCH OR MORE: 1
[HDD (BASE 65) ]
TOTAL THIS MO. 757 CLEAR (SCALE 0-3) 6
DPTR FM NORMAL -153 PTCLDY (SCALE 4-7) 15
TOTAL FM JUL 1 5301 CLOUDY (SCALE 8-10) 10
DPTR FM NORMAL -523
[CDD (BASE 65) ]
TOTAL THIS MO. 0
DPTR FM NORMAL 0 [PRESSURE DATA]
TOTAL FM JAN 1 0 HIGHEST SLP 30.66 ON 15
DPTR FM NORMAL 0 LOWEST SLP 29.48 ON 29
[REMARKS]
#FINAL-03-20#