816
CXHW53 PHFO 011250
CF6KOA
PRELIMINARY LOCAL CLIMATOLOGICAL DATA (WS FORM: F-6)
STATION: KONA HI
MONTH: FEBRUARY
YEAR: 2021
LATITUDE: 19 38 N
LONGITUDE: 156 0 W
TEMPERATURE IN F: :PCPN: SNOW: WIND :SUNSHINE: SKY :PK WND
================================================================================
1 2 3 4 5 6A 6B 7 8 9 10 11 12 13 14 15 16 17 18
12Z AVG MX 2MIN
DY MAX MIN AVG DEP HDD CDD WTR SNW DPTH SPD SPD DIR MIN PSBL S-S WX SPD DR
================================================================================
1 82 67 75 1 0 10 0.00 M M 8.3 16 270 M M 3 20 50
2 83 70 77 3 0 12 0.00 M M 7.9 16 350 M M 4 19 350
3 84 70 77 3 0 12 T M M 15.1 33 170 M M 4 39 160
4 80 67 74 0 0 9 1.00 M M 9.5 20 170 M M 7 1 27 180
5 79 67 73 -1 0 8 T M M 7.1 15 330 M M 5 19 290
6 81 66 74 0 0 9 T M M 8.2 15 340 M M 2 18 350
7 82 66 74 0 0 9 0.00 M M 9.2 15 330 M M 2 18 330
8 83 69 76 2 0 11 0.00 M M 7.4 14 260 M M 5 16 260
9 83 69 76 2 0 11 0.00 M M 15.0 36 350 M M 3 42 360
10 83 65 74 0 0 9 0.00 M M 7.5 14 40 M M 3 17 230
11 82 67 75 1 0 10 0.00 M M 7.0 12 230 M M 2 14 240
12 82 67 75 1 0 10 0.00 M M 6.1 13 260 M M 4 16 280
13 84 69 77 3 0 12 0.00 M M 8.0 14 190 M M 2 17 160
14 85 71 78 4 0 13 0.08 M M 7.2 24 340 M M 4 28 340
15 83 69 76 2 0 11 0.00 M M 7.6 15 340 M M 2 18 140
16 84 72 78 4 0 13 0.00 M M 7.4 14 130 M M 7 17 120
17 83 73 78 3 0 13 0.00 M M 7.7 14 20 M M 7 20 70
18 83 73 78 3 0 13 0.06 M M 9.3 24 270 M M 8 29 270
19 83 71 77 2 0 12 0.00 M M 10.4 17 150 M M 2 20 150
20 84 72 78 3 0 13 0.00 M M 7.4 15 210 M M 5 19 210
21 84 74 79 4 0 14 0.00 M M 6.9 13 140 M M 6 17 140
22 85 72 79 4 0 14 0.12 M M 6.8 14 220 M M 6 18 190
23 84 71 78 3 0 13 0.00 M M 8.1 16 150 M M 4 19 170
24 84 69 77 2 0 12 0.00 M M 7.1 16 230 M M 3 19 230
25 84 71 78 3 0 13 0.00 M M 7.6 17 170 M M 3 21 170
26 83 71 77 2 0 12 0.00 M M 8.0 15 270 M M 4 18 230
27 83 69 76 1 0 11 0.00 M M 7.3 14 200 M M 2 18 200
28 88 71 80 5 0 15 T M M 9.9 32 40 M M 4 40 20
================================================================================
SM 2328 1948 0 324 1.26 M 235.0 M 113
================================================================================
AV 83.1 69.6 8.4 FASTST M M 4 MAX(MPH)
MISC ----> 36 350 42 360
================================================================================
NOTES:
# LAST OF SEVERAL OCCURRENCES
COLUMN 17 PEAK WIND IN M.P.H.
PRELIMINARY LOCAL CLIMATOLOGICAL DATA (WS FORM: F-6) , PAGE 2
STATION: KONA HI
MONTH: FEBRUARY
YEAR: 2021
LATITUDE: 19 38 N
LONGITUDE: 156 0 W
[TEMPERATURE DATA] [PRECIPITATION DATA] SYMBOLS USED IN COLUMN 16
AVERAGE MONTHLY: 76.4 TOTAL FOR MONTH: 1.26 1 = FOG OR MIST
DPTR FM NORMAL: 1.8 DPTR FM NORMAL: -0.24 2 = FOG REDUCING VISIBILITY
HIGHEST: 88 ON 28 GRTST 24HR 1.00 ON 3- 4 TO 1/4 MILE OR LESS
LOWEST: 65 ON 10 3 = THUNDER
SNOW, ICE PELLETS, HAIL 4 = ICE PELLETS
TOTAL MONTH: M 5 = HAIL
GRTST 24HR M ON M 6 = FREEZING RAIN OR DRIZZLE
GRTST DEPTH: M ON M 7 = DUSTSTORM OR SANDSTORM:
VSBY 1/2 MILE OR LESS
8 = SMOKE OR HAZE
[NO. OF DAYS WITH] [WEATHER - DAYS WITH] 9 = BLOWING SNOW
X = TORNADO
MAX 32 OR BELOW: 0 0.01 INCH OR MORE: 4
MAX 90 OR ABOVE: 0 0.10 INCH OR MORE: 2
MIN 32 OR BELOW: 0 0.50 INCH OR MORE: 1
MIN 0 OR BELOW: 0 1.00 INCH OR MORE: 1
[HDD (BASE 65) ]
TOTAL THIS MO. 0 CLEAR (SCALE 0-3) 11
DPTR FM NORMAL 0 PTCLDY (SCALE 4-7) 17
TOTAL FM JUL 1 0 CLOUDY (SCALE 8-10) 0
DPTR FM NORMAL 0
[CDD (BASE 65) ]
TOTAL THIS MO. 324
DPTR FM NORMAL 55 [PRESSURE DATA]
TOTAL FM JAN 1 665 HIGHEST SLP 30.10 ON 28
DPTR FM NORMAL 91 LOWEST SLP 29.78 ON 4
[REMARKS]
#FINAL-02-21#