000
CXHW53 PHFO 011250
CF6KOA
PRELIMINARY LOCAL CLIMATOLOGICAL DATA (WS FORM: F-6)
STATION: KONA HI
MONTH: AUGUST
YEAR: 2020
LATITUDE: 19 38 N
LONGITUDE: 156 0 W
TEMPERATURE IN F: :PCPN: SNOW: WIND :SUNSHINE: SKY :PK WND
================================================================================
1 2 3 4 5 6A 6B 7 8 9 10 11 12 13 14 15 16 17 18
12Z AVG MX 2MIN
DY MAX MIN AVG DEP HDD CDD WTR SNW DPTH SPD SPD DIR MIN PSBL S-S WX SPD DR
================================================================================
1 88 73 81 0 0 16 0.00 0.0 M 8.1 14 150 M M M 17 190
2 87 77 82 1 0 17 0.00 0.0 M 8.8 17 30 M M M 21 60
3 87 78 83 2 0 18 0.00 0.0 M 9.0 16 60 M M M 20 70
4 90 77 84 3 0 19 0.00 0.0 M 9.5 17 350 M M M 21 10
5 86 77 82 1 0 17 T 0.0 M 5.6 13 200 M M M 15 200
6 88 75 82 1 0 17 0.01 0.0 M 7.5 15 210 M M M 18 210
7 87 77 82 1 0 17 0.01 0.0 M 8.9 16 120 M M M 18 110
8 87 77 82 1 0 17 0.04 0.0 M 9.0 15 140 M M M 1 19 190
9 86 76 81 0 0 16 0.05 0.0 M 7.4 15 130 M M M 1 18 200
10 89 75 82 1 0 17 0.00 0.0 M 8.5 16 190 M M M 20 290
11 87 75 81 0 0 16 0.00 0.0 M 9.4 17 20 M M M 22 20
12 87 77 82 1 0 17 T 0.0 M 9.5 22 30 M M M 26 20
13 87 75 81 0 0 16 0.09 0.0 M 8.7 16 30 M M M 20 30
14 87 73 80 -1 0 15 T 0.0 M 8.1 13 140 M M M 17 210
15 87 76 82 1 0 17 0.00 0.0 M 8.1 16 210 M M M 18 200
16 88 78 83 2 0 18 0.00 0.0 M 6.7 14 170 M M M 18 210
17 87 76 82 1 0 17 0.00 0.0 M 8.7 18 190 M M M 22 160
18 86 73 80 -1 0 15 0.11 0.0 M 7.6 20 180 M M M 23 190
19 M M M M M M M M M M M M M M M M M
20 88 77 83 2 0 18 T 0.0 M 6.9 14 230 M M M 16 240
21 89 77 83 2 0 18 0.01 0.0 M 8.1 16 220 M M M 18 19 230
22 90 78 84 3 0 19 0.00 0.0 M 8.5 14 240 M M M 17 200
23 89 80 85 4 0 20 0.00 0.0 M 10.4 20 70 M M M 27 80
24 91 78 85 4 0 20 0.00 0.0 M 7.8 15 150 M M M 20 150
25 91 79 85 4 0 20 T 0.0 M 7.2 14 40 M M M 19 200
26 90 78 84 3 0 19 0.00 0.0 M 7.8 14 200 M M M 17 220
27 90 77 84 3 0 19 0.01 0.0 M 7.0 16 190 M M M 19 180
28 89 78 84 3 0 19 0.00 0.0 M 9.5 17 60 M M M 21 60
29 89 78 84 3 0 19 0.20 0.0 M 8.7 16 160 M M M 8 19 150
30 88 76 82 1 0 17 0.00 0.0 M 7.2 13 160 M M M 16 180
31 89 78 84 3 0 19 0.00 0.0 M 7.2 14 220 M M M 17 210
================================================================================
SM 2644 2299 0 529 0.53 0.0 245.4 M M
================================================================================
AV 88.1 76.6 8.2 FASTST M M 0 MAX(MPH)
MISC ----> # 22 30 # 27 80
================================================================================
NOTES:
# LAST OF SEVERAL OCCURRENCES
COLUMN 17 PEAK WIND IN M.P.H.
PRELIMINARY LOCAL CLIMATOLOGICAL DATA (WS FORM: F-6) , PAGE 2
STATION: KONA HI
MONTH: AUGUST
YEAR: 2020
LATITUDE: 19 38 N
LONGITUDE: 156 0 W
[TEMPERATURE DATA] [PRECIPITATION DATA] SYMBOLS USED IN COLUMN 16
AVERAGE MONTHLY: 82.4 TOTAL FOR MONTH: 0.53 1 = FOG OR MIST
DPTR FM NORMAL: 1.4 DPTR FM NORMAL: -0.86 2 = FOG REDUCING VISIBILITY
HIGHEST: 91 ON 25,24 GRTST 24HR 0.20 ON 29-29 TO 1/4 MILE OR LESS
LOWEST: 73 ON 18,14 3 = THUNDER
SNOW, ICE PELLETS, HAIL 4 = ICE PELLETS
TOTAL MONTH: 0.0 INCH 5 = HAIL
GRTST 24HR 0.0 6 = FREEZING RAIN OR DRIZZLE
GRTST DEPTH: M ON M 7 = DUSTSTORM OR SANDSTORM:
VSBY 1/2 MILE OR LESS
8 = SMOKE OR HAZE
[NO. OF DAYS WITH] [WEATHER - DAYS WITH] 9 = BLOWING SNOW
X = TORNADO
MAX 32 OR BELOW: 0 0.01 INCH OR MORE: 9
MAX 90 OR ABOVE: 6 0.10 INCH OR MORE: 2
MIN 32 OR BELOW: 0 0.50 INCH OR MORE: 0
MIN 0 OR BELOW: 0 1.00 INCH OR MORE: 0
[HDD (BASE 65) ]
TOTAL THIS MO. 0 CLEAR (SCALE 0-3) 0
DPTR FM NORMAL 0 PTCLDY (SCALE 4-7) 0
TOTAL FM JUL 1 0 CLOUDY (SCALE 8-10) 0
DPTR FM NORMAL 0
[CDD (BASE 65) ]
TOTAL THIS MO. 529
DPTR FM NORMAL 33 [PRESSURE DATA]
TOTAL FM JAN 1 3203 HIGHEST SLP 30.05 ON 8
DPTR FM NORMAL 148 LOWEST SLP 29.87 ON 12
[REMARKS]
#FINAL-08-20#