000
CXUS53 KIND 010600
CF6LAF
PRELIMINARY LOCAL CLIMATOLOGICAL DATA (WS FORM: F-6)
STATION: LAFAYETTE IN
MONTH: APRIL
YEAR: 2020
LATITUDE: 40 25 N
LONGITUDE: 86 56 W
TEMPERATURE IN F: :PCPN: SNOW: WIND :SUNSHINE: SKY :PK WND
================================================================================
1 2 3 4 5 6A 6B 7 8 9 10 11 12 13 14 15 16 17 18
12Z AVG MX 2MIN
DY MAX MIN AVG DEP HDD CDD WTR SNW DPTH SPD SPD DIR MIN PSBL S-S WX SPD DR
================================================================================
1 59 44 52 5 13 0 0.00 M M 6.2 10 20 M M 8 15 30
2 64 36 50 3 15 0 0.00 M M 2.1 9 90 M M 0 18 15 100
3 71 48 60 12 5 0 0.00 M M 3.4 10 150 M M 7 16 150
4 60 39 50 2 15 0 0.10 M M 6.9 14 20 M M 10 1 21 40
5 61 37 49 1 16 0 0.00 M M 5.8 13 20 M M 5 1 17 20
6 67 36 52 3 13 0 0.00 M M 5.0 13 220 M M 5 12 19 240
7 82 55 69 20 0 4 0.00 M M 7.5 20 250 M M 5 32 200
8 81 50 66 17 0 1 0.13 M M 7.9 40 300 M M 5 13 60 290
9 52 36 44 -6 21 0 T M M 18.2 33 310 M M 4 47 320
10 54 31 43 -7 22 0 0.00 M M 10.4 25 270 M M 0 34 270
11 65 42 54 4 11 0 0.21 M M 6.9 18 170 M M 5 34 150
12 64 49 57 6 8 0 0.08 M M 7.0 17 210 M M 8 1 30 200
13 56 34 45 -6 20 0 0.02 M M 14.9 30 300 M M 7 1 42 320
14 47 28 38 -14 27 0 0.00 M M 8.7 26 280 M M 3 39 260
15 43 28 36 -16 29 0 0.02 M M 7.6 21 250 M M 6 18 31 320
16 50 24 37 -15 28 0 0.00 M M 6.7 20 280 M M 2 26 270
17 45 31 38 -14 27 0 0.27 M M 7.3 17 90 M M 9 1 23 50
18 58 29 44 -9 21 0 0.00 M M 7.8 21 250 M M 0 12 30 230
19 69 44 57 4 8 0 0.00 M M 8.8 20 20 M M 1 27 20
20 67 34 51 -3 14 0 T M M 7.8 21 270 M M 2 32 250
21 58 38 48 -6 17 0 T M M 12.6 25 310 M M 2 39 330
22 74 37 56 2 9 0 0.00 M M 6.9 18 260 M M 5 28 220
23 63 49 56 2 9 0 0.39 M M 4.9 14 90 M M 6 1 18 220
24 68 41 55 0 10 0 0.04 M M 4.4 16 10 M M 8 128 21 360
25 69 49 59 4 6 0 0.59 M M 11.4 24 50 M M 6 18 32 50
26 64 41 53 -2 12 0 0.28 M M 12.9 25 350 M M 4 1 38 340
27 71 35 53 -3 12 0 T M M 6.3 18 200 M M 3 26 200
28 80 57 69 13 0 4 0.58 M M 9.5 20 190 M M 6 13 29 190
29 62 47 55 -1 10 0 0.54 M M 9.1 25 280 M M 10 1 32 260
30 51 42 47 -10 18 0 0.03 M M 11.2 28 330 M M 9 18 40 330
================================================================================
SM 1875 1191 416 9 3.28 M 246.1 M 151
================================================================================
AV 62.5 39.7 8.2 FASTST M M 5 MAX(MPH)
MISC ----> 40 300 60 290
================================================================================
NOTES:
# LAST OF SEVERAL OCCURRENCES
COLUMN 17 PEAK WIND IN M.P.H.
PRELIMINARY LOCAL CLIMATOLOGICAL DATA (WS FORM: F-6) , PAGE 2
STATION: LAFAYETTE IN
MONTH: APRIL
YEAR: 2020
LATITUDE: 40 25 N
LONGITUDE: 86 56 W
[TEMPERATURE DATA] [PRECIPITATION DATA] SYMBOLS USED IN COLUMN 16
AVERAGE MONTHLY: 51.1 TOTAL FOR MONTH: 3.28 1 = FOG OR MIST
DPTR FM NORMAL: -0.8 DPTR FM NORMAL: -0.26 2 = FOG REDUCING VISIBILITY
HIGHEST: 82 ON 7 GRTST 24HR 0.99 ON 28-29 TO 1/4 MILE OR LESS
LOWEST: 24 ON 16 3 = THUNDER
SNOW, ICE PELLETS, HAIL 4 = ICE PELLETS
TOTAL MONTH: M 5 = HAIL
GRTST 24HR M ON M 6 = FREEZING RAIN OR DRIZZLE
GRTST DEPTH: M ON M 7 = DUSTSTORM OR SANDSTORM:
VSBY 1/2 MILE OR LESS
8 = SMOKE OR HAZE
[NO. OF DAYS WITH] [WEATHER - DAYS WITH] 9 = BLOWING SNOW
X = TORNADO
MAX 32 OR BELOW: 0 0.01 INCH OR MORE: 14
MAX 90 OR ABOVE: 0 0.10 INCH OR MORE: 9
MIN 32 OR BELOW: 6 0.50 INCH OR MORE: 3
MIN 0 OR BELOW: 0 1.00 INCH OR MORE: 0
[HDD (BASE 65) ]
TOTAL THIS MO. 416 CLEAR (SCALE 0-3) 9
DPTR FM NORMAL 11 PTCLDY (SCALE 4-7) 16
TOTAL FM JUL 1 5065 CLOUDY (SCALE 8-10) 5
DPTR FM NORMAL -426
[CDD (BASE 65) ]
TOTAL THIS MO. 9
DPTR FM NORMAL -3 [PRESSURE DATA]
TOTAL FM JAN 1 9 HIGHEST SLP M ON M
DPTR FM NORMAL -4 LOWEST SLP 29.35 ON 13
[REMARKS]
#FINAL-04-20#