000
CXUS55 KCYS 011623
CLMLAR
CLIMATE REPORT
NATIONAL WEATHER SERVICE CHEYENNE WY
923 AM MST FRI MAR 01 2024
...................................
...THE LARAMIE WYOMING AIRPORT CLIMATE SUMMARY FOR THE MONTH OF FEBRUARY 2024...
CLIMATE NORMAL PERIOD 1991 TO 2020
CLIMATE RECORD PERIOD 1948 TO 2024
WEATHER OBSERVED NORMAL DEPART LAST YEAR`S
VALUE DATE(S) VALUE FROM VALUE DATE(S)
NORMAL
................................................................
TEMPERATURE (F)
RECORD
HIGH 63 02/08/1954
LOW -39 02/02/2011
HIGHEST 53 02/01 MM MM 50
02/06
LOWEST -12 02/17 MM MM -23
AVG. MAXIMUM 41.6 35.6 6.0 35.7
AVG. MINIMUM 18.7 12.1 6.6 9.3
MEAN 30.1 23.8 6.3 22.5
DAYS MAX >= 90 0 0.0 0.0 0
DAYS MAX <= 32 3 10.5 -7.5 9
DAYS MIN <= 32 26 27.4 -1.4 28
DAYS MIN <= 0 2 4.5 -2.5 6
PRECIPITATION (INCHES)
RECORD
MAXIMUM 1.58 1993
TOTALS 0.64 0.32 0.32 0.09
DAYS >= .01 7 5.1 1.9 3
DAYS >= .10 3 0.9 2.1 0
DAYS >= .50 0 0.0 0.0 0
DAYS >= 1.00 0 0.0 0.0 0
GREATEST
24 HR. TOTAL 0.25 02/03 TO 02/03 0.06 02/15 TO 02/15
DEGREE DAYS
HEATING TOTAL 1004 1152 -148 1184
SINCE 7/1 5278 6145 -867 MM
COOLING TOTAL 0 0 0 0
SINCE 1/1 0 0 0 MM
................................................................
WIND (MPH)
AVERAGE WIND SPEED 12.1
HIGHEST WIND SPEED/DIRECTION 39/270 DATE 02/24
HIGHEST GUST SPEED/DIRECTION 55/260 DATE 02/26
SKY COVER
POSSIBLE SUNSHINE (PERCENT) MM
AVERAGE SKY COVER 0.29
NUMBER OF DAYS FAIR 18
NUMBER OF DAYS PC 9
NUMBER OF DAYS CLOUDY 2
AVERAGE RH (PERCENT) 54
WEATHER CONDITIONS. NUMBER OF DAYS WITH
THUNDERSTORM 0 MIXED PRECIP 0
HEAVY RAIN 0 RAIN 0
LIGHT RAIN 2 FREEZING RAIN 0
LT FREEZING RAIN 0 HAIL 0
HEAVY SNOW 3 SNOW 4
LIGHT SNOW 10 SLEET 0
FOG 2 FOG W/VIS <= 1/4 MILE 1
HAZE 8
- INDICATES NEGATIVE NUMBERS.
R INDICATES RECORD WAS SET OR TIED.
MM INDICATES DATA IS MISSING.
T INDICATES TRACE AMOUNT.
$$