000
CXUS56 KLOX 011730
CLMLAX
CLIMATE REPORT
NATIONAL WEATHER SERVICE LOS ANGELES/OXNARD
930 AM PST THU FEB 01 2024
...................................
...THE LOS ANGELES INTL AIRPORT CA CLIMATE SUMMARY FOR THE MONTH OF JANUARY 2024...
CLIMATE NORMAL PERIOD: 1991 TO 2020
CLIMATE RECORD PERIOD: 1944 TO 2024
WEATHER OBSERVED NORMAL DEPART LAST YEAR`S
VALUE DATE(S) VALUE FROM VALUE
NORMAL
..............................................................
TEMPERATURE (F)
HIGHEST 78 01/28
01/29
LOWEST 41 01/12
AVG. MAXIMUM 64.3 66.3 -2.0
AVG. MINIMUM 49.6 49.4 0.2
MEAN 57.0 57.9 -0.9
DAYS MAX >= 90 0
DAYS MAX <= 32 0
DAYS MIN <= 32 0
DAYS MIN <= 0 0
PRECIPITATION (INCHES)
TOTALS 1.75 2.86 -1.11
DAILY AVG. 0.06 0.09 -0.03
DAYS >= .01 4
DAYS >= .10 2
DAYS >= .50 2
DAYS >= 1.00 1
GREATEST
24 HR. TOTAL 1.15 01/22 TO 01/22
DEGREE DAYS
HEATING TOTAL 245 227 18 303
SINCE 7/1 435 597 -162 MM
COOLING TOTAL 1 6 -5 0
SINCE 1/1 1 6 -5 MM
..............................................................
WIND (MPH)
AVERAGE WIND SPEED 6.7
HIGHEST WIND SPEED/DIRECTION 37/270 DATE 01/11
HIGHEST GUST SPEED/DIRECTION 46/350 DATE 01/07
46/270 01/11
SKY COVER
POSSIBLE SUNSHINE (PERCENT) MM
AVERAGE SKY COVER 0.50
NUMBER OF DAYS FAIR 11
NUMBER OF DAYS PC 13
NUMBER OF DAYS CLOUDY 7
AVERAGE RH (PERCENT) 68
WEATHER CONDITIONS. NUMBER OF DAYS WITH
THUNDERSTORM 0 MIXED PRECIP 0
HEAVY RAIN 1 RAIN 3
LIGHT RAIN 7 FREEZING RAIN 0
LT FREEZING RAIN 0 HAIL 0
HEAVY SNOW 0 SNOW 0
LIGHT SNOW 0 SLEET 0
FOG 14 FOG W/VIS <= 1/4 MILE 1
HAZE 7
- INDICATES NEGATIVE NUMBERS.
R INDICATES RECORD WAS SET OR TIED.
MM INDICATES DATA IS MISSING.
T INDICATES TRACE AMOUNT.
$$