000
CXUS54 KLUB 010830
CF6LBB
PRELIMINARY LOCAL CLIMATOLOGICAL DATA (WS FORM: F-6)
STATION: LUBBOCK
MONTH: JANUARY
YEAR: 2024
LATITUDE: 33 39 N
LONGITUDE: 101 49 W
TEMPERATURE IN F: :PCPN: SNOW: WIND :SUNSHINE: SKY :PK WND
================================================================================
1 2 3 4 5 6A 6B 7 8 9 10 11 12 13 14 15 16 17 18
12Z AVG MX 2MIN
DY MAX MIN AVG DEP HDD CDD WTR SNW DPTH SPD SPD DIR MIN PSBL S-S WX SPD DR
================================================================================
1 52 23 38 -2 27 0 0.00 0.0 0 4.0 8 190 M M 4 8 190
2 51 29 40 0 25 0 0.00 0.0 0 2.6 7 170 M M 8 1 7 170
3 56 25 41 1 24 0 0.00 0.0 0 5.9 12 310 M M 2 12 12 310
4 40 29 35 -5 30 0 0.16 0.0 0 10.0 18 140 M M 9 12 24 120
5 47 29 38 -2 27 0 0.00 0.0 0 10.9 21 340 M M 4 1 29 310
6 47 31 39 -1 26 0 T 0.0 0 6.9 17 340 M M 6 28 320
7 55 30 43 3 22 0 0.00 0.0 0 18.0 35 180 M M 6 8 46 170
8 50 29 40 0 25 0 0.01 T 0 28.3 47 320 M M 6 89 68 310
9 47 23 35 -5 30 0 0.00 0.0 0 13.6 31 330 M M 1 41 330
10 64 33 49 9 16 0 0.00 0.0 0 16.0 30 290 M M 1 45 300
11 63 26 45 4 20 0 0.00 0.0 0 16.4 44 260 M M 2 8 57 260
12 47 20 34 -7 31 0 T T 0 16.7 32 300 M M 4 45 320
13 61 12 37 -4 28 0 0.00 0.0 0 14.5 26 40 M M 1 34 280
14 18 7 13 -28 52 0 0.00 0.0 0 9.6 17 70 M M 6 21 70
15 29 6 18 -23 47 0 0.00 0.0 0 10.2 31 30 M M 3 39 50
16 30 5 18 -23 47 0 0.00 0.0 0 7.5 16 10 M M 2 22 20
17 65 19 42 1 23 0 0.00 0.0 0 15.9 25 220 M M 2 35 230
18 71 31 51 10 14 0 0.00 0.0 0 16.1 30 310 M M 4 39 30
19 37 15 26 -15 39 0 0.00 0.0 0 10.0 30 30 M M 3 36 30
20 36 16 26 -15 39 0 0.00 0.0 0 10.3 18 140 M M 7 24 110
21 44 19 32 -9 33 0 T 0.0 0 13.6 23 170 M M 8 12 30 170
22 53 33 43 1 22 0 0.00 0.0 0 8.4 18 190 M M 8 12 23 190
23 46 29 38 -4 27 0 0.05 0.0 0 6.1 15 110 M M 10 12 18 110
24 46 38 42 0 23 0 0.39 0.0 0 5.7 14 20 M M 10 12 17 70
25 59 39 49 7 16 0 0.00 0.0 0 8.2 17 220 M M 7 12 22 220
26 48 39 44 2 21 0 0.33 0.0 0 9.8 20 360 M M 9 12 25 350
27 57 33 45 3 20 0 0.00 0.0 0 10.3 20 330 M M 2 24 320
28 65 30 48 6 17 0 0.00 0.0 0 7.2 18 260 M M 1 27 280
29 66 30 48 6 17 0 0.00 0.0 0 5.7 13 170 M M 4 16 170
30 66 30 48 6 17 0 0.00 0.0 0 4.6 9 350 M M 4 11 190
31 67 34 51 8 14 0 0.00 0.0 0 7.9 17 190 M M 7 22 190
================================================================================
SM 1583 792 819 0 0.94 T 330.9 M 151
================================================================================
AV 51.1 25.5 10.7 FASTST M M 5 MAX(MPH)
MISC ----> 47 320 68 310
================================================================================
NOTES:
# LAST OF SEVERAL OCCURRENCES
COLUMN 17 PEAK WIND IN M.P.H.
PRELIMINARY LOCAL CLIMATOLOGICAL DATA (WS FORM: F-6) , PAGE 2
STATION: LUBBOCK
MONTH: JANUARY
YEAR: 2024
LATITUDE: 33 39 N
LONGITUDE: 101 49 W
[TEMPERATURE DATA] [PRECIPITATION DATA] SYMBOLS USED IN COLUMN 16
AVERAGE MONTHLY: 38.3 TOTAL FOR MONTH: 0.94 1 = FOG OR MIST
DPTR FM NORMAL: -2.8 DPTR FM NORMAL: 0.29 2 = FOG REDUCING VISIBILITY
HIGHEST: 71 ON 18 GRTST 24HR 0.39 ON 24-24 TO 1/4 MILE OR LESS
LOWEST: 5 ON 16 3 = THUNDER
SNOW, ICE PELLETS, HAIL 4 = ICE PELLETS
TOTAL MONTH: T 5 = HAIL
GRTST 24HR T ON 8- 8 6 = FREEZING RAIN OR DRIZZLE
GRTST DEPTH: 0 7 = DUSTSTORM OR SANDSTORM:
VSBY 1/2 MILE OR LESS
8 = SMOKE OR HAZE
[NO. OF DAYS WITH] [WEATHER - DAYS WITH] 9 = BLOWING SNOW
X = TORNADO
MAX 32 OR BELOW: 3 0.01 INCH OR MORE: 5
MAX 90 OR ABOVE: 0 0.10 INCH OR MORE: 3
MIN 32 OR BELOW: 24 0.50 INCH OR MORE: 0
MIN 0 OR BELOW: 0 1.00 INCH OR MORE: 0
[HDD (BASE 65) ]
TOTAL THIS MO. 819 CLEAR (SCALE 0-3) 11
DPTR FM NORMAL 78 PTCLDY (SCALE 4-7) 14
TOTAL FM JUL 1 1954 CLOUDY (SCALE 8-10) 6
DPTR FM NORMAL -142
[CDD (BASE 65) ]
TOTAL THIS MO. 0
DPTR FM NORMAL 0 [PRESSURE DATA]
TOTAL FM JAN 1 0 HIGHEST SLP 30.57 ON 19
DPTR FM NORMAL 0 LOWEST SLP 29.38 ON 11
[REMARKS]
#FINAL-01-24#