000
CXUS53 KLBF 012355
CF6LBF
PRELIMINARY LOCAL CLIMATOLOGICAL DATA (WS FORM: F-6)
STATION: NORTH PLATTE
MONTH: DECEMBER
YEAR: 2023
LATITUDE: 41 7 N
LONGITUDE: 100 41 W
TEMPERATURE IN F: :PCPN: SNOW: WIND :SUNSHINE: SKY :PK WND
================================================================================
1 2 3 4 5 6A 6B 7 8 9 10 11 12 13 14 15 16 17 18
12Z AVG MX 2MIN
DY MAX MIN AVG DEP HDD CDD WTR SNW DPTH SPD SPD DIR MIN PSBL S-S WX SPD DR
================================================================================
1 37 15 26 -5 39 0 0.00 0.0 0 3.7 12 170 M M 1 17 170
2 49 18 34 3 31 0 0.00 0.0 T 6.8 18 280 M M 2 25 290
3 48 16 32 2 33 0 0.00 0.0 0 9.3 35 330 M M 3 52 320
4 48 16 32 2 33 0 T 0.0 0 6.2 25 340 M M 4 35 340
5 53 21 37 7 28 0 0.00 0.0 0 3.8 13 110 M M 5 17 110
6 66 23 45 16 20 0 0.00 0.0 0 4.4 13 260 M M 0 17 280
7 72 20 46 17 19 0 0.00 0.0 0 10.8 32 290 M M 0 44 290
8 53 24 39 10 26 0 0.00 0.0 0 11.3 30 290 M M 2 40 300
9 41 14 28 0 37 0 0.00 0.0 0 13.7 31 340 M M 0 45 340
10 50 11 31 3 34 0 0.00 0.0 0 5.0 21 300 M M 1 26 290
11 57 15 36 8 29 0 0.00 0.0 0 5.3 12 250 M M 1 17 260
12 38 18 28 0 37 0 T T 0 5.0 15 100 M M 5 18 100
13 43 15 29 1 36 0 0.00 0.0 0 2.6 10 100 M M 3 13 100
14 40 35 38 11 27 0 0.05 0.0 0 11.9 21 180 M M 10 1 28 180
15 51 20 36 9 29 0 0.00 0.0 0 9.4 21 350 M M 5 30 350
16 53 15 34 7 31 0 0.00 0.0 0 6.3 15 300 M M 0 20 310
17 61 21 41 14 24 0 0.00 0.0 0 8.5 22 310 M M 0 31 310
18 46 15 31 4 34 0 0.00 0.0 0 7.0 18 160 M M 0 31 180
19 62 20 41 14 24 0 0.00 0.0 0 4.2 13 170 M M 0 21 180
20 50 21 36 10 29 0 0.00 0.0 0 3.3 9 120 M M 0 1 10 120
21 58 22 40 14 25 0 0.00 0.0 0 2.3 10 250 M M 0 13 180
22 62 23 43 17 22 0 0.00 0.0 0 4.9 10 280 M M 0 12 280
23 53 30 42 16 23 0 0.02 0.0 0 7.1 18 340 M M 6 1 28 350
24 45 27 36 10 29 0 0.36 1.7 2 17.6 29 330 M M 10 18 44 330
25 27 23 25 -1 40 0 0.25 3.0 2 22.3 31 340 M M 10 18 44 340
26 32 25 29 3 36 0 0.21 2.3 5 19.0 30 340 M M 10 18 42 350
27 35 31 33 7 32 0 0.01 0.1 6 10.9 21 330 M M 10 1 29 310
28 35 17 26 0 39 0 T T 4 8.9 16 10 M M 6 21 340
29 46 12 29 3 36 0 0.00 0.0 3 7.0 13 290 M M 0 15 290
30 48 21 35 9 30 0 0.00 0.0 1 5.8 12 330 M M 1 17 320
31 31 15 23 -3 42 0 0.00 0.0 T 3.5 10 340 M M 5 12 16 340
================================================================================
SM 1490 619 954 0 0.90 7.1 247.8 M 100
================================================================================
AV 48.1 20.0 8.0 FASTST M M 3 MAX(MPH)
MISC ----> 35 330 52 320
================================================================================
NOTES:
# LAST OF SEVERAL OCCURRENCES
COLUMN 17 PEAK WIND IN M.P.H.
PRELIMINARY LOCAL CLIMATOLOGICAL DATA (WS FORM: F-6) , PAGE 2
STATION: NORTH PLATTE
MONTH: DECEMBER
YEAR: 2023
LATITUDE: 41 7 N
LONGITUDE: 100 41 W
[TEMPERATURE DATA] [PRECIPITATION DATA] SYMBOLS USED IN COLUMN 16
AVERAGE MONTHLY: 34.0 TOTAL FOR MONTH: 0.90 1 = FOG OR MIST
DPTR FM NORMAL: 6.5 DPTR FM NORMAL: 0.45 2 = FOG REDUCING VISIBILITY
HIGHEST: 72 ON 7 GRTST 24HR 0.38 ON 23-24 TO 1/4 MILE OR LESS
LOWEST: 11 ON 10 3 = THUNDER
SNOW, ICE PELLETS, HAIL 4 = ICE PELLETS
TOTAL MONTH: 7.1 INCHES 5 = HAIL
GRTST 24HR 3.0 ON 25-25 6 = FREEZING RAIN OR DRIZZLE
GRTST DEPTH: 6 ON 27 7 = DUSTSTORM OR SANDSTORM:
VSBY 1/2 MILE OR LESS
8 = SMOKE OR HAZE
[NO. OF DAYS WITH] [WEATHER - DAYS WITH] 9 = BLOWING SNOW
X = TORNADO
MAX 32 OR BELOW: 3 0.01 INCH OR MORE: 6
MAX 90 OR ABOVE: 0 0.10 INCH OR MORE: 3
MIN 32 OR BELOW: 30 0.50 INCH OR MORE: 0
MIN 0 OR BELOW: 0 1.00 INCH OR MORE: 0
[HDD (BASE 65) ]
TOTAL THIS MO. 954 CLEAR (SCALE 0-3) 19
DPTR FM NORMAL -207 PTCLDY (SCALE 4-7) 7
TOTAL FM JUL 1 2233 CLOUDY (SCALE 8-10) 5
DPTR FM NORMAL -368
[CDD (BASE 65) ]
TOTAL THIS MO. 0
DPTR FM NORMAL 0 [PRESSURE DATA]
TOTAL FM JAN 1 913 HIGHEST SLP 30.66 ON 13
DPTR FM NORMAL 10 LOWEST SLP 29.49 ON 7
[REMARKS]
#FINAL-12-23#