000
CXUS53 KLBF 010925
CLMLBF
CLIMATE REPORT
NATIONAL WEATHER SERVICE NORTH PLATTE NE
425 AM CDT SAT JUL 01 2023
...................................
...THE NORTH PLATTE CLIMATE SUMMARY FOR THE MONTH OF JUNE 2023...
CLIMATE NORMAL PERIOD 1991 TO 2020
CLIMATE RECORD PERIOD 1874 TO 2023
WEATHER OBSERVED NORMAL DEPART LAST YEAR`S
VALUE DATE(S) VALUE FROM VALUE DATE(S)
NORMAL
................................................................
TEMPERATURE (F)
RECORD
HIGH 108 06/13/2022
06/13/2022
LOW 29 06/02/1969
HIGHEST 91 06/19 96 -5 108 06/13
LOWEST 44 06/12 41 3 38 06/02
AVG. MAXIMUM 82.3 84.0 -1.7 90.2
AVG. MINIMUM 56.1 55.4 0.7 57.6
MEAN 69.2 69.7 -0.5 73.9
DAYS MAX >= 90 1 7.0 -6.0 14
DAYS MAX <= 32 0 0.0 0.0 0
DAYS MIN <= 32 0 0.0 0.0 0
DAYS MIN <= 0 0 0.0 0.0 0
PRECIPITATION (INCHES)
RECORD
MAXIMUM 10.47 1951
MINIMUM 0.33 1952
TOTALS 2.59 3.54 -0.95 0.43
DAILY AVG. 0.09 0.12 -0.03 0.01
DAYS >= .01 12 10.8 1.2 6
DAYS >= .10 5 6.9 -1.9 1
DAYS >= .50 2 2.5 -0.5 0
DAYS >= 1.00 0 0.7 -0.7 0
GREATEST
24 HR. TOTAL 0.86 06/30 TO 06/30 0.29 06/07 TO 06/07
SNOWFALL (INCHES)
RECORDS
TOTAL T 2023
TOTALS TR 0.0 0.0 0.0
SINCE 7/1 33.5 29.6 3.9 MM
SNOWDEPTH AVG. 0 0
DAYS >= 1.0 0 0.0 0.0 0
GREATEST
SNOW DEPTH 0 0 MM
24 HR TOTAL MM
DEGREE DAYS
HEATING TOTAL 14 36 -22 14
SINCE 7/1 6536 6367 169 MM
COOLING TOTAL 146 177 -31 290
SINCE 1/1 188 214 -26 MM
................................................................
WIND (MPH)
AVERAGE WIND SPEED 7.1
HIGHEST WIND SPEED/DIRECTION 43/170 DATE 06/27
HIGHEST GUST SPEED/DIRECTION 63/150 DATE 06/27
SKY COVER
POSSIBLE SUNSHINE (PERCENT) MM
AVERAGE SKY COVER 0.24
NUMBER OF DAYS FAIR 20
NUMBER OF DAYS PC 10
NUMBER OF DAYS CLOUDY 0
AVERAGE RH (PERCENT) 68
WEATHER CONDITIONS. NUMBER OF DAYS WITH
THUNDERSTORM 13 MIXED PRECIP 0
HEAVY RAIN 4 RAIN 3
LIGHT RAIN 16 FREEZING RAIN 0
LT FREEZING RAIN 0 HAIL 1
HEAVY SNOW 0 SNOW 0
LIGHT SNOW 0 SLEET 0
FOG 10 FOG W/VIS <= 1/4 MILE 0
HAZE 0
- INDICATES NEGATIVE NUMBERS.
R INDICATES RECORD WAS SET OR TIED.
MM INDICATES DATA IS MISSING.
T INDICATES TRACE AMOUNT.
$$