000
CXUS52 KILM 110812
CF6LBT
PRELIMINARY LOCAL CLIMATOLOGICAL DATA (WS FORM: F-6)
STATION: LUMBERTON NORTH CAROLINA
MONTH: MARCH
YEAR: 2020
LATITUDE: 34 35 N
LONGITUDE: 79 4 W
TEMPERATURE IN F: :PCPN: SNOW: WIND :SUNSHINE: SKY :PK WND
================================================================================
1 2 3 4 5 6A 6B 7 8 9 10 11 12 13 14 15 16 17 18
12Z AVG MX 2MIN
DY MAX MIN AVG DEP HDD CDD WTR SNW DPTH SPD SPD DIR MIN PSBL S-S WX SPD DR
================================================================================
1 59 25 42 -8 23 0 0.00 M M M M M M M M M M
2 69 37 53 3 12 0 0.00 M M M M M M M M M M
3 67 54 61 10 4 0 0.31 M M M M M M M M M M
4 59 51 55 4 10 0 0.04 M M M M M M M M M M
5 51 46 49 -2 16 0 1.06 M M M M M M M M M M
6 60 43 52 1 13 0 0.00 M M M M M M M M M M
7 55 34 45 -7 20 0 0.00 M M M M M M M M M M
8 62 30 46 -6 19 0 0.00 M M M M M M M M M M
9 70 33 52 0 13 0 0.00 M M M M M M M M M M
10 71 56 64 12 1 0 0.00 M M M M M M M M M M
11 77 55 66 13 0 1 0.00 M M M M M M M M M M
12 79 53 66 13 0 1 0.00 M M M M M M M M M M
13 78 60 69 16 0 4 0.00 M M M M M M M M M M
14 72 57 65 11 0 0 0.00 M M M M M M M M M M
15 60 50 55 1 10 0 0.49 M M M M M M M M M M
16 62 47 55 1 10 0 0.00 M M M M M M M M M M
17 59 51 55 1 10 0 0.15 M M M M M M M M M M
18 72 53 63 8 2 0 0.00 M M M M M M M M M M
19 84 60 72 17 0 7 0.01 M M M M M M M M M M
20 86 66 76 21 0 11 0.00 M M M M M M M M M M
21 79 56 68 12 0 3 0.00 M M M M M M M M M M
22 57 47 52 -4 13 0 0.16 M M M M M M M M M M
23 57 46 52 -4 13 0 0.05 M M M M M M M M M M
24 58 54 56 0 9 0 0.29 M M M M M M M M M M
25 66 48 57 0 8 0 0.72 M M M M M M M M M M
26 68 49 59 2 6 0 0.00 M M M M M M M M M M
27 83 53 68 11 0 3 0.00 M M M M M M M M M M
28 88 64 76 19 0 11 0.00 M M M M M M M M M M
29 86 66 76 18 0 11 0.00 M M M M M M M M M M
30 79 60 70 12 0 5 0.00 M M M M M M M M M M
31 63 48 56 -2 9 0 0.35 M M M M M M M M M M
================================================================================
SM 2136 1552 221 57 3.63 M M M M
================================================================================
AV 68.9 50.1 M FASTST M M 0 MAX(MPH)
MISC ----> M M M M
================================================================================
NOTES:
# LAST OF SEVERAL OCCURRENCES
COLUMN 17 PEAK WIND IN M.P.H.
PRELIMINARY LOCAL CLIMATOLOGICAL DATA (WS FORM: F-6) , PAGE 2
STATION: LUMBERTON NORTH CAROLINA
MONTH: MARCH
YEAR: 2020
LATITUDE: 34 35 N
LONGITUDE: 79 4 W
[TEMPERATURE DATA] [PRECIPITATION DATA] SYMBOLS USED IN COLUMN 16
AVERAGE MONTHLY: 59.5 TOTAL FOR MONTH: 3.63 1 = FOG OR MIST
DPTR FM NORMAL: 5.4 DPTR FM NORMAL: 0.30 2 = FOG REDUCING VISIBILITY
HIGHEST: 88 ON 28 GRTST 24HR 1.06 ON 5- 5 TO 1/4 MILE OR LESS
LOWEST: 25 ON 1 3 = THUNDER
SNOW, ICE PELLETS, HAIL 4 = ICE PELLETS
TOTAL MONTH: M 5 = HAIL
GRTST 24HR M ON M 6 = FREEZING RAIN OR DRIZZLE
GRTST DEPTH: M ON M 7 = DUSTSTORM OR SANDSTORM:
VSBY 1/2 MILE OR LESS
8 = SMOKE OR HAZE
[NO. OF DAYS WITH] [WEATHER - DAYS WITH] 9 = BLOWING SNOW
X = TORNADO
MAX 32 OR BELOW: 0 0.01 INCH OR MORE: 11
MAX 90 OR ABOVE: 0 0.10 INCH OR MORE: 8
MIN 32 OR BELOW: 2 0.50 INCH OR MORE: 2
MIN 0 OR BELOW: 0 1.00 INCH OR MORE: 1
[HDD (BASE 65) ]
TOTAL THIS MO. 221 CLEAR (SCALE 0-3) 0
DPTR FM NORMAL -125 PTCLDY (SCALE 4-7) 0
TOTAL FM JUL 1 2035 CLOUDY (SCALE 8-10) 0
DPTR FM NORMAL -541
[CDD (BASE 65) ]
TOTAL THIS MO. 57
DPTR FM NORMAL 47 [PRESSURE DATA]
TOTAL FM JAN 1 80 HIGHEST SLP M ON M
DPTR FM NORMAL 67 LOWEST SLP 0.00 ON 22
[REMARKS]
ALL DATA THIS MONTH IS FROM THE BACKUP RAWS STATION LOCATED 2 MILES SW OF THE LBT AIRPORT
#FINAL-03-20#