000
CXUS52 KILM 011228
CLMLBT
CLIMATE REPORT
NATIONAL WEATHER SERVICE WILMINGTON NC
828 AM EDT THU JUN 01 2023
...................................
...THE LUMBERTON NORTH CAROLINA CLIMATE SUMMARY FOR THE MONTH OF MAY 2023...
CLIMATE NORMAL PERIOD 1991 TO 2020
CLIMATE RECORD PERIOD 1903 TO 2023
WEATHER OBSERVED NORMAL DEPART LAST YEAR`S
VALUE DATE(S) VALUE FROM VALUE DATE(S)
NORMAL
................................................................
TEMPERATURE (F)
RECORD
HIGH 101 05/28/2019
05/26/1926
05/29/1914
LOW 29 05/08/1989
HIGHEST 91 05/09 MM MM 99
LOWEST 40 05/04 MM MM 44
AVG. MAXIMUM 79.5 82.5 -3.0 86.7
AVG. MINIMUM 56.2 59.5 -3.3 62.6
MEAN 67.8 71.0 -3.2 74.6
DAYS MAX >= 90 1 6.3 -5.3 14
DAYS MAX <= 32 0 0.0 0.0 0
DAYS MIN <= 32 0 0.0 0.0 0
DAYS MIN <= 0 0 0.0 0.0 0
PRECIPITATION (INCHES)
RECORD
MAXIMUM 8.51 1977
MINIMUM 0.40 1911
TOTALS 1.49 3.41 -1.92
DAILY AVG. 0.05 0.11 -0.06
DAYS >= .01 7 10.0 -3.0
DAYS >= .10 4 6.1 -2.1
DAYS >= .50 1 2.6 -1.6
DAYS >= 1.00 0 1.0 -1.0
GREATEST
24 HR. TOTAL 0.69 05/27 TO 05/27 0.35 05/27 TO 05/27
STORM TOTAL 0.69
(MM/DD(HH))
DEGREE DAYS
HEATING TOTAL 42 25 17 17
SINCE 7/1 2143 2607 -464
COOLING TOTAL 135 210 -75 325
SINCE 1/1 257 299 -42
FREEZE DATES
RECORD
EARLIEST 10/03/1981
LATEST 05/10/1980
EARLIEST 10/20
LATEST 03/28
................................................................
WIND (MPH)
AVERAGE WIND SPEED 7.8
RESULTANT WIND SPEED/DIRECTION 2/020
HIGHEST WIND SPEED/DIRECTION 37/310 DATE 05/02
HIGHEST GUST SPEED/DIRECTION 49/300 DATE 05/02
SKY COVER
AVERAGE SKY COVER 0.37
AVERAGE RH (PERCENT) 69
WEATHER CONDITIONS. NUMBER OF DAYS WITH
THUNDERSTORM 0 MIXED PRECIP MM
HEAVY RAIN 3 RAIN 4
LIGHT RAIN 9 FREEZING RAIN 0
LT FREEZING RAIN 0 HAIL MM
HEAVY SNOW 0 SNOW 0
LIGHT SNOW 0 SLEET MM
FOG 15 FOG W/VIS <= 1/4 MILE 2
HAZE 2
- INDICATES NEGATIVE NUMBERS.
R INDICATES RECORD WAS SET OR TIED.
MM INDICATES DATA IS MISSING.
T INDICATES TRACE AMOUNT.
$$