000
CXUS52 KILM 011526
CLMLBT
CLIMATE REPORT
NATIONAL WEATHER SERVICE WILMINGTON NC
1126 AM EDT MON APR 01 2024
...................................
...THE LUMBERTON NORTH CAROLINA CLIMATE SUMMARY FOR THE MONTH OF MARCH 2024...
CLIMATE NORMAL PERIOD 1991 TO 2020
CLIMATE RECORD PERIOD 1903 TO 2024
WEATHER OBSERVED NORMAL DEPART LAST YEAR`S
VALUE DATE(S) VALUE FROM VALUE DATE(S)
NORMAL
................................................................
TEMPERATURE (F)
RECORD
HIGH 96 03/24/1907
LOW 9 03/03/1980
HIGHEST 82 03/31 MM MM 85
LOWEST 31 03/19 MM MM 25
AVG. MAXIMUM 70.1 65.8 4.3 67.6
AVG. MINIMUM 45.6 43.1 2.5 44.5
MEAN 57.9 54.5 3.4 56.1
DAYS MAX >= 90 0 0.0 0.0 0
DAYS MAX <= 32 0 0.0 0.0 0
DAYS MIN <= 32 1 5.5 -4.5 4
DAYS MIN <= 0 0 0.0 0.0 0
PRECIPITATION (INCHES)
RECORD
MAXIMUM 9.37 1971
MINIMUM 0.00 1904
TOTALS 4.09 3.26 0.83
DAILY AVG. 0.13 0.11 0.02
DAYS >= .01 9 9.6 -0.6
DAYS >= .10 7 6.0 1.0
DAYS >= .50 2 1.9 0.1
DAYS >= 1.00 1 0.4 0.6
GREATEST
24 HR. TOTAL 1.55 03/06 TO 03/06 1.19 03/26 TO 03/27
STORM TOTAL 1.55
(MM/DD(HH))
DEGREE DAYS
HEATING TOTAL 215 342 -127 298
SINCE 7/1 2091 2448 -357
COOLING TOTAL 3 15 -12 29
SINCE 1/1 12 22 -10
FREEZE DATES
RECORD
EARLIEST 10/03/1981
LATEST 05/10/1980
EARLIEST 11/01
LATEST 03/21
................................................................
WIND (MPH)
AVERAGE WIND SPEED 7.3
RESULTANT WIND SPEED/DIRECTION 1/300
HIGHEST WIND SPEED/DIRECTION 26/320 DATE 03/18
HIGHEST GUST SPEED/DIRECTION 39/030 DATE 03/24
SKY COVER
AVERAGE SKY COVER 0.33
AVERAGE RH (PERCENT) 70
WEATHER CONDITIONS. NUMBER OF DAYS WITH
THUNDERSTORM 1 MIXED PRECIP 0
HEAVY RAIN 5 RAIN 7
LIGHT RAIN 9 FREEZING RAIN 0
LT FREEZING RAIN 0 HAIL 0
HEAVY SNOW 0 SNOW 0
LIGHT SNOW 0 SLEET 0
FOG 15 FOG W/VIS <= 1/4 MILE 4
HAZE 1
- INDICATES NEGATIVE NUMBERS.
R INDICATES RECORD WAS SET OR TIED.
MM INDICATES DATA IS MISSING.
T INDICATES TRACE AMOUNT.
$$