000
CXUS54 KHGX 251632
CF6LBX
PRELIMINARY LOCAL CLIMATOLOGICAL DATA (WS FORM: F-6)
STATION: ANGLETON/LAKE_JACKS
MONTH: AUGUST
YEAR: 2020
LATITUDE: 29 6 N
LONGITUDE: 95 28 W
TEMPERATURE IN F: :PCPN: SNOW: WIND :SUNSHINE: SKY :PK WND
================================================================================
1 2 3 4 5 6A 6B 7 8 9 10 11 12 13 14 15 16 17 18
12Z AVG MX 2MIN
DY MAX MIN AVG DEP HDD CDD WTR SNW DPTH SPD SPD DIR MIN PSBL S-S WX SPD DR
================================================================================
1 86 73 80 -4 0 15 0.38 0.0 0 2.9 14 10 M M 4 13 17 10
2 94 73 84 0 0 19 0.00 0.0 0 3.4 14 140 M M 2 1 16 150
3 95 73 84 0 0 19 0.00 0.0 0 3.4 13 180 M M 1 1 14 190
4 95 77 86 2 0 21 0.00 0.0 0 3.6 14 190 M M 0 16 180
5 93 74 84 0 0 19 0.00 0.0 0 4.0 14 170 M M 0 18 180
6 92 75 84 0 0 19 0.00 0.0 0 4.6 14 150 M M 2 1 20 170
7 93 74 84 0 0 19 0.00 0.0 0 4.0 13 120 M M 1 1 16 150
8 93 75 84 0 0 19 0.00 0.0 0 5.8 15 180 M M 1 1 19 170
9 93 76 85 1 0 20 0.11 0.0 0 6.9 18 160 M M 2 8 23 180
10 93 76 85 1 0 20 0.00 0.0 0 7.1 15 180 M M 2 1 20 170
11 94 77 86 2 0 21 T 0.0 0 7.6 17 170 M M 1 20 180
12 94 76 85 1 0 20 0.00 0.0 0 6.2 17 170 M M 1 1 23 180
13 94 75 85 1 0 20 0.00 0.0 0 5.1 15 170 M M 1 1 20 190
14 96 75 86 2 0 21 0.00 0.0 0 5.1 16 190 M M 1 1 20 180
15 97 77 87 3 0 22 0.00 0.0 0 5.5 17 180 M M 0 19 170
16 98 74 86 2 0 21 0.00 0.0 0 4.1 14 180 M M 1 12 16 170
17 93 72 83 -1 0 18 0.03 0.0 0 3.9 30 10 M M 1 1 39 360
18 99 71 85 1 0 20 0.00 0.0 0 4.5 14 10 M M 1 17 30
19 99 74 87 3 0 22 0.00 0.0 0 3.7 13 160 M M 1 16 130
20 96 72 84 0 0 19 0.00 0.0 0 3.7 20 150 M M 1 13 25 140
21 93 72 83 -1 0 18 0.04 0.0 0 2.4 21 170 M M 0 138 26 170
22 92 71 82 -2 0 17 0.81 0.0 0 2.2 31 130 M M 2 13 37 130
23 93 72 83 -1 0 18 T 0.0 0 5.2 17 120 M M 1 13 23 130
24 91 72 82 -1 0 17 0.41 0.0 0 5.3 20 120 M M 1 13 25 110
25 95 74 85 2 0 20 0.00 0.0 0 6.3 16 10 M M 1 1 21 10
26 92 79 86 3 0 21 0.01 0.0 0 11.4 23 40 M M 4 1 32 40
27 95 76 86 3 0 21 0.00 0.0 0 6.9 18 170 M M 1 22 170
28 94 79 87 4 0 22 0.34 0.0 0 11.4 21 170 M M 1 138 27 230
29 95 77 86 3 0 21 0.00 0.0 0 7.4 16 190 M M 1 3 21 180
30 94 78 86 3 0 21 0.02 0.0 0 7.0 20 180 M M 1 1 24 180
31 94 82 88 5 0 23 T 0.0 0 13.1 23 180 M M 3 28 180
================================================================================
SM 2915 2321 0 613 2.15 0.0 173.7 M 40
================================================================================
AV 94.0 74.9 5.6 FASTST M M 1 MAX(MPH)
MISC ----> 31 130 39 360
================================================================================
NOTES:
# LAST OF SEVERAL OCCURRENCES
COLUMN 17 PEAK WIND IN M.P.H.
PRELIMINARY LOCAL CLIMATOLOGICAL DATA (WS FORM: F-6) , PAGE 2
STATION: ANGLETON/LAKE_JACKS
MONTH: AUGUST
YEAR: 2020
LATITUDE: 29 6 N
LONGITUDE: 95 28 W
[TEMPERATURE DATA] [PRECIPITATION DATA] SYMBOLS USED IN COLUMN 16
AVERAGE MONTHLY: 84.5 TOTAL FOR MONTH: 2.15 1 = FOG OR MIST
DPTR FM NORMAL: 0.6 DPTR FM NORMAL: -2.05 2 = FOG REDUCING VISIBILITY
HIGHEST: 99 ON 19,18 GRTST 24HR 0.81 ON 22-22 TO 1/4 MILE OR LESS
LOWEST: 71 ON 22,18 3 = THUNDER
SNOW, ICE PELLETS, HAIL 4 = ICE PELLETS
TOTAL MONTH: 0.0 INCH 5 = HAIL
GRTST 24HR 0.0 6 = FREEZING RAIN OR DRIZZLE
GRTST DEPTH: 0 7 = DUSTSTORM OR SANDSTORM:
VSBY 1/2 MILE OR LESS
8 = SMOKE OR HAZE
[NO. OF DAYS WITH] [WEATHER - DAYS WITH] 9 = BLOWING SNOW
X = TORNADO
MAX 32 OR BELOW: 0 0.01 INCH OR MORE: 9
MAX 90 OR ABOVE: 30 0.10 INCH OR MORE: 5
MIN 32 OR BELOW: 0 0.50 INCH OR MORE: 1
MIN 0 OR BELOW: 0 1.00 INCH OR MORE: 0
[HDD (BASE 65) ]
TOTAL THIS MO. 0 CLEAR (SCALE 0-3) 29
DPTR FM NORMAL 0 PTCLDY (SCALE 4-7) 2
TOTAL FM JUL 1 0 CLOUDY (SCALE 8-10) 0
DPTR FM NORMAL 0
[CDD (BASE 65) ]
TOTAL THIS MO. 613
DPTR FM NORMAL 27 [PRESSURE DATA]
TOTAL FM JAN 1 2529 HIGHEST SLP M ON M
DPTR FM NORMAL 145 LOWEST SLP 29.66 ON 26
[REMARKS]
#FINAL-08-20#