000
CXUS54 KHGX 152048
CF6LBX
PRELIMINARY LOCAL CLIMATOLOGICAL DATA (WS FORM: F-6)
STATION: ANGLETON/LAKE_JACKS
MONTH: SEPTEMBER
YEAR: 2023
LATITUDE: 29 6 N
LONGITUDE: 95 28 W
TEMPERATURE IN F: :PCPN: SNOW: WIND :SUNSHINE: SKY :PK WND
================================================================================
1 2 3 4 5 6A 6B 7 8 9 10 11 12 13 14 15 16 17 18
12Z AVG MX 2MIN
DY MAX MIN AVG DEP HDD CDD WTR SNW DPTH SPD SPD DIR MIN PSBL S-S WX SPD DR
================================================================================
1 98 71 85 3 0 20 0.00 0.0 0 5.9 18 120 M M 2 24 130
2 96 73 85 3 0 20 0.00 0.0 0 5.4 17 150 M M 2 3 28 150
3 97 74 86 4 0 21 0.00 0.0 0 6.4 21 160 M M 1 1 28 170
4 96 78 87 5 0 22 0.12 0.0 0 10.5 21 160 M M 2 13 29 170
5 98 79 89 7 0 24 0.00 0.0 0 9.7 18 180 M M 1 28 190
6 98 76 87 5 0 22 0.00 0.0 0 5.4 17 180 M M 1 1 24 150
7 102 74 88 6 0 23 0.11 0.0 0 4.7 16 160 M M 1 1 22 180
8 103 75 89 8 0 24 0.00 0.0 0 6.0 17 170 M M 1 1 26 160
9 99 75 87 6 0 22 0.00 0.0 M 5.6 24 40 M M 1 3 35 50
10 96 70 83 2 0 18 T 0.0 0 5.8 16 120 M M 4 3 22 120
11 96 67 82 1 0 17 0.00 0.0 0 4.3 16 150 M M 1 1 24 160
12 99 70 85 4 0 20 0.00 0.0 0 5.0 18 180 M M 1 23 170
13 96 73 85 4 0 20 T 0.0 0 4.3 21 120 M M 2 3 28 140
14 90 74 82 2 0 17 0.23 0.0 0 4.0 12 80 M M 4 13 20 70
15 94 72 83 3 0 18 0.94 0.0 0 5.3 30 10 M M 3 1238 39 10
16 87 72 80 0 0 15 0.86 0.0 0 4.1 17 240 M M 4 123 33 250
17 94 69 82 2 0 17 0.00 0.0 0 3.3 14 40 M M 2 1 18 40
18 94 67 81 1 0 16 0.00 0.0 0 4.1 15 130 M M 1 1 21 140
19 92 65 79 -1 0 14 0.00 0.0 0 4.2 16 160 M M 1 1 22 130
20 93 69 81 2 0 16 0.00 0.0 0 5.7 16 130 M M 1 23 130
21 95 72 84 5 0 19 0.00 0.0 0 5.4 14 130 M M 1 1 20 120
22 95 71 83 4 0 18 0.00 0.0 0 4.7 17 160 M M 0 1 24 200
23 94 72 83 4 0 18 0.00 0.0 0 6.9 20 170 M M 2 1 24 170
24 95 72 84 5 0 19 0.00 0.0 0 8.6 20 160 M M 1 1 26 170
25 93 71 82 4 0 17 0.47 0.0 0 6.8 17 170 M M 4 3 35 30
26 M M M M M M M 0.0 M M M M M M M M M
27 M M M M M M M 0.0 M M M M M M M M M
28 73 70 72 -6 0 7 T 0.0 0 M 5 20 M M M 3 10 5
29 91 70 81 3 0 16 0.06 0.0 0 6.4 17 80 M M M 3 26 80
30 91 71 81 4 0 16 0.02 0.0 0 6.7 18 60 M M M 27 90
================================================================================
SM 2645 2012 0 516 2.81 0.0 155.2 M 44
================================================================================
AV 94.5 71.9 5.7 FASTST M M 2 MAX(MPH)
MISC ----> 30 10 39 10
================================================================================
NOTES:
# LAST OF SEVERAL OCCURRENCES
COLUMN 17 PEAK WIND IN M.P.H.
PRELIMINARY LOCAL CLIMATOLOGICAL DATA (WS FORM: F-6) , PAGE 2
STATION: ANGLETON/LAKE_JACKS
MONTH: SEPTEMBER
YEAR: 2023
LATITUDE: 29 6 N
LONGITUDE: 95 28 W
[TEMPERATURE DATA] [PRECIPITATION DATA] SYMBOLS USED IN COLUMN 16
AVERAGE MONTHLY: 83.2 TOTAL FOR MONTH: 2.81 1 = FOG OR MIST
DPTR FM NORMAL: 3.1 DPTR FM NORMAL: -3.15 2 = FOG REDUCING VISIBILITY
HIGHEST: 103 ON 8 GRTST 24HR 1.77 ON 15-16 TO 1/4 MILE OR LESS
LOWEST: 65 ON 19 3 = THUNDER
SNOW, ICE PELLETS, HAIL 4 = ICE PELLETS
TOTAL MONTH: 0.0 INCH 5 = HAIL
GRTST 24HR 0.0 6 = FREEZING RAIN OR DRIZZLE
GRTST DEPTH: 0 7 = DUSTSTORM OR SANDSTORM:
VSBY 1/2 MILE OR LESS
8 = SMOKE OR HAZE
[NO. OF DAYS WITH] [WEATHER - DAYS WITH] 9 = BLOWING SNOW
X = TORNADO
MAX 32 OR BELOW: 0 0.01 INCH OR MORE: 8
MAX 90 OR ABOVE: 26 0.10 INCH OR MORE: 6
MIN 32 OR BELOW: 0 0.50 INCH OR MORE: 2
MIN 0 OR BELOW: 0 1.00 INCH OR MORE: 0
[HDD (BASE 65) ]
TOTAL THIS MO. 0 CLEAR (SCALE 0-3) 20
DPTR FM NORMAL 0 PTCLDY (SCALE 4-7) 5
TOTAL FM JUL 1 0 CLOUDY (SCALE 8-10) 5
DPTR FM NORMAL 0
[CDD (BASE 65) ]
TOTAL THIS MO. 516
DPTR FM NORMAL 63 [PRESSURE DATA]
TOTAL FM JAN 1 3233 HIGHEST SLP M ON M
DPTR FM NORMAL 396 LOWEST SLP 29.82 ON 4
[REMARKS]
#FINAL-09-23#