000
CXUS54 KLCH 011650
CF6LCH
PRELIMINARY LOCAL CLIMATOLOGICAL DATA (WS FORM: F-6)
STATION: LAKE CHARLES
MONTH: JANUARY
YEAR: 2022
LATITUDE: 30 7 N
LONGITUDE: 93 13 W
TEMPERATURE IN F: :PCPN: SNOW: WIND :SUNSHINE: SKY :PK WND
================================================================================
1 2 3 4 5 6A 6B 7 8 9 10 11 12 13 14 15 16 17 18
12Z AVG MX 2MIN
DY MAX MIN AVG DEP HDD CDD WTR SNW DPTH SPD SPD DIR MIN PSBL S-S WX SPD DR
================================================================================
1 80 72 76 23 0 11 T 0.0 M 15.0 26 200 M M 10 18 40 190
2 73 31 52 -1 13 0 0.00 0.0 M 17.1 31 320 M M 6 18 44 330
3 51 28 40 -13 25 0 0.00 0.0 M 7.4 16 10 M M 0 22 10
4 60 32 46 -7 19 0 0.00 0.0 M 6.5 18 200 M M 2 27 170
5 71 50 61 8 4 0 0.01 M M 6.1 16 170 M M 6 1 20 170
6 74 40 57 4 8 0 0.29 M M 10.6 25 20 M M 5 18 32 30
7 52 34 43 -10 22 0 0.00 0.0 M 9.2 18 30 M M 3 23 30
8 69 49 59 6 6 0 0.00 0.0 M 14.2 30 140 M M 9 39 140
9 79 59 69 16 0 4 0.13 0.0 M 10.7 24 30 M M 8 138 32 30
10 59 42 51 -2 14 0 0.00 0.0 M 16.4 25 20 M M 2 34 10
11 60 37 49 -4 16 0 0.00 0.0 M 8.5 21 50 M M 0 26 60
12 63 43 53 0 12 0 T M M 2.3 7 220 M M 5 10 90
13 70 39 55 2 10 0 0.00 0.0 M 6.0 13 300 M M 0 18 19 290
14 72 41 57 4 8 0 0.00 0.0 M 5.7 13 190 M M 0 12 17 220
15 63 33 48 -5 17 0 0.00 0.0 M 16.6 31 320 M M 4 1 44 320
16 54 33 44 -9 21 0 0.00 0.0 M 11.2 24 300 M M 4 37 300
17 64 31 48 -5 17 0 0.00 0.0 M 4.2 13 10 M M 0 16 360
18 70 36 53 0 12 0 0.00 0.0 M 9.3 20 160 M M 2 1 26 160
19 77 52 65 12 0 0 0.01 0.0 M 10.4 24 190 M M 7 3 34 180
20 65 37 51 -2 14 0 1.06 M M 17.5 29 10 M M 10 13 40 10
21 41 32 37 -16 28 0 0.00 0.0 M 14.3 23 20 M M 3 33 20
22 50 27 39 -14 26 0 0.00 0.0 M 8.9 17 40 M M 0 8 27 10
23 58 25 42 -11 23 0 0.00 0.0 M 4.0 13 210 M M 0 18 220
24 52 36 44 -9 21 0 0.61 M M 6.8 17 70 M M 7 18 22 130
25 58 45 52 -2 13 0 0.00 0.0 M 12.2 21 30 M M 9 1 25 40
26 57 34 46 -8 19 0 0.00 0.0 M 10.9 21 50 M M 0 27 50
27 61 32 47 -7 18 0 0.00 0.0 M 6.0 12 60 M M 0 15 60
28 57 41 49 -5 16 0 0.00 0.0 M 11.6 26 340 M M 0 35 340
29 55 30 43 -11 22 0 0.00 0.0 M 5.3 16 200 M M 0 21 210
30 66 35 51 -3 14 0 0.00 0.0 M 6.8 18 240 M M 0 1 26 250
31 69 40 55 1 10 0 0.00 0.0 0 9.1 18 120 M M 5 12 25 120
================================================================================
SM 1950 1196 448 15 2.11 0.0 300.8 M 107
================================================================================
AV 62.9 38.6 9.7 FASTST M M 3 MAX(MPH)
MISC ----> # 31 320 # 44 330
================================================================================
NOTES:
# LAST OF SEVERAL OCCURRENCES
COLUMN 17 PEAK WIND IN M.P.H.
PRELIMINARY LOCAL CLIMATOLOGICAL DATA (WS FORM: F-6) , PAGE 2
STATION: LAKE CHARLES
MONTH: JANUARY
YEAR: 2022
LATITUDE: 30 7 N
LONGITUDE: 93 13 W
[TEMPERATURE DATA] [PRECIPITATION DATA] SYMBOLS USED IN COLUMN 16
AVERAGE MONTHLY: 50.7 TOTAL FOR MONTH: 2.11 1 = FOG OR MIST
DPTR FM NORMAL: -2.5 DPTR FM NORMAL: -3.78 2 = FOG REDUCING VISIBILITY
HIGHEST: 80 ON 1 GRTST 24HR 1.46 ON 8- 9 TO 1/4 MILE OR LESS
LOWEST: 25 ON 23 3 = THUNDER
SNOW, ICE PELLETS, HAIL 4 = ICE PELLETS
TOTAL MONTH: 0.0 INCH 5 = HAIL
GRTST 24HR 0.0 6 = FREEZING RAIN OR DRIZZLE
GRTST DEPTH: 0 7 = DUSTSTORM OR SANDSTORM:
VSBY 1/2 MILE OR LESS
8 = SMOKE OR HAZE
[NO. OF DAYS WITH] [WEATHER - DAYS WITH] 9 = BLOWING SNOW
X = TORNADO
MAX 32 OR BELOW: 0 0.01 INCH OR MORE: 6
MAX 90 OR ABOVE: 0 0.10 INCH OR MORE: 4
MIN 32 OR BELOW: 9 0.50 INCH OR MORE: 2
MIN 0 OR BELOW: 0 1.00 INCH OR MORE: 1
[HDD (BASE 65) ]
TOTAL THIS MO. 448 CLEAR (SCALE 0-3) 16
DPTR FM NORMAL 69 PTCLDY (SCALE 4-7) 10
TOTAL FM JUL 1 765 CLOUDY (SCALE 8-10) 5
DPTR FM NORMAL -133
[CDD (BASE 65) ]
TOTAL THIS MO. 15
DPTR FM NORMAL 1 [PRESSURE DATA]
TOTAL FM JAN 1 15 HIGHEST SLP 30.60 ON 11
DPTR FM NORMAL 1 LOWEST SLP 29.71 ON 1
[REMARKS]
#FINAL-01-22#