000
CXUS52 KMLB 010628
CF6LEE
PRELIMINARY LOCAL CLIMATOLOGICAL DATA (WS FORM: F-6)
STATION: LEESBURG
MONTH: OCTOBER
YEAR: 2023
LATITUDE: 28 49 N
LONGITUDE: 81 49 W
TEMPERATURE IN F: :PCPN: SNOW: WIND :SUNSHINE: SKY :PK WND
================================================================================
1 2 3 4 5 6A 6B 7 8 9 10 11 12 13 14 15 16 17 18
12Z AVG MX 2MIN
DY MAX MIN AVG DEP HDD CDD WTR SNW DPTH SPD SPD DIR MIN PSBL S-S WX SPD DR
================================================================================
1 83 73 78 -1 0 13 0.13 0.0 0 10.9 23 40 M M 7 1 30 30
2 87 71 79 0 0 14 0.06 0.0 0 9.5 22 30 M M 6 18 31 40
3 88 68 78 -1 0 13 T 0.0 0 9.6 23 50 M M 5 18 33 50
4 89 70 80 1 0 15 0.00 0.0 0 9.8 22 50 M M 5 18 30 70
5 90 70 80 2 0 15 0.00 0.0 0 7.4 16 40 M M 1 21 70
6 89 71 80 2 0 15 0.00 0.0 0 5.2 14 60 M M 4 12 19 50
7 87 72 80 2 0 15 0.00 0.0 0 3.9 14 350 M M 6 20 340
8 76 61 69 -9 0 4 0.00 0.0 0 7.3 13 350 M M 1 19 350
9 80 60 70 -7 0 5 0.00 0.0 0 5.4 10 30 M M 0 16 10
10 84 62 73 -4 0 8 0.00 0.0 0 5.4 10 90 M M 0 16 120
11 84 71 78 1 0 13 0.70 0.0 0 7.6 15 50 M M 6 1 21 70
12 86 77 82 5 0 17 0.52 0.0 0 9.1 24 210 M M 9 13 38 210
13 88 73 81 5 0 16 0.00 0.0 0 4.0 13 210 M M 6 1 19 210
14 82 70 76 0 0 11 0.00 0.0 0 6.8 14 320 M M 2 21 300
15 77 64 71 -5 0 6 0.00 0.0 0 8.4 14 270 M M 2 24 270
16 71 58 65 -11 0 0 0.00 0.0 0 8.8 15 310 M M 4 24 290
17 71 53 62 -13 3 0 0.00 0.0 0 6.1 13 340 M M 0 20 320
18 78 51 65 -10 0 0 0.00 0.0 0 5.7 12 40 M M 0 17 40
19 81 57 69 -5 0 4 0.00 0.0 0 3.6 8 360 M M 0 12 110
20 80 59 70 -4 0 5 0.00 0.0 0 5.6 14 280 M M 0 1 23 270
21 85 62 74 0 0 9 0.00 0.0 0 4.6 12 310 M M 0 18 310
22 84 56 70 -4 0 5 0.00 0.0 0 2.2 8 290 M M 0 12 280
23 86 62 74 1 0 9 0.00 0.0 0 6.1 16 60 M M 0 21 60
24 85 63 74 1 0 9 0.00 0.0 0 8.8 21 60 M M 3 30 50
25 85 64 75 2 0 10 T 0.0 0 8.4 21 70 M M 5 33 60
26 86 65 76 4 0 11 0.00 0.0 0 9.1 20 60 M M 6 29 50
27 86 67 77 5 0 12 0.00 0.0 0 7.9 17 50 M M 5 23 50
28 86 66 76 4 0 11 0.00 0.0 0 8.0 16 70 M M 1 22 60
29 87 65 76 5 0 11 0.00 0.0 0 8.0 17 110 M M 0 22 100
30 86 63 75 4 0 10 0.00 0.0 0 4.4 10 100 M M 1 12 15 60
31 85 66 76 5 0 11 0.00 0.0 0 4.2 10 320 M M 3 12 18 320
================================================================================
SM 2592 2010 3 297 1.41 0.0 211.8 M 88
================================================================================
AV 83.6 64.8 6.8 FASTST M M 3 MAX(MPH)
MISC ----> 24 210 38 210
================================================================================
NOTES:
# LAST OF SEVERAL OCCURRENCES
COLUMN 17 PEAK WIND IN M.P.H.
PRELIMINARY LOCAL CLIMATOLOGICAL DATA (WS FORM: F-6) , PAGE 2
STATION: LEESBURG
MONTH: OCTOBER
YEAR: 2023
LATITUDE: 28 49 N
LONGITUDE: 81 49 W
[TEMPERATURE DATA] [PRECIPITATION DATA] SYMBOLS USED IN COLUMN 16
AVERAGE MONTHLY: 74.2 TOTAL FOR MONTH: 1.41 1 = FOG OR MIST
DPTR FM NORMAL: -1.1 DPTR FM NORMAL: -1.21 2 = FOG REDUCING VISIBILITY
HIGHEST: 90 ON 5 GRTST 24HR 1.04 ON 11-12 TO 1/4 MILE OR LESS
LOWEST: 51 ON 18 3 = THUNDER
SNOW, ICE PELLETS, HAIL 4 = ICE PELLETS
TOTAL MONTH: 0.0 INCH 5 = HAIL
GRTST 24HR 0.0 6 = FREEZING RAIN OR DRIZZLE
GRTST DEPTH: 0 7 = DUSTSTORM OR SANDSTORM:
VSBY 1/2 MILE OR LESS
8 = SMOKE OR HAZE
[NO. OF DAYS WITH] [WEATHER - DAYS WITH] 9 = BLOWING SNOW
X = TORNADO
MAX 32 OR BELOW: 0 0.01 INCH OR MORE: 4
MAX 90 OR ABOVE: 1 0.10 INCH OR MORE: 3
MIN 32 OR BELOW: 0 0.50 INCH OR MORE: 2
MIN 0 OR BELOW: 0 1.00 INCH OR MORE: 0
[HDD (BASE 65) ]
TOTAL THIS MO. 3 CLEAR (SCALE 0-3) 17
DPTR FM NORMAL -4 PTCLDY (SCALE 4-7) 13
TOTAL FM JUL 1 3 CLOUDY (SCALE 8-10) 1
DPTR FM NORMAL 0
[CDD (BASE 65) ]
TOTAL THIS MO. 297
DPTR FM NORMAL -29 [PRESSURE DATA]
TOTAL FM JAN 1 3635 HIGHEST SLP M ON M
DPTR FM NORMAL 341 LOWEST SLP 29.61 ON 12
[REMARKS]
#FINAL-10-23#