000
CXUS53 KLMK 011340
CLMLEX
CLIMATE REPORT
NATIONAL WEATHER SERVICE LOUISVILLE KY
840 AM EST FRI MAR 01 2024
...................................
...THE LEXINGTON KY CLIMATE SUMMARY FOR THE MONTH OF FEBRUARY 2024...
CLIMATE NORMAL PERIOD 1991 TO 2020
CLIMATE RECORD PERIOD 1872 TO 2024
WEATHER OBSERVED NORMAL DEPART LAST YEAR`S
VALUE DATE(S) VALUE FROM VALUE DATE(S)
NORMAL
................................................................
TEMPERATURE (F)
RECORD
HIGH 80 02/20/2018
02/23/1996
01/31/2038
LOW -20 02/13/1899
HIGHEST 73 02/26 MM MM 77 02/22
LOWEST 16 02/18 MM MM 17 02/04
AVG. MAXIMUM 56.9 46.8 10.1 57.4
AVG. MINIMUM 33.9 28.3 5.6 36.4
MEAN 45.4 37.5 7.9 46.9
DAYS MAX >= 90 0 0.0 0.0 0
DAYS MAX <= 32 1 5.0 -4.0 1
DAYS MIN <= 32 14 19.2 -5.2 12
DAYS MIN <= 0 0 0.2 -0.2 0
PRECIPITATION (INCHES)
RECORD
MAXIMUM 10.13 2018
MINIMUM 0.52 1895
TOTALS 4.55 3.64 0.91 3.72
DAILY AVG. 0.16 NAN NAN 0.13
DAYS >= .01 9 11.6 -2.6 8
DAYS >= .10 6 6.9 -0.9 4
DAYS >= .50 4 2.4 1.6 2
DAYS >= 1.00 1 0.9 0.1 1
GREATEST
24 HR. TOTAL 1.43 02/28 TO 02/28
SNOWFALL (INCHES)
RECORDS
TOTAL 17.4 1998
TOTALS 1.5 4.5 -3.0 T
SINCE 7/1 6.9 11.5 -4.6 MM
DAYS >= TRACE 2
DAYS >= 1.0 1 1.0 0.0 0
GREATEST
SNOW DEPTH 1 02/17 MM MM
DEGREE DAYS
HEATING TOTAL 559 769 -210 500
SINCE 7/1 2840 3495 -655 MM
COOLING TOTAL 0 0 0 0
SINCE 1/1 0 0 0 MM
................................................................
WIND (MPH)
AVERAGE WIND SPEED 9.3
HIGHEST WIND SPEED/DIRECTION 37/270 DATE 02/28
HIGHEST GUST SPEED/DIRECTION 56/290 DATE 02/28
SKY COVER
POSSIBLE SUNSHINE (PERCENT) MM
AVERAGE SKY COVER 0.30
NUMBER OF DAYS FAIR 18
NUMBER OF DAYS PC 7
NUMBER OF DAYS CLOUDY 4
AVERAGE RH (PERCENT) 61
WEATHER CONDITIONS. NUMBER OF DAYS WITH
THUNDERSTORM 3 MIXED PRECIP 0
HEAVY RAIN 4 RAIN 6
LIGHT RAIN 11 FREEZING RAIN 0
LT FREEZING RAIN 0 HAIL 0
HEAVY SNOW 0 SNOW 1
LIGHT SNOW 2 SLEET 0
FOG 9 FOG W/VIS <= 1/4 MILE 0
HAZE 2
- INDICATES NEGATIVE NUMBERS.
R INDICATES RECORD WAS SET OR TIED.
MM INDICATES DATA IS MISSING.
T INDICATES TRACE AMOUNT.
$$