000
CXUS56 KLOX 011155
CF6LGB
PRELIMINARY LOCAL CLIMATOLOGICAL DATA (WS FORM: F-6)
STATION: LONG BEACH AIRPORT CA
MONTH: MARCH
YEAR: 2023
LATITUDE: 33 49 N
LONGITUDE: 118 9 W
TEMPERATURE IN F: :PCPN: SNOW: WIND :SUNSHINE: SKY :PK WND
================================================================================
1 2 3 4 5 6A 6B 7 8 9 10 11 12 13 14 15 16 17 18
12Z AVG MX 2MIN
DY MAX MIN AVG DEP HDD CDD WTR SNW DPTH SPD SPD DIR MIN PSBL S-S WX SPD DR
================================================================================
1 58 49 54 -5 11 0 0.36 M M 16.6 31 280 M M 5 8 41 290
2 60 41 51 -8 14 0 0.00 M M 3.9 15 310 M M 0 19 320
3 62 44 53 -6 12 0 0.00 M M 3.4 12 190 M M 2 16 190
4 61 46 54 -5 11 0 T M M 4.6 12 250 M M 5 17 140
5 60 50 55 -4 10 0 0.07 M M 4.6 13 210 M M 8 8 16 190
6 63 49 56 -3 9 0 T M M 5.3 16 290 M M 3 20 270
7 65 47 56 -3 9 0 0.00 M M 4.6 17 300 M M 0 21 290
8 63 47 55 -4 10 0 0.00 M M 4.0 13 320 M M 1 8 16 190
9 69 50 60 1 5 0 0.00 M M 4.2 15 290 M M 1 18 300
10 60 54 57 -2 8 0 1.03 M M 6.5 13 140 M M 10 18 18 70
11 66 60 63 3 2 0 0.18 M M 5.1 10 190 M M 10 18 14 170
12 69 58 64 4 1 0 0.00 M M 5.6 14 300 M M 9 128 15 310
13 69 58 64 4 1 0 0.00 M M 5.6 13 320 M M 8 8 18 270
14 63 58 61 1 4 0 1.53 M M 5.0 15 140 M M 10 18 21 130
15 65 57 61 1 4 0 0.81 M M 7.7 17 290 M M 10 18 26 150
16 64 55 60 0 5 0 0.00 M M 5.3 12 210 M M 6 8 16 150
17 73 50 62 2 3 0 0.00 M M 4.0 16 280 M M 1 18 270
18 77 53 65 5 0 0 0.00 M M 4.1 12 200 M M 0 8 14 200
19 65 56 61 1 4 0 0.03 M M 5.6 14 110 M M 9 8 19 120
20 65 56 61 1 4 0 0.10 M M 6.7 14 200 M M 9 18 17 220
21 65 52 59 -1 6 0 1.53 M M 10.2 23 220 M M 9 138 35 160
22 63 50 57 -3 8 0 0.05 M M 6.2 20 210 M M 6 27 200
23 64 53 59 -1 6 0 0.07 M M 6.1 18 280 M M 6 8 24 290
24 70 50 60 -1 5 0 0.00 M M 9.3 22 320 M M 0 29 300
25 68 49 59 -2 6 0 0.00 M M 6.2 16 310 M M 1 20 280
26 69 46 58 -3 7 0 0.00 M M 7.4 24 280 M M 0 31 290
27 77 47 62 1 3 0 0.00 M M 5.1 15 290 M M 0 20 50
28 73 52 63 2 2 0 0.00 M M 4.5 17 280 M M 1 23 210
29 65 52 59 -2 6 0 0.94 M M 8.5 18 240 M M 7 8 26 250
30 62 50 56 -5 9 0 0.21 M M 5.2 17 290 M M 5 20 280
31 67 48 58 -3 7 0 0.00 M M 4.8 15 290 M M 0 19 290
================================================================================
SM 2040 1587 192 0 6.91 M 185.9 M 142
================================================================================
AV 65.8 51.2 6.0 FASTST M M 5 MAX(MPH)
MISC ----> 31 280 41 290
================================================================================
NOTES:
# LAST OF SEVERAL OCCURRENCES
COLUMN 17 PEAK WIND IN M.P.H.
PRELIMINARY LOCAL CLIMATOLOGICAL DATA (WS FORM: F-6) , PAGE 2
STATION: LONG BEACH AIRPORT CA
MONTH: MARCH
YEAR: 2023
LATITUDE: 33 49 N
LONGITUDE: 118 9 W
[TEMPERATURE DATA] [PRECIPITATION DATA] SYMBOLS USED IN COLUMN 16
AVERAGE MONTHLY: 58.5 TOTAL FOR MONTH: 6.91 1 = FOG OR MIST
DPTR FM NORMAL: -1.4 DPTR FM NORMAL: 5.26 2 = FOG REDUCING VISIBILITY
HIGHEST: 77 ON 27,18 GRTST 24HR 1.59 ON 20-21 TO 1/4 MILE OR LESS
LOWEST: 41 ON 2 3 = THUNDER
SNOW, ICE PELLETS, HAIL 4 = ICE PELLETS
TOTAL MONTH: M 5 = HAIL
GRTST 24HR M ON M 6 = FREEZING RAIN OR DRIZZLE
GRTST DEPTH: M ON M 7 = DUSTSTORM OR SANDSTORM:
VSBY 1/2 MILE OR LESS
8 = SMOKE OR HAZE
[NO. OF DAYS WITH] [WEATHER - DAYS WITH] 9 = BLOWING SNOW
X = TORNADO
MAX 32 OR BELOW: 0 0.01 INCH OR MORE: 13
MAX 90 OR ABOVE: 0 0.10 INCH OR MORE: 9
MIN 32 OR BELOW: 0 0.50 INCH OR MORE: 5
MIN 0 OR BELOW: 0 1.00 INCH OR MORE: 3
[HDD (BASE 65) ]
TOTAL THIS MO. 192 CLEAR (SCALE 0-3) 13
DPTR FM NORMAL 23 PTCLDY (SCALE 4-7) 10
TOTAL FM JUL 1 1010 CLOUDY (SCALE 8-10) 8
DPTR FM NORMAL -16
[CDD (BASE 65) ]
TOTAL THIS MO. 0
DPTR FM NORMAL -11 [PRESSURE DATA]
TOTAL FM JAN 1 1 HIGHEST SLP 30.26 ON 24
DPTR FM NORMAL -20 LOWEST SLP 29.67 ON 21
[REMARKS]
#FINAL-03-23#