000
CXUS54 KFWD 010731
CF6LHB
PRELIMINARY LOCAL CLIMATOLOGICAL DATA (WS FORM: F-6)
STATION: HEARNE
MONTH: SEPTEMBER
YEAR: 2022
LATITUDE: 30 52 N
LONGITUDE: 96 36 W
TEMPERATURE IN F: :PCPN: SNOW: WIND :SUNSHINE: SKY :PK WND
================================================================================
1 2 3 4 5 6A 6B 7 8 9 10 11 12 13 14 15 16 17 18
12Z AVG MX 2MIN
DY MAX MIN AVG DEP HDD CDD WTR SNW DPTH SPD SPD DIR MIN PSBL S-S WX SPD DR
================================================================================
1 94 74 84 M 0 19 0.41 M M 2.3 9 300 M M 0 3 17 300
2 91 73 82 M 0 17 0.00 M M 1.5 8 160 M M 2 M M
3 88 73 81 M 0 16 0.00 M M 1.3 9 150 M M 1 16 150
4 91 71 81 M 0 16 0.25 M M 2.9 16 10 M M 2 29 10
5 93 71 82 M 0 17 0.00 M M 3.2 9 140 M M 0 M M
6 93 73 83 M 0 18 0.00 M M 3.7 9 150 M M 1 M M
7 96 73 85 M 0 20 0.29 M M 2.6 14 150 M M 2 3 17 150
8 91 71 81 M 0 16 0.00 M M 2.4 8 30 M M 2 M M
9 92 71 82 M 0 17 0.00 M M 2.2 5 60 M M 1 M M
10 92 70 81 M 0 16 0.00 M M 1.0 5 50 M M 3 M M
11 89 71 80 M 0 15 0.00 M M 4.1 10 20 M M 1 18 330
12 89 66 78 M 0 13 0.00 M M 2.3 6 360 M M 1 M M
13 91 70 81 M 0 16 0.00 M M 2.0 7 120 M M 1 M M
14 90 67 79 M 0 14 0.00 M M 2.4 6 50 M M 1 M M
15 90 61 76 M 0 11 0.00 M M 1.5 7 90 M M 1 M M
16 94 69 82 M 0 17 0.00 M M 3.0 7 140 M M 3 M M
17 94 76 85 M 0 20 0.00 M M 4.6 10 160 M M 5 1 20 130
18 94 70 82 M 0 17 0.00 M M 2.2 6 130 M M 0 M M
19 95 72 84 M 0 19 0.00 M M 2.3 8 140 M M 1 M M
20 96 72 84 M 0 19 0.00 M M 1.3 6 110 M M 1 M M
21 96 69 83 M 0 18 0.00 M M 0.8 5 110 M M 0 M M
22 98 68 83 M 0 18 0.00 M M 1.3 8 40 M M 1 M M
23 98 69 84 M 0 19 0.00 M M 1.2 6 120 M M 1 M M
24 95 67 81 M 0 16 0.00 M M 2.7 9 160 M M 1 1 M M
25 97 67 82 M 0 17 0.00 M M 0.3 3 70 M M 0 M M
26 91 59 75 M 0 10 0.00 M M 6.6 15 20 M M 0 23 20
27 91 50 71 M 0 6 0.00 M M 1.4 7 20 M M 0 10 20
28 91 55 73 M 0 8 0.00 M M 1.1 9 140 M M 0 M M
29 88 58 73 M 0 8 0.00 M M 1.9 7 130 M M 0 M M
30 85 53 69 M 0 4 0.00 M M 2.7 8 80 M M 0 M M
================================================================================
SM 2773 2029 0 457 0.95 M 68.8 M 32
================================================================================
AV 92.4 67.6 2.3 FASTST M M 1 MAX(MPH)
MISC ----> 16 10 29 10
================================================================================
NOTES:
# LAST OF SEVERAL OCCURRENCES
COLUMN 17 PEAK WIND IN M.P.H.
PRELIMINARY LOCAL CLIMATOLOGICAL DATA (WS FORM: F-6) , PAGE 2
STATION: HEARNE
MONTH: SEPTEMBER
YEAR: 2022
LATITUDE: 30 52 N
LONGITUDE: 96 36 W
[TEMPERATURE DATA] [PRECIPITATION DATA] SYMBOLS USED IN COLUMN 16
AVERAGE MONTHLY: 80.0 TOTAL FOR MONTH: 0.95 1 = FOG OR MIST
DPTR FM NORMAL: 0.0 DPTR FM NORMAL: M 2 = FOG REDUCING VISIBILITY
HIGHEST: 98 ON 23,22 GRTST 24HR 0.41 ON 1- 1 TO 1/4 MILE OR LESS
LOWEST: 50 ON 27 3 = THUNDER
SNOW, ICE PELLETS, HAIL 4 = ICE PELLETS
TOTAL MONTH: M 5 = HAIL
GRTST 24HR M ON M 6 = FREEZING RAIN OR DRIZZLE
GRTST DEPTH: M ON M 7 = DUSTSTORM OR SANDSTORM:
VSBY 1/2 MILE OR LESS
8 = SMOKE OR HAZE
[NO. OF DAYS WITH] [WEATHER - DAYS WITH] 9 = BLOWING SNOW
X = TORNADO
MAX 32 OR BELOW: 0 0.01 INCH OR MORE: 3
MAX 90 OR ABOVE: 25 0.10 INCH OR MORE: 3
MIN 32 OR BELOW: 0 0.50 INCH OR MORE: 0
MIN 0 OR BELOW: 0 1.00 INCH OR MORE: 0
[HDD (BASE 65) ]
TOTAL THIS MO. 0 CLEAR (SCALE 0-3) 28
DPTR FM NORMAL M PTCLDY (SCALE 4-7) 2
TOTAL FM JUL 1 0 CLOUDY (SCALE 8-10) 0
DPTR FM NORMAL M
[CDD (BASE 65) ]
TOTAL THIS MO. 457
DPTR FM NORMAL M [PRESSURE DATA]
TOTAL FM JAN 1 3296 HIGHEST SLP M ON M
DPTR FM NORMAL M LOWEST SLP M ON M
[REMARKS]
#FINAL-09-22#