000
CXUS55 KPUB 011310
CF6LHX
PRELIMINARY LOCAL CLIMATOLOGICAL DATA (WS FORM: F-6)
STATION: LA JUNTA CO
MONTH: NOVEMBER
YEAR: 2022
LATITUDE: 38 2 N
LONGITUDE: 103 31 W
TEMPERATURE IN F: :PCPN: SNOW: WIND :SUNSHINE: SKY :PK WND
================================================================================
1 2 3 4 5 6A 6B 7 8 9 10 11 12 13 14 15 16 17 18
12Z AVG MX 2MIN
DY MAX MIN AVG DEP HDD CDD WTR SNW DPTH SPD SPD DIR MIN PSBL S-S WX SPD DR
================================================================================
1 75 31 53 5 12 0 0.00 M M 10.8 20 220 M M 0 24 230
2 77 45 61 14 4 0 0.00 M M 15.4 28 210 M M 0 43 210
3 71 35 53 6 12 0 T M M 13.4 32 30 M M 3 43 30
4 47 29 38 -9 27 0 T M M 6.2 13 230 M M 6 16 350
5 71 23 47 1 18 0 0.00 M M 12.3 26 290 M M 0 34 280
6 58 34 46 0 19 0 0.00 M M 10.0 20 250 M M 1 24 120
7 70 36 53 8 12 0 0.00 M M 13.8 24 160 M M 0 32 160
8 80 41 61 16 4 0 0.00 M M 14.4 35 190 M M 0 45 190
9 79 43 61 16 4 0 0.00 M M 19.3 32 180 M M 0 46 200
10 54 26 40 -4 25 0 0.00 M M 9.2 29 40 M M 2 35 50
11 37 19 28 -16 37 0 T M M 5.0 15 60 M M 5 19 70
12 47 13 30 -13 35 0 0.00 M M 7.0 13 120 M M 0 16 130
13 56 15 36 -7 29 0 0.00 M M 10.9 23 20 M M 2 31 10
14 41 24 33 -9 32 0 T M M 6.1 16 10 M M 8 1 22 30
15 40 15 28 -14 37 0 0.00 M M 6.7 15 250 M M 5 17 260
16 46 12 29 -13 36 0 0.00 M M 8.6 21 270 M M 1 27 330
17 43 12 28 -13 37 0 T M M 11.5 29 40 M M 5 1 35 40
18 22 9 16 -25 49 0 T M M 8.4 15 60 M M 7 1 18 60
19 41 7 24 -16 41 0 0.00 M M 6.7 14 250 M M 0 19 230
20 53 10 32 -8 33 0 0.00 M M 8.1 16 270 M M 0 19 270
21 57 16 37 -3 28 0 0.00 M M 7.1 15 270 M M 0 18 270
22 59 16 38 -1 27 0 0.00 M M 7.9 16 260 M M 0 20 270
23 60 19 40 1 25 0 0.00 M M 11.9 31 10 M M 0 43 20
24 44 24 34 -4 31 0 0.00 M M 16.9 31 360 M M 5 43 360
25 54 18 36 -2 29 0 0.00 M M 6.7 15 280 M M 0 18 280
26 64 16 40 2 25 0 0.00 M M 10.3 26 10 M M 0 32 20
27 47 19 33 -4 32 0 0.02 M M 7.1 15 280 M M 6 1 19 20
28 67 15 41 4 24 0 0.00 M M 9.6 32 230 M M 0 12 41 260
29 33 8 21 -15 44 0 T M M 10.7 21 20 M M 5 1 27 360
30 37 3 20 -16 45 0 0.00 M M 6.1 13 260 M M 0 15 270
================================================================================
SM 1630 633 813 0 0.02 M 298.1 M 61
================================================================================
AV 54.3 21.1 9.9 FASTST M M 2 MAX(MPH)
MISC ----> 35 190 46 200
================================================================================
NOTES:
# LAST OF SEVERAL OCCURRENCES
COLUMN 17 PEAK WIND IN M.P.H.
PRELIMINARY LOCAL CLIMATOLOGICAL DATA (WS FORM: F-6) , PAGE 2
STATION: LA JUNTA CO
MONTH: NOVEMBER
YEAR: 2022
LATITUDE: 38 2 N
LONGITUDE: 103 31 W
[TEMPERATURE DATA] [PRECIPITATION DATA] SYMBOLS USED IN COLUMN 16
AVERAGE MONTHLY: 37.7 TOTAL FOR MONTH: 0.02 1 = FOG OR MIST
DPTR FM NORMAL: -4.1 DPTR FM NORMAL: -0.35 2 = FOG REDUCING VISIBILITY
HIGHEST: 80 ON 8 GRTST 24HR 0.02 ON 27-27 TO 1/4 MILE OR LESS
LOWEST: 3 ON 30 3 = THUNDER
SNOW, ICE PELLETS, HAIL 4 = ICE PELLETS
TOTAL MONTH: M 5 = HAIL
GRTST 24HR M ON M 6 = FREEZING RAIN OR DRIZZLE
GRTST DEPTH: M ON M 7 = DUSTSTORM OR SANDSTORM:
VSBY 1/2 MILE OR LESS
8 = SMOKE OR HAZE
[NO. OF DAYS WITH] [WEATHER - DAYS WITH] 9 = BLOWING SNOW
X = TORNADO
MAX 32 OR BELOW: 1 0.01 INCH OR MORE: 1
MAX 90 OR ABOVE: 0 0.10 INCH OR MORE: 0
MIN 32 OR BELOW: 24 0.50 INCH OR MORE: 0
MIN 0 OR BELOW: 0 1.00 INCH OR MORE: 0
[HDD (BASE 65) ]
TOTAL THIS MO. 813 CLEAR (SCALE 0-3) 20
DPTR FM NORMAL 118 PTCLDY (SCALE 4-7) 10
TOTAL FM JUL 1 1142 CLOUDY (SCALE 8-10) 0
DPTR FM NORMAL 54
[CDD (BASE 65) ]
TOTAL THIS MO. 0
DPTR FM NORMAL 0 [PRESSURE DATA]
TOTAL FM JAN 1 1386 HIGHEST SLP 30.59 ON 19
DPTR FM NORMAL 30 LOWEST SLP 29.38 ON 28
[REMARKS]
#FINAL-11-22#