000
CXUS55 KPUB 011210
CF6LHX
PRELIMINARY LOCAL CLIMATOLOGICAL DATA (WS FORM: F-6)
STATION: LA JUNTA CO
MONTH: JUNE
YEAR: 2021
LATITUDE: 38 2 N
LONGITUDE: 103 31 W
TEMPERATURE IN F: :PCPN: SNOW: WIND :SUNSHINE: SKY :PK WND
================================================================================
1 2 3 4 5 6A 6B 7 8 9 10 11 12 13 14 15 16 17 18
12Z AVG MX 2MIN
DY MAX MIN AVG DEP HDD CDD WTR SNW DPTH SPD SPD DIR MIN PSBL S-S WX SPD DR
================================================================================
1 72 50 61 -9 4 0 0.18 M M 6.7 35 310 M M 3 123 50 310
2 76 50 63 -7 2 0 0.00 M M 5.6 12 280 M M 0 15 140
3 82 52 67 -3 0 2 0.00 M M 5.8 14 100 M M 0 22 70
4 87 54 71 0 0 6 0.00 M M 5.7 13 80 M M 0 17 80
5 89 56 73 2 0 8 0.00 M M 7.1 14 220 M M 0 24 70
6 91 57 74 2 0 9 0.00 M M 6.0 22 330 M M 1 28 330
7 95 59 77 5 0 12 0.00 M M 6.6 14 310 M M 0 18 190
8 97 56 77 5 0 12 0.00 M M 7.7 24 120 M M 0 32 120
9 90 58 74 2 0 9 0.00 M M 8.6 17 270 M M 0 22 120
10 100 62 81 8 0 16 0.00 M M 5.9 15 80 M M 1 128 21 60
11 84 55 70 -3 0 5 0.00 M M 9.5 18 50 M M 0 26 40
12 92 53 73 0 0 8 0.00 M M 8.3 26 120 M M 0 36 120
13 99 62 81 7 0 16 0.00 M M 9.4 24 120 M M 0 33 110
14 101 65 83 9 0 18 0.00 M M 9.2 22 120 M M 0 28 120
15 104 67 86 12 0 21 0.00 M M 6.8 23 140 M M 0 32 130
16 103 59 81 6 0 16 0.00 M M 5.6 13 210 M M 0 8 18 220
17 104 65 85 10 0 20 0.00 M M 8.0 18 250 M M 0 24 260
18 101 67 84 9 0 19 T M M 11.6 22 50 M M 0 3 29 60
19 95 63 79 4 0 14 0.02 M M 7.8 43 220 M M 1 38 66 240
20 95 58 77 1 0 12 0.00 M M 12.3 28 80 M M 0 38 34 80
21 76 59 68 -8 0 3 0.00 M M 7.4 20 40 M M 6 27 30
22 99 57 78 2 0 13 0.00 M M 6.5 16 90 M M 0 20 90
23 106 62 84 8 0 19 0.00 M M 8.8 18 280 M M 0 25 290
24 96 66 81 5 0 16 T M M 11.2 33 20 M M 1 3 45 20
25 89 60 75 -2 0 10 0.07 M M 6.6 33 220 M M 2 3 42 210
26 78 60 69 -8 0 4 0.04 M M 9.0 21 40 M M 8 27 50
27 79 57 68 -9 0 3 T M M 6.7 16 350 M M 3 22 340
28 82 61 72 -5 0 7 T M M 5.1 15 50 M M 6 19 50
29 78 57 68 -10 0 3 0.01 M M 6.7 14 160 M M 4 21 120
30 83 62 73 -5 0 8 0.05 M M 8.0 18 120 M M 5 1 26 120
================================================================================
SM 2723 1769 6 309 0.37 M 230.2 M 41
================================================================================
AV 90.8 59.0 7.7 FASTST M M 1 MAX(MPH)
MISC ----> 43 220 66 240
================================================================================
NOTES:
# LAST OF SEVERAL OCCURRENCES
COLUMN 17 PEAK WIND IN M.P.H.
PRELIMINARY LOCAL CLIMATOLOGICAL DATA (WS FORM: F-6) , PAGE 2
STATION: LA JUNTA CO
MONTH: JUNE
YEAR: 2021
LATITUDE: 38 2 N
LONGITUDE: 103 31 W
[TEMPERATURE DATA] [PRECIPITATION DATA] SYMBOLS USED IN COLUMN 16
AVERAGE MONTHLY: 74.9 TOTAL FOR MONTH: 0.37 1 = FOG OR MIST
DPTR FM NORMAL: 0.7 DPTR FM NORMAL: -0.94 2 = FOG REDUCING VISIBILITY
HIGHEST: 106 ON 23 GRTST 24HR 0.20 ON 31- 1 TO 1/4 MILE OR LESS
LOWEST: 50 ON 2, 1 3 = THUNDER
SNOW, ICE PELLETS, HAIL 4 = ICE PELLETS
TOTAL MONTH: M 5 = HAIL
GRTST 24HR M ON M 6 = FREEZING RAIN OR DRIZZLE
GRTST DEPTH: M ON M 7 = DUSTSTORM OR SANDSTORM:
VSBY 1/2 MILE OR LESS
8 = SMOKE OR HAZE
[NO. OF DAYS WITH] [WEATHER - DAYS WITH] 9 = BLOWING SNOW
X = TORNADO
MAX 32 OR BELOW: 0 0.01 INCH OR MORE: 6
MAX 90 OR ABOVE: 17 0.10 INCH OR MORE: 1
MIN 32 OR BELOW: 0 0.50 INCH OR MORE: 0
MIN 0 OR BELOW: 0 1.00 INCH OR MORE: 0
[HDD (BASE 65) ]
TOTAL THIS MO. 6 CLEAR (SCALE 0-3) 24
DPTR FM NORMAL -4 PTCLDY (SCALE 4-7) 6
TOTAL FM JUL 1 5067 CLOUDY (SCALE 8-10) 0
DPTR FM NORMAL 34
[CDD (BASE 65) ]
TOTAL THIS MO. 309
DPTR FM NORMAL 23 [PRESSURE DATA]
TOTAL FM JAN 1 388 HIGHEST SLP 30.16 ON 1
DPTR FM NORMAL 14 LOWEST SLP 29.54 ON 10
[REMARKS]
#FINAL-06-21#