000
CXHW51 PHFO 281250
CF6LIH
PRELIMINARY LOCAL CLIMATOLOGICAL DATA (WS FORM: F-6)
STATION: LIHUE HI
MONTH: MARCH
YEAR: 2024
LATITUDE: 21 58 N
LONGITUDE: 159 21 W
TEMPERATURE IN F: :PCPN: SNOW: WIND :SUNSHINE: SKY :PK WND
================================================================================
1 2 3 4 5 6A 6B 7 8 9 10 11 12 13 14 15 16 17 18
12Z AVG MX 2MIN
DY MAX MIN AVG DEP HDD CDD WTR SNW DPTH SPD SPD DIR MIN PSBL S-S WX SPD DR
================================================================================
1 77 67 72 0 0 7 0.02 M M 14.6 21 50 M M 3 8 27 80
2 77 69 73 1 0 8 T M M 15.0 22 70 M M 4 1 25 60
3 76 66 71 -1 0 6 0.10 M M 17.5 28 30 M M 7 18 33 40
4 75 65 70 -2 0 5 0.03 M M 15.5 24 70 M M 7 1 29 70
5 75 65 70 -2 0 5 0.19 M M 19.8 26 60 M M 6 1 34 60
6 75 66 71 -1 0 6 T M M 21.6 29 50 M M 6 18 36 40
7 75 66 71 -1 0 6 T M M 22.9 29 40 M M 7 34 40
8 75 64 70 -2 0 5 0.03 M M 22.1 28 50 M M 6 1 35 60
9 74 65 70 -2 0 5 0.01 M M 20.1 28 50 M M 5 18 31 40
10 72 65 69 -3 0 4 0.09 M M 19.1 26 70 M M 7 18 34 50
11 75 64 70 -3 0 5 0.01 M M 17.1 24 60 M M 7 1 30 60
12 76 66 71 -2 0 6 0.00 M M 10.7 21 80 M M 5 26 90
13 73 63 68 -5 0 3 0.10 M M 5.1 14 350 M M 7 1 17 350
14 73 62 68 -5 0 3 0.00 M M 13.3 22 10 M M 8 26 10
15 73 59 66 -7 0 1 T M M 10.4 21 20 M M 5 25 350
16 73 59 66 -7 0 1 T M M 12.2 20 20 M M 6 25 50
17 74 64 69 -4 0 4 T M M 14.3 22 40 M M 6 25 50
18 74 66 70 -3 0 5 0.00 M M 12.3 16 80 M M 5 20 70
19 75 66 71 -2 0 6 T M M 12.1 17 50 M M 4 21 50
20 75 63 69 -4 0 4 0.04 M M 15.4 23 80 M M 6 1 29 70
21 75 66 71 -2 0 6 0.00 M M 16.5 23 40 M M 3 27 50
22 74 66 70 -3 0 5 T M M 17.3 23 60 M M 3 28 60
23 75 65 70 -3 0 5 0.03 M M 17.9 25 70 M M 7 1 31 70
24 76 67 72 -1 0 7 T M M 15.7 23 80 M M 6 26 70
25 76 68 72 -1 0 7 T M M 14.1 20 90 M M 8 23 90
26 76 64 70 -4 0 5 0.01 M M 14.8 24 80 M M 7 1 27 70
27 76 64 70 -4 0 5 0.07 M M 16.9 22 40 M M 7 1 27 70
================================================================================
SM 2020 1750 0 135 0.73 M 424.3 M 158
================================================================================
AV 74.8 64.8 15.7 FASTST M M 6 MAX(MPH)
MISC ----> # 29 50 36 40
================================================================================
NOTES:
# LAST OF SEVERAL OCCURRENCES
COLUMN 17 PEAK WIND IN M.P.H.
PRELIMINARY LOCAL CLIMATOLOGICAL DATA (WS FORM: F-6) , PAGE 2
STATION: LIHUE HI
MONTH: MARCH
YEAR: 2024
LATITUDE: 21 58 N
LONGITUDE: 159 21 W
[TEMPERATURE DATA] [PRECIPITATION DATA] SYMBOLS USED IN COLUMN 16
AVERAGE MONTHLY: 69.8 TOTAL FOR MONTH: 0.73 1 = FOG OR MIST
DPTR FM NORMAL: -2.9 DPTR FM NORMAL: -4.28 2 = FOG REDUCING VISIBILITY
HIGHEST: 77 ON 2, 1 GRTST 24HR 0.21 ON 4- 5 TO 1/4 MILE OR LESS
LOWEST: 59 ON 16,15 3 = THUNDER
SNOW, ICE PELLETS, HAIL 4 = ICE PELLETS
TOTAL MONTH: M 5 = HAIL
GRTST 24HR M ON M 6 = FREEZING RAIN OR DRIZZLE
GRTST DEPTH: M ON M 7 = DUSTSTORM OR SANDSTORM:
VSBY 1/2 MILE OR LESS
8 = SMOKE OR HAZE
[NO. OF DAYS WITH] [WEATHER - DAYS WITH] 9 = BLOWING SNOW
X = TORNADO
MAX 32 OR BELOW: 0 0.01 INCH OR MORE: 13
MAX 90 OR ABOVE: 0 0.10 INCH OR MORE: 3
MIN 32 OR BELOW: 0 0.50 INCH OR MORE: 0
MIN 0 OR BELOW: 0 1.00 INCH OR MORE: 0
[HDD (BASE 65) ]
TOTAL THIS MO. 0 CLEAR (SCALE 0-3) 0
DPTR FM NORMAL 0 PTCLDY (SCALE 4-7) 26
TOTAL FM JUL 1 0 CLOUDY (SCALE 8-10) 1
DPTR FM NORMAL 0
[CDD (BASE 65) ]
TOTAL THIS MO. 135
DPTR FM NORMAL -74 [PRESSURE DATA]
TOTAL FM JAN 1 634 HIGHEST SLP M ON M
DPTR FM NORMAL -1 LOWEST SLP 29.94 ON 15
[REMARKS]