000
CXUS54 KLZK 011230
CF6LIT
PRELIMINARY LOCAL CLIMATOLOGICAL DATA (WS FORM: F-6)
STATION: LITTLE ROCK ADAMS FIELD
MONTH: OCTOBER
YEAR: 2023
LATITUDE: 34 43 N
LONGITUDE: 92 14 W
TEMPERATURE IN F: :PCPN: SNOW: WIND :SUNSHINE: SKY :PK WND
================================================================================
1 2 3 4 5 6A 6B 7 8 9 10 11 12 13 14 15 16 17 18
12Z AVG MX 2MIN
DY MAX MIN AVG DEP HDD CDD WTR SNW DPTH SPD SPD DIR MIN PSBL S-S WX SPD DR
================================================================================
1 95 69 82 14 0 17 0.00 0.0 0 3.7 14 90 M M 3 17 110
2 93 65 79 11 0 14 0.00 0.0 0 2.6 13 150 M M 6 19 100
3 91 63 77 9 0 12 0.00 0.0 0 4.3 16 200 M M 5 23 220
4 74 69 72 5 0 7 0.38 0.0 0 6.3 17 170 M M 8 138 23 180
5 76 65 71 4 0 6 0.80 0.0 0 4.0 24 150 M M 8 18 32 150
6 85 61 73 6 0 8 0.00 0.0 0 8.6 18 30 M M 2 1 27 20
7 71 50 61 -5 4 0 0.00 0.0 0 7.0 18 30 M M 0 8 27 40
8 76 47 62 -4 3 0 0.00 0.0 0 4.9 14 230 M M 0 18 260
9 87 52 70 5 0 5 0.00 0.0 0 6.6 13 230 M M 0 17 210
10 85 59 72 7 0 7 0.00 0.0 0 4.7 12 210 M M 3 16 220
11 80 58 69 4 0 4 0.00 0.0 0 5.3 16 200 M M 7 23 210
12 69 56 63 -1 2 0 0.00 0.0 0 5.1 12 170 M M 8 14 150
13 72 58 65 1 0 0 T 0.0 0 8.7 16 310 M M 8 26 300
14 70 55 63 0 2 0 0.00 0.0 0 13.1 22 320 M M 4 30 320
15 67 55 61 -2 4 0 T 0.0 0 12.2 22 30 M M 8 31 20
16 70 49 60 -2 5 0 0.00 0.0 0 9.5 20 330 M M 0 32 320
17 75 45 60 -2 5 0 0.00 0.0 0 3.5 12 360 M M 1 16 350
18 79 46 63 1 2 0 0.00 0.0 0 4.7 17 200 M M 1 26 230
19 86 56 71 10 0 6 T 0.0 0 8.2 20 310 M M 2 25 330
20 86 55 71 10 0 6 0.00 0.0 0 6.0 16 350 M M 0 25 350
21 89 51 70 10 0 5 0.00 0.0 0 5.9 16 250 M M 6 23 250
22 80 61 71 11 0 6 0.00 0.0 0 6.8 14 100 M M 8 21 60
23 85 61 73 13 0 8 0.00 0.0 0 3.5 12 200 M M 9 16 190
24 88 65 77 18 0 12 T 0.0 0 6.5 20 190 M M 7 31 180
25 86 63 75 16 0 10 0.00 0.0 0 6.3 17 200 M M 4 26 210
26 80 71 76 18 0 11 0.09 0.0 0 9.2 18 190 M M 9 1 24 220
27 80 71 76 18 0 11 0.27 0.0 0 5.3 13 230 M M 8 18 17 220
28 74 59 67 9 0 2 2.44 0.0 0 4.9 14 80 M M 10 13 18 100
29 60 47 54 -3 11 0 1.20 0.0 0 9.9 17 360 M M 10 12 24 30
30 55 40 48 -9 17 0 0.06 0.0 0 12.2 23 350 M M 6 29 10
31 59 34 47 -10 18 0 0.00 0.0 0 9.4 16 10 M M 0 25 20
================================================================================
SM 2423 1756 73 157 5.24 0.0 208.9 M 151
================================================================================
AV 78.2 56.6 6.7 FASTST M M 5 MAX(MPH)
MISC ----> 24 150 # 32 320
================================================================================
NOTES:
# LAST OF SEVERAL OCCURRENCES
COLUMN 17 PEAK WIND IN M.P.H.
PRELIMINARY LOCAL CLIMATOLOGICAL DATA (WS FORM: F-6) , PAGE 2
STATION: LITTLE ROCK ADAMS FIELD
MONTH: OCTOBER
YEAR: 2023
LATITUDE: 34 43 N
LONGITUDE: 92 14 W
[TEMPERATURE DATA] [PRECIPITATION DATA] SYMBOLS USED IN COLUMN 16
AVERAGE MONTHLY: 67.4 TOTAL FOR MONTH: 5.24 1 = FOG OR MIST
DPTR FM NORMAL: 4.8 DPTR FM NORMAL: 0.77 2 = FOG REDUCING VISIBILITY
HIGHEST: 95 ON 1 GRTST 24HR 2.66 ON 28-29 TO 1/4 MILE OR LESS
LOWEST: 34 ON 31 3 = THUNDER
SNOW, ICE PELLETS, HAIL 4 = ICE PELLETS
TOTAL MONTH: 0.0 INCH 5 = HAIL
GRTST 24HR 0.0 6 = FREEZING RAIN OR DRIZZLE
GRTST DEPTH: 0 7 = DUSTSTORM OR SANDSTORM:
VSBY 1/2 MILE OR LESS
8 = SMOKE OR HAZE
[NO. OF DAYS WITH] [WEATHER - DAYS WITH] 9 = BLOWING SNOW
X = TORNADO
MAX 32 OR BELOW: 0 0.01 INCH OR MORE: 7
MAX 90 OR ABOVE: 3 0.10 INCH OR MORE: 5
MIN 32 OR BELOW: 0 0.50 INCH OR MORE: 3
MIN 0 OR BELOW: 0 1.00 INCH OR MORE: 2
[HDD (BASE 65) ]
TOTAL THIS MO. 73 CLEAR (SCALE 0-3) 12
DPTR FM NORMAL -72 PTCLDY (SCALE 4-7) 11
TOTAL FM JUL 1 73 CLOUDY (SCALE 8-10) 8
DPTR FM NORMAL -83
[CDD (BASE 65) ]
TOTAL THIS MO. 157
DPTR FM NORMAL 88 [PRESSURE DATA]
TOTAL FM JAN 1 2676 HIGHEST SLP 30.48 ON 31
DPTR FM NORMAL 694 LOWEST SLP 29.74 ON 12
[REMARKS]
#FINAL-10-23#