000
CXUS54 KLZK 011330
CF6LLQ
PRELIMINARY LOCAL CLIMATOLOGICAL DATA (WS FORM: F-6)
STATION: MONTICELLO
MONTH: FEBRUARY
YEAR: 2023
LATITUDE: 33 37 N
LONGITUDE: 91 45 W
TEMPERATURE IN F: :PCPN: SNOW: WIND :SUNSHINE: SKY :PK WND
================================================================================
1 2 3 4 5 6A 6B 7 8 9 10 11 12 13 14 15 16 17 18
12Z AVG MX 2MIN
DY MAX MIN AVG DEP HDD CDD WTR SNW DPTH SPD SPD DIR MIN PSBL S-S WX SPD DR
================================================================================
1 31 29 30 -15 35 0 0.02 T 0 5.7 13 50 M M 10 16 18 50
2 34 31 33 -12 32 0 0.77 0.0 0 5.5 8 10 M M 10 16 M M
3 44 30 37 -9 28 0 0.00 0.0 0 M M M M M M M M
4 55 30 43 -3 22 0 0.00 M M 5.5 13 60 M M 0 1 16 60
5 65 41 53 7 12 0 0.00 0.0 M 7.0 15 260 M M 2 1 21 270
6 70 39 55 9 10 0 0.00 0.0 M 4.8 16 170 M M 2 1 22 160
7 75 46 61 15 4 0 0.00 0.0 M 5.2 14 210 M M 2 19 160
8 79 53 66 20 0 1 0.13 0.0 M 9.2 28 260 M M 8 12 39 250
9 64 42 53 6 12 0 0.00 0.0 0 6.3 17 240 M M 1 26 260
10 59 37 48 1 17 0 0.01 0.0 0 6.0 17 50 M M 5 23 50
11 52 39 46 -1 19 0 0.00 0.0 0 6.6 16 40 M M 6 23 40
12 63 28 46 -1 19 0 0.00 0.0 0 4.4 10 320 M M 0 14 310
13 72 47 60 13 5 0 0.00 0.0 0 6.6 15 260 M M 0 20 250
14 66 52 59 11 6 0 0.34 0.0 0 10.0 21 160 M M 6 13 34 160
15 75 63 69 21 0 4 T 0.0 0 7.1 12 180 M M 8 1 18 140
16 72 39 56 8 9 0 0.24 0.0 0 11.5 18 190 M M 9 138 27 200
17 50 30 40 -8 25 0 0.00 0.0 M 6.2 16 310 M M 3 23 310
18 56 27 42 -7 23 0 0.00 0.0 M 3.5 10 150 M M 0 18 16 150
19 70 43 57 8 8 0 0.00 0.0 0 9.6 18 210 M M 0 27 220
20 77 59 68 19 0 3 0.00 0.0 M 10.8 22 230 M M 0 34 260
21 82 64 73 24 0 8 0.37 0.0 0 8.3 17 200 M M 5 1 28 190
22 77 60 69 19 0 4 0.23 0.0 0 8.8 24 270 M M 7 1 34 230
23 78 58 68 18 0 3 0.00 0.0 0 6.9 16 40 M M 7 1 23 50
24 58 44 51 1 14 0 0.37 0.0 0 9.7 22 50 M M 10 13 26 40
25 52 45 49 -1 16 0 0.00 0.0 0 1.7 7 10 M M 10 1 10 10
26 71 51 61 10 4 0 0.00 0.0 0 3.9 13 190 M M 8 12 18 200
27 77 53 65 14 0 0 0.03 0.0 M 10.4 22 190 M M 4 8 31 200
28 83 46 65 14 0 0 0.00 0.0 M 6.2 16 210 M M 0 23 190
================================================================================
SM 1807 1226 320 23 2.51 T 187.4 M 123
================================================================================
AV 64.5 43.8 6.9 FASTST M M 5 MAX(MPH)
MISC ----> 28 260 39 250
================================================================================
NOTES:
# LAST OF SEVERAL OCCURRENCES
COLUMN 17 PEAK WIND IN M.P.H.
PRELIMINARY LOCAL CLIMATOLOGICAL DATA (WS FORM: F-6) , PAGE 2
STATION: MONTICELLO
MONTH: FEBRUARY
YEAR: 2023
LATITUDE: 33 37 N
LONGITUDE: 91 45 W
[TEMPERATURE DATA] [PRECIPITATION DATA] SYMBOLS USED IN COLUMN 16
AVERAGE MONTHLY: 54.2 TOTAL FOR MONTH: 2.51 1 = FOG OR MIST
DPTR FM NORMAL: 6.3 DPTR FM NORMAL: -2.52 2 = FOG REDUCING VISIBILITY
HIGHEST: 83 ON 28 GRTST 24HR 0.77 ON 2- 2 TO 1/4 MILE OR LESS
LOWEST: 27 ON 18 3 = THUNDER
SNOW, ICE PELLETS, HAIL 4 = ICE PELLETS
TOTAL MONTH: T 5 = HAIL
GRTST 24HR T ON 1- 1 6 = FREEZING RAIN OR DRIZZLE
GRTST DEPTH: 0 7 = DUSTSTORM OR SANDSTORM:
VSBY 1/2 MILE OR LESS
8 = SMOKE OR HAZE
[NO. OF DAYS WITH] [WEATHER - DAYS WITH] 9 = BLOWING SNOW
X = TORNADO
MAX 32 OR BELOW: 1 0.01 INCH OR MORE: 10
MAX 90 OR ABOVE: 0 0.10 INCH OR MORE: 7
MIN 32 OR BELOW: 7 0.50 INCH OR MORE: 1
MIN 0 OR BELOW: 0 1.00 INCH OR MORE: 0
[HDD (BASE 65) ]
TOTAL THIS MO. 320 CLEAR (SCALE 0-3) 12
DPTR FM NORMAL -162 PTCLDY (SCALE 4-7) 7
TOTAL FM JUL 1 1772 CLOUDY (SCALE 8-10) 9
DPTR FM NORMAL -411
[CDD (BASE 65) ]
TOTAL THIS MO. 23
DPTR FM NORMAL 19 [PRESSURE DATA]
TOTAL FM JAN 1 35 HIGHEST SLP 30.51 ON 18
DPTR FM NORMAL 33 LOWEST SLP 29.61 ON 27
[REMARKS]
#FINAL-02-23#