000
CXUS54 KLZK 011130
CF6LLQ
PRELIMINARY LOCAL CLIMATOLOGICAL DATA (WS FORM: F-6)
STATION: MONTICELLO
MONTH: AUGUST
YEAR: 2021
LATITUDE: 33 37 N
LONGITUDE: 91 45 W
TEMPERATURE IN F: :PCPN: SNOW: WIND :SUNSHINE: SKY :PK WND
================================================================================
1 2 3 4 5 6A 6B 7 8 9 10 11 12 13 14 15 16 17 18
12Z AVG MX 2MIN
DY MAX MIN AVG DEP HDD CDD WTR SNW DPTH SPD SPD DIR MIN PSBL S-S WX SPD DR
================================================================================
1 95 77 86 3 0 21 0.00 0.0 0 5.0 17 110 M M 2 138 23 110
2 84 73 79 -4 0 14 1.15 0.0 0 4.2 12 60 M M 6 13 15 50
3 88 69 79 -4 0 14 0.00 0.0 0 4.1 13 50 M M 2 1 18 40
4 87 66 77 -6 0 12 0.00 0.0 M 3.9 14 60 M M 2 19 60
5 88 63 76 -7 0 11 0.00 0.0 0 2.3 10 70 M M 0 14 50
6 89 68 79 -4 0 14 0.00 0.0 0 2.0 8 90 M M 0 8 11 140
7 91 68 80 -3 0 15 0.00 0.0 0 3.8 10 130 M M 1 13 150
8 94 74 84 1 0 19 0.00 0.0 0 5.6 14 190 M M 3 20 170
9 95 77 86 3 0 21 0.00 0.0 0 7.8 16 220 M M 1 22 220
10 97 77 87 4 0 22 0.00 0.0 0 7.3 14 220 M M 0 18 190
11 97 78 88 6 0 23 0.00 0.0 M 6.8 14 220 M M 0 20 210
12 95 75 85 3 0 20 0.00 0.0 0 6.6 14 170 M M 1 18 150
13 96 75 86 4 0 21 0.03 0.0 0 5.0 16 50 M M 2 3 25 10
14 93 72 83 1 0 18 0.97 0.0 0 2.6 17 280 M M 3 138 24 270
15 87 72 80 -2 0 15 0.00 0.0 0 3.8 13 60 M M 4 1 16 50
16 89 71 80 -2 0 15 0.00 0.0 0 3.2 14 70 M M 3 17 70
17 92 72 82 0 0 17 0.10 0.0 0 1.9 18 230 M M 3 13 26 220
18 90 73 82 0 0 17 0.63 0.0 0 3.2 24 200 M M 6 13 36 190
19 90 74 82 0 0 17 0.64 0.0 0 3.3 20 260 M M 5 13 27 260
20 90 74 82 0 0 17 0.00 0.0 0 4.4 10 220 M M 5 1 14 220
21 93 77 85 3 0 20 0.02 0.0 0 5.9 15 260 M M 2 21 270
22 95 75 85 3 0 20 0.21 0.0 0 4.1 16 240 M M 2 13 20 270
23 95 74 85 4 0 20 0.00 0.0 0 2.2 9 220 M M 1 12 220
24 97 74 86 5 0 21 0.00 0.0 0 1.4 7 320 M M 1 10 270
25 96 76 86 5 0 21 0.00 0.0 0 2.1 9 90 M M 2 M M
26 95 74 85 4 0 20 0.03 0.0 0 4.1 14 120 M M 2 3 17 80
27 93 73 83 2 0 18 0.00 0.0 0 4.2 14 60 M M 1 17 70
28 93 71 82 1 0 17 0.00 0.0 0 5.0 15 90 M M 1 18 50
29 94 74 84 3 0 19 0.04 0.0 M 6.3 22 80 M M 2 3 32 70
30 79 73 76 -4 0 11 0.13 0.0 0 9.5 18 40 M M 9 18 30 30
31 93 70 82 2 0 17 0.00 0.0 M 6.1 13 300 M M 2 17 320
================================================================================
SM 2850 2259 0 547 3.95 0.0 137.7 M 74
================================================================================
AV 91.9 72.9 4.4 FASTST M M 2 MAX(MPH)
MISC ----> 24 200 36 190
================================================================================
NOTES:
# LAST OF SEVERAL OCCURRENCES
COLUMN 17 PEAK WIND IN M.P.H.
PRELIMINARY LOCAL CLIMATOLOGICAL DATA (WS FORM: F-6) , PAGE 2
STATION: MONTICELLO
MONTH: AUGUST
YEAR: 2021
LATITUDE: 33 37 N
LONGITUDE: 91 45 W
[TEMPERATURE DATA] [PRECIPITATION DATA] SYMBOLS USED IN COLUMN 16
AVERAGE MONTHLY: 82.4 TOTAL FOR MONTH: 3.95 1 = FOG OR MIST
DPTR FM NORMAL: 0.5 DPTR FM NORMAL: 0.95 2 = FOG REDUCING VISIBILITY
HIGHEST: 97 ON 24,11 GRTST 24HR 1.23 ON 18-19 TO 1/4 MILE OR LESS
LOWEST: 63 ON 5 3 = THUNDER
SNOW, ICE PELLETS, HAIL 4 = ICE PELLETS
TOTAL MONTH: 0.0 INCH 5 = HAIL
GRTST 24HR 0.0 6 = FREEZING RAIN OR DRIZZLE
GRTST DEPTH: 0 7 = DUSTSTORM OR SANDSTORM:
VSBY 1/2 MILE OR LESS
8 = SMOKE OR HAZE
[NO. OF DAYS WITH] [WEATHER - DAYS WITH] 9 = BLOWING SNOW
X = TORNADO
MAX 32 OR BELOW: 0 0.01 INCH OR MORE: 11
MAX 90 OR ABOVE: 23 0.10 INCH OR MORE: 7
MIN 32 OR BELOW: 0 0.50 INCH OR MORE: 4
MIN 0 OR BELOW: 0 1.00 INCH OR MORE: 1
[HDD (BASE 65) ]
TOTAL THIS MO. 0 CLEAR (SCALE 0-3) 23
DPTR FM NORMAL 0 PTCLDY (SCALE 4-7) 7
TOTAL FM JUL 1 0 CLOUDY (SCALE 8-10) 1
DPTR FM NORMAL 0
[CDD (BASE 65) ]
TOTAL THIS MO. 547
DPTR FM NORMAL 22 [PRESSURE DATA]
TOTAL FM JAN 1 1771 HIGHEST SLP 30.16 ON 14
DPTR FM NORMAL -80 LOWEST SLP 29.64 ON 30
[REMARKS]
#FINAL-08-21#