000
CXUS55 KRIW 011010
CF6LND
PRELIMINARY LOCAL CLIMATOLOGICAL DATA (WS FORM: F-6)
STATION: LANDER WY
MONTH: JUNE
YEAR: 2023
LATITUDE: 42 49 N
LONGITUDE: 108 44 W
TEMPERATURE IN F: :PCPN: SNOW: WIND :SUNSHINE: SKY :PK WND
================================================================================
1 2 3 4 5 6A 6B 7 8 9 10 11 12 13 14 15 16 17 18
12Z AVG MX 2MIN
DY MAX MIN AVG DEP HDD CDD WTR SNW DPTH SPD SPD DIR MIN PSBL S-S WX SPD DR
================================================================================
1 73 47 60 2 5 0 0.36 M M 7.0 30 120 M M 5 13 39 120
2 62 50 56 -3 9 0 0.33 0.0 0 5.2 15 360 M M 10 1 19 360
3 66 49 58 -1 7 0 0.30 0.0 0 5.0 21 240 M M 8 123 33 270
4 66 51 59 0 6 0 0.11 0.0 0 5.8 17 340 M M 7 1 23 330
5 74 50 62 2 3 0 0.01 0.0 0 5.7 23 290 M M 3 3 33 290
6 79 49 64 4 1 0 T 0.0 0 6.1 21 230 M M 3 3 27 240
7 72 51 62 2 3 0 T 0.0 0 6.8 32 170 M M 2 3 39 170
8 73 50 62 2 3 0 0.16 0.0 0 6.0 33 180 M M 4 13 41 180
9 78 45 62 1 3 0 T 0.0 0 6.5 26 240 M M 2 3 35 280
10 70 50 60 -1 5 0 T 0.0 0 4.2 21 350 M M 3 3 28 360
11 68 49 59 -2 6 0 0.20 0.0 0 5.6 14 300 M M 7 13 19 300
12 67 46 57 -5 8 0 0.06 M M 5.6 21 340 M M 5 13 29 350
13 72 51 62 0 3 0 T 0.0 0 4.5 13 240 M M 5 3 17 150
14 75 47 61 -1 4 0 0.08 0.0 0 5.6 28 260 M M 1 3 38 270
15 64 48 56 -7 9 0 0.15 0.0 0 7.3 18 330 M M 7 13 24 320
16 61 43 52 -11 13 0 0.90 0.0 0 5.0 12 10 M M 7 1 14 10
17 71 42 57 -6 8 0 0.00 0.0 0 6.2 17 270 M M 4 24 290
18 75 54 65 1 0 0 0.02 0.0 0 10.0 35 240 M M 3 49 220
19 78 49 64 0 1 0 T 0.0 0 6.6 33 180 M M 2 41 180
20 69 53 61 -3 4 0 0.05 0.0 0 5.3 28 240 M M 5 3 39 250
21 73 49 61 -4 4 0 T 0.0 0 4.7 16 310 M M 6 24 320
22 62 51 57 -8 8 0 0.01 0.0 0 5.0 17 80 M M 8 22 80
23 63 44 54 -11 11 0 0.24 0.0 0 7.8 39 260 M M 2 13 56 260
24 69 42 56 -10 9 0 0.00 0.0 0 6.4 16 80 M M 3 24 70
25 76 46 61 -5 4 0 0.03 0.0 0 7.1 25 50 M M 1 3 38 40
26 77 50 64 -2 1 0 0.01 0.0 0 4.5 23 30 M M 2 31 20
27 76 52 64 -3 1 0 T 0.0 0 5.0 22 360 M M 4 3 29 350
28 76 50 63 -4 2 0 0.00 0.0 0 6.3 26 200 M M 1 35 200
29 68 52 60 -7 5 0 0.12 0.0 0 6.4 21 200 M M 5 3 30 220
30 78 50 64 -4 1 0 0.00 0.0 0 4.4 14 240 M M 2 21 260
================================================================================
SM 2131 1460 147 0 3.14 0.0 177.6 M 127
================================================================================
AV 71.0 48.7 5.9 FASTST M M 4 MAX(MPH)
MISC ----> 39 260 56 260
================================================================================
NOTES:
# LAST OF SEVERAL OCCURRENCES
COLUMN 17 PEAK WIND IN M.P.H.
PRELIMINARY LOCAL CLIMATOLOGICAL DATA (WS FORM: F-6) , PAGE 2
STATION: LANDER WY
MONTH: JUNE
YEAR: 2023
LATITUDE: 42 49 N
LONGITUDE: 108 44 W
[TEMPERATURE DATA] [PRECIPITATION DATA] SYMBOLS USED IN COLUMN 16
AVERAGE MONTHLY: 59.9 TOTAL FOR MONTH: 3.14 1 = FOG OR MIST
DPTR FM NORMAL: -3.0 DPTR FM NORMAL: 2.06 2 = FOG REDUCING VISIBILITY
HIGHEST: 79 ON 6 GRTST 24HR 1.05 ON 15-16 TO 1/4 MILE OR LESS
LOWEST: 42 ON 24,17 3 = THUNDER
SNOW, ICE PELLETS, HAIL 4 = ICE PELLETS
TOTAL MONTH: 0.0 INCH 5 = HAIL
GRTST 24HR 0.0 6 = FREEZING RAIN OR DRIZZLE
GRTST DEPTH: 0 7 = DUSTSTORM OR SANDSTORM:
VSBY 1/2 MILE OR LESS
8 = SMOKE OR HAZE
[NO. OF DAYS WITH] [WEATHER - DAYS WITH] 9 = BLOWING SNOW
X = TORNADO
MAX 32 OR BELOW: 0 0.01 INCH OR MORE: 18
MAX 90 OR ABOVE: 0 0.10 INCH OR MORE: 10
MIN 32 OR BELOW: 0 0.50 INCH OR MORE: 1
MIN 0 OR BELOW: 0 1.00 INCH OR MORE: 0
[HDD (BASE 65) ]
TOTAL THIS MO. 147 CLEAR (SCALE 0-3) 14
DPTR FM NORMAL 23 PTCLDY (SCALE 4-7) 13
TOTAL FM JUL 1 8752 CLOUDY (SCALE 8-10) 3
DPTR FM NORMAL 1040
[CDD (BASE 65) ]
TOTAL THIS MO. 0
DPTR FM NORMAL -59 [PRESSURE DATA]
TOTAL FM JAN 1 0 HIGHEST SLP 30.20 ON 16
DPTR FM NORMAL -64 LOWEST SLP 29.47 ON 18
[REMARKS]
#FINAL-06-23#