000
CXUS53 KOAX 010930
CF6LNK
PRELIMINARY LOCAL CLIMATOLOGICAL DATA (WS FORM: F-6)
STATION: LINCOLN NE
MONTH: MAY
YEAR: 2023
LATITUDE: 40 50 N
LONGITUDE: 96 45 W
TEMPERATURE IN F: :PCPN: SNOW: WIND :SUNSHINE: SKY :PK WND
================================================================================
1 2 3 4 5 6A 6B 7 8 9 10 11 12 13 14 15 16 17 18
12Z AVG MX 2MIN
DY MAX MIN AVG DEP HDD CDD WTR SNW DPTH SPD SPD DIR MIN PSBL S-S WX SPD DR
================================================================================
1 66 38 52 -5 13 0 0.00 0.0 0 15.1 29 340 M M 0 37 350
2 69 38 54 -4 11 0 0.00 0.0 0 11.9 26 360 M M 0 35 340
3 77 30 54 -4 11 0 0.00 0.0 0 2.7 10 180 M M 0 16 140
4 85 39 62 4 3 0 0.00 0.0 0 11.3 25 180 M M 0 35 170
5 71 57 64 5 1 0 0.00 0.0 0 7.2 13 150 M M 8 18 16 150
6 81 58 70 11 0 5 T 0.0 0 8.3 30 150 M M 6 18 39 160
7 91 51 71 11 0 6 0.10 0.0 0 9.9 23 40 M M 3 138 43 290
8 87 52 70 10 0 5 0.00 0.0 0 5.7 15 130 M M 0 19 150
9 74 56 65 5 0 0 0.05 0.0 0 8.9 21 130 M M 1 3 26 130
10 86 61 74 13 0 9 T 0.0 0 8.3 20 160 M M 0 26 160
11 81 61 71 10 0 6 0.23 0.0 0 11.7 25 120 M M 5 18 35 140
12 85 62 74 12 0 9 0.10 0.0 0 13.6 33 130 M M 8 138 47 130
13 83 57 70 8 0 5 0.00 0.0 0 7.7 14 260 M M 5 20 270
14 73 57 65 3 0 0 0.00 0.0 0 9.8 22 360 M M 7 18 27 10
15 58 52 55 -8 10 0 0.01 0.0 0 10.0 17 30 M M 10 18 22 20
16 80 54 67 4 0 2 0.00 0.0 0 4.7 14 360 M M 5 20 320
17 84 47 66 2 0 1 0.00 0.0 0 4.3 15 140 M M 0 8 21 140
18 86 51 69 5 0 4 0.00 0.0 0 6.8 17 350 M M 4 8 25 360
19 71 42 57 -7 8 0 0.00 0.0 0 15.5 26 10 M M 2 8 36 360
20 76 35 56 -9 9 0 0.00 0.0 0 5.1 13 150 M M 0 17 140
21 83 47 65 0 0 0 0.00 0.0 0 7.7 17 160 M M 0 21 150
22 83 52 68 2 0 3 0.00 0.0 0 7.4 15 160 M M 0 25 160
23 85 54 70 4 0 5 0.00 0.0 0 5.6 15 130 M M 2 22 180
24 88 51 70 4 0 5 0.00 0.0 0 5.4 16 120 M M 1 8 23 130
25 87 61 74 7 0 9 0.02 0.0 0 8.2 24 220 M M 4 3 32 200
26 85 62 74 7 0 9 0.00 0.0 0 12.6 20 130 M M 1 32 160
27 85 55 70 2 0 5 0.00 0.0 0 10.7 18 140 M M 0 30 180
28 85 57 71 3 0 6 T 0.0 0 11.0 22 160 M M 3 29 170
29 91 64 78 10 0 13 0.00 0.0 0 11.8 23 180 M M 2 35 250
30 93 67 80 11 0 15 0.00 0.0 0 8.7 24 160 M M 1 29 160
31 90 60 75 6 0 10 0.00 0.0 0 10.2 21 170 M M 1 26 150
================================================================================
SM 2519 1628 66 132 0.51 0.0 277.8 M 79
================================================================================
AV 81.3 52.5 9.0 FASTST M M 3 MAX(MPH)
MISC ----> 33 130 47 130
================================================================================
NOTES:
# LAST OF SEVERAL OCCURRENCES
COLUMN 17 PEAK WIND IN M.P.H.
PRELIMINARY LOCAL CLIMATOLOGICAL DATA (WS FORM: F-6) , PAGE 2
STATION: LINCOLN NE
MONTH: MAY
YEAR: 2023
LATITUDE: 40 50 N
LONGITUDE: 96 45 W
[TEMPERATURE DATA] [PRECIPITATION DATA] SYMBOLS USED IN COLUMN 16
AVERAGE MONTHLY: 66.9 TOTAL FOR MONTH: 0.51 1 = FOG OR MIST
DPTR FM NORMAL: 3.8 DPTR FM NORMAL: -4.40 2 = FOG REDUCING VISIBILITY
HIGHEST: 93 ON 30 GRTST 24HR 0.33 ON 11-12 TO 1/4 MILE OR LESS
LOWEST: 30 ON 3 3 = THUNDER
SNOW, ICE PELLETS, HAIL 4 = ICE PELLETS
TOTAL MONTH: 0.0 INCH 5 = HAIL
GRTST 24HR 0.0 6 = FREEZING RAIN OR DRIZZLE
GRTST DEPTH: 0 7 = DUSTSTORM OR SANDSTORM:
VSBY 1/2 MILE OR LESS
8 = SMOKE OR HAZE
[NO. OF DAYS WITH] [WEATHER - DAYS WITH] 9 = BLOWING SNOW
X = TORNADO
MAX 32 OR BELOW: 0 0.01 INCH OR MORE: 6
MAX 90 OR ABOVE: 4 0.10 INCH OR MORE: 3
MIN 32 OR BELOW: 1 0.50 INCH OR MORE: 0
MIN 0 OR BELOW: 0 1.00 INCH OR MORE: 0
[HDD (BASE 65) ]
TOTAL THIS MO. 66 CLEAR (SCALE 0-3) 20
DPTR FM NORMAL -77 PTCLDY (SCALE 4-7) 10
TOTAL FM JUL 1 5725 CLOUDY (SCALE 8-10) 1
DPTR FM NORMAL -120
[CDD (BASE 65) ]
TOTAL THIS MO. 132
DPTR FM NORMAL 48 [PRESSURE DATA]
TOTAL FM JAN 1 158 HIGHEST SLP 30.35 ON 15
DPTR FM NORMAL 61 LOWEST SLP 29.64 ON 7
[REMARKS]
#FINAL-05-23#