000
CXUS53 KOAX 011627
CF6LNK
PRELIMINARY LOCAL CLIMATOLOGICAL DATA (WS FORM: F-6)
STATION: LINCOLN NE
MONTH: MARCH
YEAR: 2020
LATITUDE: 40 50 N
LONGITUDE: 96 45 W
TEMPERATURE IN F: :PCPN: SNOW: WIND :SUNSHINE: SKY :PK WND
================================================================================
1 2 3 4 5 6A 6B 7 8 9 10 11 12 13 14 15 16 17 18
12Z AVG MX 2MIN
DY MAX MIN AVG DEP HDD CDD WTR SNW DPTH SPD SPD DIR MIN PSBL S-S WX SPD DR
================================================================================
1 60 30 45 11 20 0 0.00 0.0 0 12.6 28 10 M M 0 36 350
2 49 32 41 7 24 0 T T T 7.5 18 330 M M 4 1 25 320
3 61 30 46 11 19 0 T 0.0 0 11.2 28 240 M M 2 39 250
4 65 29 47 12 18 0 0.00 0.0 0 10.9 29 210 M M 0 38 210
5 55 34 45 9 20 0 0.00 0.0 0 18.5 38 330 M M 1 55 320
6 57 18 38 2 27 0 0.00 0.0 0 8.9 22 180 M M 0 30 170
7 72 42 57 20 8 0 0.00 0.0 0 21.6 36 210 M M 0 51 200
8 73 48 61 24 4 0 0.04 0.0 0 20.7 32 190 M M 1 1 45 190
9 56 32 44 7 21 0 0.31 0.0 0 15.1 25 20 M M 10 1 33 20
10 45 24 35 -3 30 0 T 0.0 0 3.6 10 140 M M 6 12 17 120
11 65 28 47 9 18 0 0.00 0.0 0 8.2 23 190 M M 4 12 30 190
12 60 30 45 6 20 0 0.21 0.0 0 16.2 33 340 M M 3 1 42 350
13 47 20 34 -5 31 0 0.18 T 0 4.6 15 130 M M 5 1 21 110
14 35 33 34 -5 31 0 0.25 1.5 1 12.1 22 70 M M 10 18 30 80
15 34 31 33 -7 32 0 0.00 0.0 0 8.3 13 130 M M 10 18 16 80
16 43 34 39 -1 26 0 0.00 0.0 0 6.5 18 350 M M 10 1 23 350
17 50 23 37 -4 28 0 0.03 0.0 0 7.4 16 170 M M 5 1 22 170
18 54 43 49 8 16 0 0.04 0.0 0 5.2 10 60 M M 9 13 13 70
19 58 30 44 3 21 0 0.49 T 0 15.8 43 350 M M 10 13 59 350
20 32 18 25 -17 40 0 T 0.0 0 18.1 40 350 M M 2 51 360
21 49 20 35 -7 30 0 0.00 0.0 0 9.3 20 160 M M 2 28 180
22 46 32 39 -3 26 0 0.00 0.0 0 9.2 20 160 M M 7 25 150
23 52 42 47 4 18 0 0.00 0.0 0 7.4 14 160 M M 9 18 19 170
24 59 43 51 8 14 0 0.00 0.0 0 9.3 17 180 M M 6 1 22 180
25 75 43 59 15 6 0 0.00 0.0 0 12.4 23 360 M M 5 1 29 170
26 57 41 49 5 16 0 0.00 0.0 0 12.5 22 60 M M 10 1 31 60
27 49 45 47 3 18 0 0.03 0.0 0 7.8 18 80 M M 10 13 23 80
28 57 42 50 5 15 0 0.09 0.0 0 13.4 30 310 M M 9 123 43 310
29 66 34 50 5 15 0 0.00 0.0 0 10.8 26 290 M M 1 34 300
30 72 31 52 6 13 0 0.00 0.0 0 8.9 21 120 M M 4 26 140
31 71 41 56 10 9 0 0.00 0.0 0 8.5 18 200 M M 3 26 210
================================================================================
SM 1724 1023 634 0 1.67 1.5 342.5 M 158
================================================================================
AV 55.6 33.0 11.0 FASTST M M 5 MAX(MPH)
MISC ----> # 43 350 # 59 350
================================================================================
NOTES:
# LAST OF SEVERAL OCCURRENCES
COLUMN 17 PEAK WIND IN M.P.H.
PRELIMINARY LOCAL CLIMATOLOGICAL DATA (WS FORM: F-6) , PAGE 2
STATION: LINCOLN NE
MONTH: MARCH
YEAR: 2020
LATITUDE: 40 50 N
LONGITUDE: 96 45 W
[TEMPERATURE DATA] [PRECIPITATION DATA] SYMBOLS USED IN COLUMN 16
AVERAGE MONTHLY: 44.3 TOTAL FOR MONTH: 1.67 1 = FOG OR MIST
DPTR FM NORMAL: 4.2 DPTR FM NORMAL: -0.26 2 = FOG REDUCING VISIBILITY
HIGHEST: 75 ON 25 GRTST 24HR 0.49 ON 19-19 TO 1/4 MILE OR LESS
LOWEST: 18 ON 20, 6 3 = THUNDER
SNOW, ICE PELLETS, HAIL 4 = ICE PELLETS
TOTAL MONTH: 1.5 INCHES 5 = HAIL
GRTST 24HR 1.5 ON 14-14 6 = FREEZING RAIN OR DRIZZLE
GRTST DEPTH: 1 ON 14 7 = DUSTSTORM OR SANDSTORM:
VSBY 1/2 MILE OR LESS
8 = SMOKE OR HAZE
[NO. OF DAYS WITH] [WEATHER - DAYS WITH] 9 = BLOWING SNOW
X = TORNADO
MAX 32 OR BELOW: 1 0.01 INCH OR MORE: 10
MAX 90 OR ABOVE: 0 0.10 INCH OR MORE: 5
MIN 32 OR BELOW: 17 0.50 INCH OR MORE: 0
MIN 0 OR BELOW: 0 1.00 INCH OR MORE: 0
[HDD (BASE 65) ]
TOTAL THIS MO. 634 CLEAR (SCALE 0-3) 12
DPTR FM NORMAL -139 PTCLDY (SCALE 4-7) 9
TOTAL FM JUL 1 5118 CLOUDY (SCALE 8-10) 10
DPTR FM NORMAL -358
[CDD (BASE 65) ]
TOTAL THIS MO. 0
DPTR FM NORMAL -1 [PRESSURE DATA]
TOTAL FM JAN 1 0 HIGHEST SLP 30.66 ON 20
DPTR FM NORMAL -1 LOWEST SLP 29.32 ON 28
[REMARKS]
#FINAL-03-20#