000
CXUS53 KJKL 011310
CF6LOZ
PRELIMINARY LOCAL CLIMATOLOGICAL DATA (WS FORM: F-6)
STATION: LONDON KY
MONTH: SEPTEMBER
YEAR: 2023
LATITUDE: 37 4 N
LONGITUDE: 84 5 W
TEMPERATURE IN F: :PCPN: SNOW: WIND :SUNSHINE: SKY :PK WND
================================================================================
1 2 3 4 5 6A 6B 7 8 9 10 11 12 13 14 15 16 17 18
12Z AVG MX 2MIN
DY MAX MIN AVG DEP HDD CDD WTR SNW DPTH SPD SPD DIR MIN PSBL S-S WX SPD DR
================================================================================
1 87 56 72 -1 0 7 0.00 M M 1.7 9 190 M M 0 13 50
2 87 62 75 2 0 10 0.00 M M 1.4 13 260 M M 1 1 16 270
3 88 61 75 2 0 10 0.00 M M 1.2 8 130 M M 1 1 11 140
4 89 63 76 4 0 11 0.00 M M 1.1 8 260 M M 1 1 11 260
5 89 65 77 5 0 12 0.00 M M 2.4 13 260 M M 0 18 250
6 87 65 76 4 0 11 0.02 M M 4.2 15 260 M M 5 12 20 270
7 81 68 75 3 0 10 0.03 M M 4.1 16 270 M M 7 13 24 270
8 82 62 72 1 0 7 0.00 M M 2.8 10 30 M M 6 1 15 350
9 84 65 75 4 0 10 0.00 M M 5.1 13 70 M M 7 3 21 80
10 81 64 73 2 0 8 0.00 M M 4.4 12 20 M M 5 19 40
11 85 60 73 3 0 8 0.00 M M 1.2 8 250 M M 3 12 12 190
12 79 63 71 1 0 6 0.02 M M 2.4 10 340 M M 5 1 15 340
13 80 57 69 -1 0 4 0.00 M M 3.5 13 340 M M 5 12 16 20
14 80 51 66 -4 0 1 0.00 M M 5.0 15 10 M M 0 21 40
15 81 54 68 -1 0 3 0.00 M M 3.7 10 40 M M 0 15 30
16 79 55 67 -2 0 2 0.12 M M 2.9 15 220 M M 7 1 23 230
17 75 55 65 -3 0 0 0.17 M M 5.2 17 270 M M 8 12 22 290
18 75 50 63 -5 2 0 0.00 M M 1.8 9 310 M M 4 12 13 250
19 78 52 65 -3 0 0 0.00 M M 1.4 7 100 M M 4 12 12 260
20 80 52 66 -1 0 1 0.00 M M 2.2 13 190 M M 2 1 18 180
21 82 53 68 1 0 3 0.00 M M 0.9 9 40 M M 2 1 12 20
22 84 55 70 3 0 5 0.00 M M 2.7 12 30 M M 1 1 22 30
23 79 55 67 1 0 2 0.00 M M 5.3 13 340 M M 0 18 350
24 78 52 65 -1 0 0 0.00 M M 3.4 12 20 M M 2 16 30
25 82 56 69 3 0 4 0.00 M M 1.6 10 20 M M 1 1 16 20
26 85 53 69 4 0 4 0.00 M M 1.8 9 90 M M 1 1 14 90
27 69 58 64 -1 1 0 1.19 M M 2.3 12 350 M M 3 13 18 360
28 74 57 66 2 0 1 0.15 M M 3.2 13 290 M M 5 13 21 290
29 81 54 68 4 0 3 0.00 M M 1.4 8 260 M M 3 12 11 280
30 82 55 69 5 0 4 0.00 M M 1.7 10 30 M M 2 12 15 30
================================================================================
SM 2443 1728 3 147 1.70 M 82.0 M 91
================================================================================
AV 81.4 57.6 2.7 FASTST M M 3 MAX(MPH)
MISC ----> 17 270 24 270
================================================================================
NOTES:
# LAST OF SEVERAL OCCURRENCES
COLUMN 17 PEAK WIND IN M.P.H.
PRELIMINARY LOCAL CLIMATOLOGICAL DATA (WS FORM: F-6) , PAGE 2
STATION: LONDON KY
MONTH: SEPTEMBER
YEAR: 2023
LATITUDE: 37 4 N
LONGITUDE: 84 5 W
[TEMPERATURE DATA] [PRECIPITATION DATA] SYMBOLS USED IN COLUMN 16
AVERAGE MONTHLY: 69.5 TOTAL FOR MONTH: 1.70 1 = FOG OR MIST
DPTR FM NORMAL: 0.7 DPTR FM NORMAL: -1.85 2 = FOG REDUCING VISIBILITY
HIGHEST: 89 ON 5, 4 GRTST 24HR 1.34 ON 27-28 TO 1/4 MILE OR LESS
LOWEST: 50 ON 18 3 = THUNDER
SNOW, ICE PELLETS, HAIL 4 = ICE PELLETS
TOTAL MONTH: M 5 = HAIL
GRTST 24HR M ON M 6 = FREEZING RAIN OR DRIZZLE
GRTST DEPTH: M ON M 7 = DUSTSTORM OR SANDSTORM:
VSBY 1/2 MILE OR LESS
8 = SMOKE OR HAZE
[NO. OF DAYS WITH] [WEATHER - DAYS WITH] 9 = BLOWING SNOW
X = TORNADO
MAX 32 OR BELOW: 0 0.01 INCH OR MORE: 7
MAX 90 OR ABOVE: 0 0.10 INCH OR MORE: 4
MIN 32 OR BELOW: 0 0.50 INCH OR MORE: 1
MIN 0 OR BELOW: 0 1.00 INCH OR MORE: 1
[HDD (BASE 65) ]
TOTAL THIS MO. 3 CLEAR (SCALE 0-3) 18
DPTR FM NORMAL -35 PTCLDY (SCALE 4-7) 11
TOTAL FM JUL 1 3 CLOUDY (SCALE 8-10) 1
DPTR FM NORMAL -34
[CDD (BASE 65) ]
TOTAL THIS MO. 147
DPTR FM NORMAL -5 [PRESSURE DATA]
TOTAL FM JAN 1 1041 HIGHEST SLP 30.25 ON 21
DPTR FM NORMAL -151 LOWEST SLP 29.83 ON 7
[REMARKS]
#FINAL-09-23#