000
CXUS53 KJKL 021447
CLSLOZ
CLIMATE REPORT
NATIONAL WEATHER SERVICE JACKSON KY
1047 AM EDT THU SEP 02 2021
...................................
...THE LONDON KY CLIMATE SUMMARY FOR THE SEASON, FROM
6/1/2021 TO 8/31/2021...
CLIMATE NORMAL PERIOD 1991 TO 2020
CLIMATE RECORD PERIOD 1954 TO 2021
WEATHER OBSERVED NORMAL DEPART LAST YEAR`S
VALUE DATE(S) VALUE FROM VALUE DATE(S)
NORMAL
................................................................
TEMPERATURE (F)
RECORD
HIGH 105 06/29/2012
LOW 34 06/01/1966
HIGHEST 92 08/25 MM MM 94 07/21
07/19
07/20
LOWEST 50 06/23 MM MM 47 06/01
AVG. MAXIMUM 84.4 85.1 -0.7 85.2
AVG. MINIMUM 65.6 64.5 1.1 65.5
MEAN 75.0 74.8 0.2 75.3
DAYS MAX >= 90 11 17.1 -6.1 17
DAYS MAX <= 32 0 0.0 0.0 0
DAYS MIN <= 32 0 0.0 0.0 0
DAYS MIN <= 0 0 0.0 0.0 0
PRECIPITATION (INCHES)
RECORD
MAXIMUM 21.68 2003
MINIMUM 6.37 1980
TOTALS 21.57 14.19 7.38 14.68
DAILY AVG. 0.23 0.15 0.08 0.16
DAYS >= .01 39 36.2 2.8 45
DAYS >= .10 33 24.4 8.6 27
DAYS >= .50 17 10.2 6.8 10
DAYS >= 1.00 7 3.7 3.3 6
GREATEST
24 HR. TOTAL 2.64 06/09 TO 06/10 1.25
SNOWFALL (INCHES)
RECORDS
TOTAL MM MM
TOTALS MM MM MM MM
SINCE 7/1 MM MM MM MM
SNOWDEPTH AVG. MM MM
DAYS >= 1.0 MM MM MM MM
GREATEST
24 HR TOTAL MM MM
DEGREE DAYS
HEATING TOTAL 0 8 -8 2
SINCE 7/1 0 0 0 0
COOLING TOTAL 948 913 35 981
SINCE 1/1 1040 1040 0 1067
................................................................
WIND (MPH)
AVERAGE WIND SPEED 3.7
RESULTANT WIND SPEED/DIRECTION 1/210
HIGHEST WIND SPEED/DIRECTION 40/340 DATE 06/13
HIGHEST GUST SPEED/DIRECTION 62/340 DATE 06/13
SKY COVER
POSSIBLE SUNSHINE (PERCENT) MM
NUMBER OF DAYS FAIR 50
NUMBER OF DAYS PC 39
NUMBER OF DAYS CLOUDY 3
AVERAGE RH (PERCENT) 76
WEATHER CONDITIONS. NUMBER OF DAYS WITH
THUNDERSTORM 30 MIXED PRECIP 0
HEAVY RAIN 26 RAIN 27
LIGHT RAIN 46 FREEZING RAIN 0
LT FREEZING RAIN 0 HAIL 0
HEAVY SNOW 0 SNOW 0
LIGHT SNOW 0 SLEET 0
FOG 73 FOG W/VIS <= 1/4 MILE 17
HAZE 13
- INDICATES NEGATIVE NUMBERS.
R INDICATES RECORD WAS SET OR TIED.
MM INDICATES DATA IS MISSING.
T INDICATES TRACE AMOUNT.
$$
CARICO