000
CXUS54 KCRP 020130
CF6LRD
PRELIMINARY LOCAL CLIMATOLOGICAL DATA (WS FORM: F-6)
STATION: LAREDO
MONTH: SEPTEMBER
YEAR: 2020
LATITUDE: 27 31 N
LONGITUDE: 99 28 W
TEMPERATURE IN F: :PCPN: SNOW: WIND :SUNSHINE: SKY :PK WND
================================================================================
1 2 3 4 5 6A 6B 7 8 9 10 11 12 13 14 15 16 17 18
12Z AVG MX 2MIN
DY MAX MIN AVG DEP HDD CDD WTR SNW DPTH SPD SPD DIR MIN PSBL S-S WX SPD DR
================================================================================
1 106 83 95 8 0 30 T 0.0 0 M M M M M 4 3 M M
2 98 79 89 3 0 24 T 0.0 0 M M M M M 3 3 M M
3 104 78 91 5 0 26 0.02 0.0 0 M M M M M 4 3 M M
4 98 78 88 2 0 23 0.68 0.0 0 M M M M M 4 3 M M
5 81 72 77 -9 0 12 0.82 0.0 0 M M M M M 6 13 M M
6 85 72 79 -7 0 14 T 0.0 0 M M M M M 4 3 M M
7 90 74 82 -3 0 17 0.02 0.0 0 M M M M M 2 M M
8 95 77 86 1 0 21 0.00 0.0 0 M M M M M 3 M M
9 93 67 80 -5 0 15 0.20 0.0 0 M M M M M 7 M M
10 72 61 67 -18 0 2 0.06 0.0 0 M M M M M 10 M M
11 74 60 67 -17 0 2 0.01 0.0 0 M M M M M 7 1 M M
12 92 67 80 -4 0 15 0.00 0.0 0 M M M M M 3 M M
13 96 73 85 1 0 20 0.00 0.0 0 M M M M M 1 M M
14 92 75 84 1 0 19 T 0.0 0 M M M M M 5 M M
15 89 75 82 -1 0 17 0.10 0.0 0 M M M M M 7 1 M M
16 94 75 85 2 0 20 0.01 0.0 0 M M M M M 6 3 M M
17 88 69 79 -4 0 14 1.77 0.0 0 M M M M M 3 13 M M
18 87 71 79 -3 0 14 0.10 0.0 0 M M M M M 3 3 M M
19 87 70 79 -3 0 14 0.00 0.0 0 M M M M M 1 M M
20 87 67 77 -5 0 12 0.00 0.0 0 M M M M M 0 M M
21 82 64 73 -9 0 8 0.00 0.0 0 M M M M M 7 M M
22 90 73 82 1 0 17 0.00 0.0 0 M M M M M 5 M M
23 92 68 80 -1 0 15 0.00 0.0 0 M M M M M 0 M M
24 89 70 80 -1 0 15 0.00 0.0 0 M M M M M 5 M M
25 95 72 84 3 0 19 0.00 0.0 0 M M M M M 4 M M
26 96 75 86 6 0 21 0.00 0.0 0 M M M M M 3 M M
27 100 78 89 9 0 24 0.00 0.0 0 M M M M M 3 M M
28 84 71 78 -2 0 13 T 0.0 0 M M M M M 8 M M
29 84 61 73 -7 0 8 0.00 0.0 0 M M M M M 3 M M
30 88 55 72 -8 0 7 0.00 0.0 0 M M M M M 0 M M
================================================================================
SM 2708 2130 0 478 3.79 0.0 M M 121
================================================================================
AV 90.3 71.0 M FASTST M M 4 MAX(MPH)
MISC ----> M M M M
================================================================================
NOTES:
# LAST OF SEVERAL OCCURRENCES
COLUMN 17 PEAK WIND IN M.P.H.
PRELIMINARY LOCAL CLIMATOLOGICAL DATA (WS FORM: F-6) , PAGE 2
STATION: LAREDO
MONTH: SEPTEMBER
YEAR: 2020
LATITUDE: 27 31 N
LONGITUDE: 99 28 W
[TEMPERATURE DATA] [PRECIPITATION DATA] SYMBOLS USED IN COLUMN 16
AVERAGE MONTHLY: 80.6 TOTAL FOR MONTH: 3.79 1 = FOG OR MIST
DPTR FM NORMAL: -2.5 DPTR FM NORMAL: 0.86 2 = FOG REDUCING VISIBILITY
HIGHEST: 106 ON 1 GRTST 24HR 1.77 ON 17-17 TO 1/4 MILE OR LESS
LOWEST: 55 ON 30 3 = THUNDER
SNOW, ICE PELLETS, HAIL 4 = ICE PELLETS
TOTAL MONTH: 0.0 INCH 5 = HAIL
GRTST 24HR 0.0 6 = FREEZING RAIN OR DRIZZLE
GRTST DEPTH: 0 7 = DUSTSTORM OR SANDSTORM:
VSBY 1/2 MILE OR LESS
8 = SMOKE OR HAZE
[NO. OF DAYS WITH] [WEATHER - DAYS WITH] 9 = BLOWING SNOW
X = TORNADO
MAX 32 OR BELOW: 0 0.01 INCH OR MORE: 11
MAX 90 OR ABOVE: 16 0.10 INCH OR MORE: 6
MIN 32 OR BELOW: 0 0.50 INCH OR MORE: 3
MIN 0 OR BELOW: 0 1.00 INCH OR MORE: 1
[HDD (BASE 65) ]
TOTAL THIS MO. 0 CLEAR (SCALE 0-3) 11
DPTR FM NORMAL -1 PTCLDY (SCALE 4-7) 18
TOTAL FM JUL 1 0 CLOUDY (SCALE 8-10) 1
DPTR FM NORMAL -1
[CDD (BASE 65) ]
TOTAL THIS MO. 478
DPTR FM NORMAL -64 [PRESSURE DATA]
TOTAL FM JAN 1 4028 HIGHEST SLP M ON M
DPTR FM NORMAL 243 LOWEST SLP M ON M
[REMARKS]
#FINAL-09-20#