000
CXUS54 KLZK 011130
CF6LRF
PRELIMINARY LOCAL CLIMATOLOGICAL DATA (WS FORM: F-6)
STATION: JACKSONVILLE/LITTLE ROCK AFB
MONTH: APRIL
YEAR: 2021
LATITUDE: 34 55 N
LONGITUDE: 92 9 W
TEMPERATURE IN F: :PCPN: SNOW: WIND :SUNSHINE: SKY :PK WND
================================================================================
1 2 3 4 5 6A 6B 7 8 9 10 11 12 13 14 15 16 17 18
12Z AVG MX 2MIN
DY MAX MIN AVG DEP HDD CDD WTR SNW DPTH SPD SPD DIR MIN PSBL S-S WX SPD DR
================================================================================
1 60 30 45 -13 20 0 0.00 0.0 0 4.1 14 350 M M 0 18 350
2 58 27 43 -15 22 0 0.00 0.0 0 2.9 9 90 M M 0 M M
3 69 32 51 -7 14 0 0.00 0.0 0 2.6 10 200 M M 2 M M
4 76 37 57 -2 8 0 0.00 0.0 0 2.5 12 160 M M 1 M M
5 76 47 62 3 3 0 T 0.0 0 3.1 10 160 M M 5 M M
6 79 49 64 5 1 0 0.00 0.0 0 5.1 13 140 M M 3 18 180
7 72 52 62 2 3 0 0.44 0.0 0 7.9 14 170 M M 8 13 22 170
8 78 42 60 0 5 0 0.00 0.0 0 10.9 23 220 M M 0 31 270
9 80 47 64 4 1 0 0.03 0.0 0 4.2 17 240 M M 2 3 27 240
10 66 45 56 -4 9 0 0.28 0.0 0 12.1 25 260 M M 2 3 35 280
11 81 40 61 0 4 0 0.00 0.0 0 4.7 15 250 M M 0 22 270
12 85 45 65 4 0 0 0.00 0.0 0 1.9 8 140 M M 0 8 17 140
13 73 56 65 4 0 0 0.00 0.0 0 8.1 20 60 M M 6 31 60
14 62 47 55 -6 10 0 0.71 0.0 0 5.8 14 50 M M 9 138 M M
15 67 47 57 -5 8 0 0.03 0.0 0 5.2 13 30 M M 5 18 60
16 60 48 54 -8 11 0 0.04 0.0 0 5.7 13 100 M M 10 M M
17 61 47 54 -8 11 0 0.00 0.0 0 4.1 8 260 M M 9 M M
18 64 42 53 -10 12 0 0.16 0.0 0 3.9 14 320 M M 6 23 330
19 72 38 55 -8 10 0 0.00 0.0 0 2.8 7 210 M M 0 1 M M
20 75 36 56 -7 9 0 0.00 0.0 0 6.8 18 320 M M 4 33 280
21 61 29 45 -18 20 0 0.00 0.0 0 4.8 13 300 M M 0 22 300
22 64 33 49 -15 16 0 T 0.0 0 3.3 7 200 M M 5 M M
23 65 50 58 -6 7 0 0.78 0.0 0 4.9 13 160 M M 10 1 17 170
24 67 46 57 -7 8 0 0.36 0.0 0 7.8 17 310 M M 8 1 25 310
25 74 42 58 -6 7 0 0.00 0.0 0 3.4 10 180 M M 0 1 M M
26 81 47 64 -1 1 0 0.00 0.0 0 5.7 13 140 M M 0 8 20 140
27 78 57 68 3 0 3 0.00 0.0 0 5.7 14 160 M M 7 18 160
28 81 66 74 9 0 9 T 0.0 M 5.1 12 150 M M 8 17 150
29 76 62 69 4 0 4 0.90 0.0 M 6.5 14 240 M M 7 13 21 240
30 80 53 67 1 0 2 0.00 0.0 M 2.2 7 70 M M 0 M M
================================================================================
SM 2141 1339 220 18 3.73 0.0 153.8 M 117
================================================================================
AV 71.4 44.6 5.1 FASTST M M 4 MAX(MPH)
MISC ----> 25 260 35 280
================================================================================
NOTES:
# LAST OF SEVERAL OCCURRENCES
COLUMN 17 PEAK WIND IN M.P.H.
PRELIMINARY LOCAL CLIMATOLOGICAL DATA (WS FORM: F-6) , PAGE 2
STATION: JACKSONVILLE/LITTLE ROCK AFB
MONTH: APRIL
YEAR: 2021
LATITUDE: 34 55 N
LONGITUDE: 92 9 W
[TEMPERATURE DATA] [PRECIPITATION DATA] SYMBOLS USED IN COLUMN 16
AVERAGE MONTHLY: 58.0 TOTAL FOR MONTH: 3.73 1 = FOG OR MIST
DPTR FM NORMAL: -3.8 DPTR FM NORMAL: M 2 = FOG REDUCING VISIBILITY
HIGHEST: 85 ON 12 GRTST 24HR 0.90 ON 29-29 TO 1/4 MILE OR LESS
LOWEST: 27 ON 2 3 = THUNDER
SNOW, ICE PELLETS, HAIL 4 = ICE PELLETS
TOTAL MONTH: T 5 = HAIL
GRTST 24HR 0.0 6 = FREEZING RAIN OR DRIZZLE
GRTST DEPTH: 0 7 = DUSTSTORM OR SANDSTORM:
VSBY 1/2 MILE OR LESS
8 = SMOKE OR HAZE
[NO. OF DAYS WITH] [WEATHER - DAYS WITH] 9 = BLOWING SNOW
X = TORNADO
MAX 32 OR BELOW: 0 0.01 INCH OR MORE: 10
MAX 90 OR ABOVE: 0 0.10 INCH OR MORE: 7
MIN 32 OR BELOW: 4 0.50 INCH OR MORE: 3
MIN 0 OR BELOW: 0 1.00 INCH OR MORE: 0
[HDD (BASE 65) ]
TOTAL THIS MO. 220 CLEAR (SCALE 0-3) 15
DPTR FM NORMAL 63 PTCLDY (SCALE 4-7) 11
TOTAL FM JUL 1 3473 CLOUDY (SCALE 8-10) 4
DPTR FM NORMAL 335
[CDD (BASE 65) ]
TOTAL THIS MO. 18
DPTR FM NORMAL -40 [PRESSURE DATA]
TOTAL FM JAN 1 21 HIGHEST SLP M ON M
DPTR FM NORMAL -53 LOWEST SLP M ON M
[REMARKS]
#FINAL-04-21#