000
CXUS54 KLZK 011230
CF6LRF
PRELIMINARY LOCAL CLIMATOLOGICAL DATA (WS FORM: F-6)
STATION: JACKSONVILLE/LITTLE ROCK AFB
MONTH: AUGUST
YEAR: 2023
LATITUDE: 34 55 N
LONGITUDE: 92 9 W
TEMPERATURE IN F: :PCPN: SNOW: WIND :SUNSHINE: SKY :PK WND
================================================================================
1 2 3 4 5 6A 6B 7 8 9 10 11 12 13 14 15 16 17 18
12Z AVG MX 2MIN
DY MAX MIN AVG DEP HDD CDD WTR SNW DPTH SPD SPD DIR MIN PSBL S-S WX SPD DR
================================================================================
1 96 74 85 2 0 20 0.00 0.0 0 3.5 9 90 M M 3 M M
2 100 73 87 4 0 22 0.00 0.0 0 4.1 10 140 M M 1 M M
3 103 82 93 11 0 28 0.00 0.0 0 6.9 12 250 M M 1 17 270
4 94 77 86 4 0 21 0.00 0.0 0 5.8 14 110 M M 1 18 18 110
5 101 73 87 5 0 22 T 0.0 0 4.0 18 270 M M 1 3 24 270
6 95 72 84 2 0 19 0.01 0.0 0 5.4 16 300 M M 3 3 31 310
7 85 71 78 -4 0 13 1.19 0.0 M 4.5 10 10 M M 1 M M
8 85 71 78 -4 0 13 0.54 0.0 0 4.1 10 190 M M 6 13 17 190
9 88 71 80 -2 0 15 T 0.0 M 4.5 18 60 M M 7 22 60
10 90 70 80 -2 0 15 0.00 0.0 M 6.0 10 40 M M 6 M M
11 95 75 85 3 0 20 0.12 0.0 M 4.1 15 280 M M 4 13 24 290
12 90 78 84 2 0 19 0.01 0.0 0 5.5 16 60 M M 4 21 60
13 98 76 87 5 0 22 0.00 0.0 0 2.3 9 200 M M 2 M M
14 94 73 84 2 0 19 0.00 0.0 0 5.6 14 300 M M 2 20 300
15 86 62 74 -7 0 9 0.00 0.0 0 4.0 12 10 M M 1 17 320
16 85 60 73 -8 0 8 0.00 0.0 0 1.5 7 80 M M 2 M M
17 94 58 76 -5 0 11 0.00 0.0 0 5.3 13 260 M M 0 18 210
18 95 69 82 1 0 17 0.00 0.0 0 5.8 10 90 M M 0 M M
19 99 69 84 3 0 19 0.00 0.0 0 4.1 9 80 M M 0 M M
20 101 73 87 6 0 22 0.00 0.0 0 2.5 7 110 M M 0 M M
21 101 72 87 7 0 22 0.00 0.0 0 2.7 9 140 M M 0 M M
22 101 74 88 8 0 23 0.00 0.0 M 4.4 12 90 M M 0 M M
23 101 76 89 9 0 24 0.00 0.0 M 2.7 8 90 M M 2 M M
24 103 74 89 9 0 24 0.00 0.0 M 1.8 8 160 M M 0 M M
25 104 74 89 9 0 24 T 0.0 0 2.0 9 150 M M 1 3 M M
26 105 74 90 11 0 25 0.54 0.0 0 2.8 25 350 M M 3 3 32 10
27 90 75 83 4 0 18 0.00 0.0 0 7.3 10 20 M M 8 M M
28 90 70 80 1 0 15 0.00 0.0 0 8.4 21 80 M M 6 27 80
29 92 63 78 -1 0 13 0.00 0.0 0 4.9 12 70 M M 0 17 60
30 92 63 78 -1 0 13 0.00 0.0 0 6.0 13 100 M M 2 22 100
31 88 61 75 -3 0 10 0.00 0.0 0 5.6 10 80 M M 0 M M
================================================================================
SM 2941 2203 0 565 2.41 0.0 138.1 M 67
================================================================================
AV 94.9 71.1 4.5 FASTST M M 2 MAX(MPH)
MISC ----> 25 350 32 10
================================================================================
NOTES:
# LAST OF SEVERAL OCCURRENCES
COLUMN 17 PEAK WIND IN M.P.H.
PRELIMINARY LOCAL CLIMATOLOGICAL DATA (WS FORM: F-6) , PAGE 2
STATION: JACKSONVILLE/LITTLE ROCK AFB
MONTH: AUGUST
YEAR: 2023
LATITUDE: 34 55 N
LONGITUDE: 92 9 W
[TEMPERATURE DATA] [PRECIPITATION DATA] SYMBOLS USED IN COLUMN 16
AVERAGE MONTHLY: 83.0 TOTAL FOR MONTH: 2.41 1 = FOG OR MIST
DPTR FM NORMAL: 2.0 DPTR FM NORMAL: M 2 = FOG REDUCING VISIBILITY
HIGHEST: 105 ON 26 GRTST 24HR 1.19 ON 7- 7 TO 1/4 MILE OR LESS
LOWEST: 58 ON 17 3 = THUNDER
SNOW, ICE PELLETS, HAIL 4 = ICE PELLETS
TOTAL MONTH: 0.0 INCH 5 = HAIL
GRTST 24HR 0.0 6 = FREEZING RAIN OR DRIZZLE
GRTST DEPTH: 0 7 = DUSTSTORM OR SANDSTORM:
VSBY 1/2 MILE OR LESS
8 = SMOKE OR HAZE
[NO. OF DAYS WITH] [WEATHER - DAYS WITH] 9 = BLOWING SNOW
X = TORNADO
MAX 32 OR BELOW: 0 0.01 INCH OR MORE: 6
MAX 90 OR ABOVE: 25 0.10 INCH OR MORE: 4
MIN 32 OR BELOW: 0 0.50 INCH OR MORE: 3
MIN 0 OR BELOW: 0 1.00 INCH OR MORE: 1
[HDD (BASE 65) ]
TOTAL THIS MO. 0 CLEAR (SCALE 0-3) 23
DPTR FM NORMAL -5 PTCLDY (SCALE 4-7) 7
TOTAL FM JUL 1 0 CLOUDY (SCALE 8-10) 1
DPTR FM NORMAL -11
[CDD (BASE 65) ]
TOTAL THIS MO. 565
DPTR FM NORMAL 72 [PRESSURE DATA]
TOTAL FM JAN 1 1770 HIGHEST SLP M ON M
DPTR FM NORMAL 99 LOWEST SLP M ON M
[REMARKS]
#FINAL-08-23#