000
CXUS53 KARX 011902 CCA
CLALSE
CLIMATE REPORT
NATIONAL WEATHER SERVICE
220 AM CST FRI JAN 01 2021
...................................
...THE LA CROSSE WI CLIMATE SUMMARY FOR THE YEAR OF 2020...
CLIMATE NORMAL PERIOD 1981 TO 2010
CLIMATE RECORD PERIOD 1872 TO 2020
WEATHER OBSERVED NORMAL DEPART LAST YEAR`S
VALUE DATE(S) VALUE FROM VALUE DATE(S)
NORMAL
................................................................
TEMPERATURE (F)
RECORD
HIGH 108 07/13/1995
07/14/1936
LOW -43 01/18/1873
HIGHEST 97 08/26 97 07/19
LOWEST -16 02/14 -33 01/31
AVG. MAXIMUM 59.4 57.0 2.4 56.3
AVG. MINIMUM 39.8 37.8 2.0 38.0
MEAN 49.6 47.4 2.2 47.2
DAYS MAX >= 90 28 17.0 11.0 16
DAYS MAX <= 32 40 59.0 -19.0 66
DAYS MIN <= 32 143 142.0 1.0 147
DAYS MIN <= 0 10 21.0 -11.0 28
PRECIPITATION (INCHES)
RECORD
MAXIMUM 44.76 2016
MINIMUM 16.77 1910
TOTALS 30.82 33.06 -2.24 44.67
DAYS >= .01 113 119.0 - 6.0 134
DAYS >= .10 57 65.0 -8.0 82
DAYS >= .50 26 20.0 6.0 30
DAYS >= 1.00 6 7.0 -1.0 13
GREATEST
24 HR. TOTAL 1.98 08/31 2.05
SNOWFALL (INCHES)
RECORDS
TOTAL 91.4 1959
24 HR TOTAL 16.7 MM
TOTALS 35.6 43.3 -8.7 69.8
DAYS >= TRACE 61 32.0 29.0 79
DAYS >= 1.0 13 13.0 0.0 20
GREATEST
SNOW DEPTH 11 02/10 19 02/21
24 HR TOTAL 8.5 02/09 9.0
DEGREE DAYS
HEATING TOTAL 6568 6945 -377 7363
COOLING TOTAL 1032 827 205 950
................................................................
WIND (MPH)
AVERAGE WIND SPEED 8.3
HIGHEST GUST SPEED/DIRECTION 58/340 DATE 06/02
58/160 07/18
58/160 08/14
58/180 12/23
WEATHER CONDITIONS. NUMBER OF DAYS WITH
THUNDERSTORM 37 MIXED PRECIP 0
HEAVY RAIN 26 RAIN 39
LIGHT RAIN 108 FREEZING RAIN 1
LT FREEZING RAIN 3 HAIL 0
HEAVY SNOW 1 SNOW 5
LIGHT SNOW 55 SLEET 0
FOG 114 FOG W/VIS <= 1/4 MILE 24
HAZE 51
- INDICATES NEGATIVE NUMBERS.
R INDICATES RECORD WAS SET OR TIED.
MM INDICATES DATA IS MISSING.
T INDICATES TRACE AMOUNT.
$$
BOYNE