000
CXUS54 KFWD 010731
CF6LUD
PRELIMINARY LOCAL CLIMATOLOGICAL DATA (WS FORM: F-6)
STATION: DECATUR
MONTH: MARCH
YEAR: 2024
LATITUDE: 33 15 N
LONGITUDE: 97 30 W
TEMPERATURE IN F: :PCPN: SNOW: WIND :SUNSHINE: SKY :PK WND
================================================================================
1 2 3 4 5 6A 6B 7 8 9 10 11 12 13 14 15 16 17 18
12Z AVG MX 2MIN
DY MAX MIN AVG DEP HDD CDD WTR SNW DPTH SPD SPD DIR MIN PSBL S-S WX SPD DR
================================================================================
1 68 34 51 2 14 0 0.00 M M 6.9 14 160 M M 3 12 18 160
2 84 53 69 19 0 4 0.00 M M 10.5 16 170 M M 0 24 210
3 82 60 71 21 0 6 0.00 M M 12.8 18 180 M M 2 1 25 180
4 82 61 72 22 0 7 0.00 M M 9.3 16 180 M M 1 1 20 180
5 76 53 65 15 0 0 0.00 M M 5.0 9 50 M M 1 M M
6 76 49 63 12 2 0 0.00 M M 6.8 17 170 M M 1 18 170
7 71 57 64 13 1 0 0.56 M M 11.0 20 150 M M 6 13 32 150
8 63 39 51 0 14 0 0.00 M M 8.7 14 330 M M 9 1 24 350
9 58 39 49 -2 16 0 0.00 M M 7.8 15 340 M M 3 21 340
10 63 41 52 0 13 0 0.00 M M 2.3 7 170 M M 0 M M
11 69 49 59 7 6 0 0.00 M M 8.2 12 160 M M 0 18 200
12 78 54 66 14 0 1 0.00 M M 11.9 17 180 M M 2 24 180
13 82 60 71 18 0 6 0.00 M M 12.0 18 160 M M 1 28 160
14 82 68 75 22 0 10 0.00 M M 8.9 17 170 M M 6 29 170
15 68 53 61 8 4 0 0.07 M M 8.3 15 20 M M 5 23 360
16 58 50 54 1 11 0 0.78 M M 4.8 10 40 M M 8 1 M M
17 64 53 59 5 6 0 0.00 M M 6.2 15 60 M M 5 1 21 60
18 59 41 50 -4 15 0 0.00 M M 5.8 14 50 M M 1 18 50
19 68 42 55 1 10 0 0.00 M M 7.0 13 180 M M 0 18 180
20 71 52 62 8 3 0 0.00 M M 7.8 14 190 M M 0 18 190
21 65 54 60 5 5 0 0.83 M M 5.8 10 120 M M 5 1 9 140
22 70 54 62 7 3 0 0.00 M M 4.7 10 350 M M 7 1 20 0
23 64 43 54 -1 11 0 0.00 M M 5.3 9 130 M M 0 M M
24 67 57 62 6 3 0 0.05 M M 16.8 28 170 M M 5 8 36 170
25 70 40 55 -1 10 0 0.00 M M 10.0 17 250 M M 0 25 310
26 57 33 45 -11 20 0 0.00 M M 3.4 10 310 M M 0 17 310
27 64 38 51 -5 14 0 0.00 M M 3.8 12 70 M M 1 17 120
28 72 40 56 -1 9 0 0.00 M M 6.2 12 140 M M 0 17 170
29 77 57 67 10 0 2 0.00 M M 15.3 23 180 M M 0 35 180
30 79 59 69 12 0 4 0.00 M M 7.0 17 190 M M 0 24 180
31 75 65 70 13 0 5 0.00 M M 6.5 15 170 M M 4 8 21 180
================================================================================
SM 2182 1548 190 45 2.29 M 246.6 M 76
================================================================================
AV 70.4 49.9 8.0 FASTST M M 2 MAX(MPH)
MISC ----> 28 170 36 170
================================================================================
NOTES:
# LAST OF SEVERAL OCCURRENCES
COLUMN 17 PEAK WIND IN M.P.H.
PRELIMINARY LOCAL CLIMATOLOGICAL DATA (WS FORM: F-6) , PAGE 2
STATION: DECATUR
MONTH: MARCH
YEAR: 2024
LATITUDE: 33 15 N
LONGITUDE: 97 30 W
[TEMPERATURE DATA] [PRECIPITATION DATA] SYMBOLS USED IN COLUMN 16
AVERAGE MONTHLY: 60.2 TOTAL FOR MONTH: 2.29 1 = FOG OR MIST
DPTR FM NORMAL: 6.8 DPTR FM NORMAL: -1.45 2 = FOG REDUCING VISIBILITY
HIGHEST: 84 ON 2 GRTST 24HR 0.83 ON 21-21 TO 1/4 MILE OR LESS
LOWEST: 33 ON 26 3 = THUNDER
SNOW, ICE PELLETS, HAIL 4 = ICE PELLETS
TOTAL MONTH: M 5 = HAIL
GRTST 24HR M ON M 6 = FREEZING RAIN OR DRIZZLE
GRTST DEPTH: M ON M 7 = DUSTSTORM OR SANDSTORM:
VSBY 1/2 MILE OR LESS
8 = SMOKE OR HAZE
[NO. OF DAYS WITH] [WEATHER - DAYS WITH] 9 = BLOWING SNOW
X = TORNADO
MAX 32 OR BELOW: 0 0.01 INCH OR MORE: 5
MAX 90 OR ABOVE: 0 0.10 INCH OR MORE: 3
MIN 32 OR BELOW: 0 0.50 INCH OR MORE: 3
MIN 0 OR BELOW: 0 1.00 INCH OR MORE: 0
[HDD (BASE 65) ]
TOTAL THIS MO. 190 CLEAR (SCALE 0-3) 20
DPTR FM NORMAL -181 PTCLDY (SCALE 4-7) 10
TOTAL FM JUL 1 2003 CLOUDY (SCALE 8-10) 1
DPTR FM NORMAL -770
[CDD (BASE 65) ]
TOTAL THIS MO. 45
DPTR FM NORMAL 35 [PRESSURE DATA]
TOTAL FM JAN 1 73 HIGHEST SLP M ON M
DPTR FM NORMAL 61 LOWEST SLP M ON M
[REMARKS]
#FINAL-03-24#