000
CXUS54 KHGX 181410
CF6LVJ
PRELIMINARY LOCAL CLIMATOLOGICAL DATA (WS FORM: F-6)
STATION: HOUSTON/CLOVER_FIELD
MONTH: APRIL
YEAR: 2024
LATITUDE: 29 31 N
LONGITUDE: 95 14 W
TEMPERATURE IN F: :PCPN: SNOW: WIND :SUNSHINE: SKY :PK WND
================================================================================
1 2 3 4 5 6A 6B 7 8 9 10 11 12 13 14 15 16 17 18
12Z AVG MX 2MIN
DY MAX MIN AVG DEP HDD CDD WTR SNW DPTH SPD SPD DIR MIN PSBL S-S WX SPD DR
================================================================================
1 80 73 77 9 0 12 0.00 0.0 0 11.3 17 170 M M 9 18 28 170
2 85 61 73 5 0 8 0.07 0.0 0 8.8 22 330 M M 4 18 34 340
3 77 53 65 -3 0 0 0.00 0.0 0 6.4 16 280 M M 0 26 270
4 83 51 67 -1 0 2 0.00 0.0 0 3.5 10 170 M M 0 19 280
5 85 56 71 3 0 6 0.00 0.0 0 1.6 6 140 M M 0 9 140
6 78 62 70 1 0 5 0.00 0.0 0 8.2 21 140 M M 4 30 140
7 82 71 77 8 0 12 0.02 0.0 0 6.4 15 160 M M 8 18 22 170
8 79 73 76 7 0 11 0.02 0.0 0 9.6 21 150 M M 10 18 29 150
9 79 73 76 7 0 11 0.11 0.0 0 12.5 25 150 M M 9 138 35 160
10 74 63 69 0 0 4 1.39 0.0 0 10.3 33 310 M M 7 13 55 280
11 83 56 70 0 0 5 0.00 0.0 0 9.3 17 340 M M 0 26 340
12 81 53 67 -3 0 2 0.00 0.0 0 3.9 13 80 M M 0 19 140
13 80 56 68 -2 0 3 0.00 0.0 0 6.3 18 130 M M 1 24 140
14 80 64 72 2 0 7 0.00 0.0 0 7.3 18 170 M M 6 29 160
15 79 69 74 4 0 9 0.00 0.0 0 9.2 20 140 M M 10 27 140
16 81 73 77 7 0 12 T 0.0 0 11.4 22 140 M M 9 18 29 130
17 81 74 78 7 0 13 0.00 0.0 0 8.8 16 140 M M 8 18 21 130
================================================================================
SM 1367 1081 0 122 1.61 0.0 134.8 M 85
================================================================================
AV 80.4 63.6 7.9 FASTST M M 5 MAX(MPH)
MISC ----> 33 310 55 280
================================================================================
NOTES:
# LAST OF SEVERAL OCCURRENCES
COLUMN 17 PEAK WIND IN M.P.H.
PRELIMINARY LOCAL CLIMATOLOGICAL DATA (WS FORM: F-6) , PAGE 2
STATION: HOUSTON/CLOVER_FIELD
MONTH: APRIL
YEAR: 2024
LATITUDE: 29 31 N
LONGITUDE: 95 14 W
[TEMPERATURE DATA] [PRECIPITATION DATA] SYMBOLS USED IN COLUMN 16
AVERAGE MONTHLY: 72.0 TOTAL FOR MONTH: 1.61 1 = FOG OR MIST
DPTR FM NORMAL: 2.8 DPTR FM NORMAL: -0.42 2 = FOG REDUCING VISIBILITY
HIGHEST: 85 ON 5, 2 GRTST 24HR 1.50 ON 9-10 TO 1/4 MILE OR LESS
LOWEST: 51 ON 4 3 = THUNDER
SNOW, ICE PELLETS, HAIL 4 = ICE PELLETS
TOTAL MONTH: 0.0 INCH 5 = HAIL
GRTST 24HR 0.0 6 = FREEZING RAIN OR DRIZZLE
GRTST DEPTH: 0 7 = DUSTSTORM OR SANDSTORM:
VSBY 1/2 MILE OR LESS
8 = SMOKE OR HAZE
[NO. OF DAYS WITH] [WEATHER - DAYS WITH] 9 = BLOWING SNOW
X = TORNADO
MAX 32 OR BELOW: 0 0.01 INCH OR MORE: 5
MAX 90 OR ABOVE: 0 0.10 INCH OR MORE: 2
MIN 32 OR BELOW: 0 0.50 INCH OR MORE: 1
MIN 0 OR BELOW: 0 1.00 INCH OR MORE: 1
[HDD (BASE 65) ]
TOTAL THIS MO. 0 CLEAR (SCALE 0-3) 6
DPTR FM NORMAL -21 PTCLDY (SCALE 4-7) 6
TOTAL FM JUL 1 991 CLOUDY (SCALE 8-10) 5
DPTR FM NORMAL -77
[CDD (BASE 65) ]
TOTAL THIS MO. 122
DPTR FM NORMAL 30 [PRESSURE DATA]
TOTAL FM JAN 1 265 HIGHEST SLP M ON M
DPTR FM NORMAL 19 LOWEST SLP 29.55 ON 10
[REMARKS]