000
CXUS55 KBYZ 011000
CF6LVM
PRELIMINARY LOCAL CLIMATOLOGICAL DATA (WS FORM: F-6)
STATION: LIVINGSTON MT
MONTH: AUGUST
YEAR: 2020
LATITUDE: 45 41 N
LONGITUDE: 110 26 W
TEMPERATURE IN F: :PCPN: SNOW: WIND :SUNSHINE: SKY :PK WND
================================================================================
1 2 3 4 5 6A 6B 7 8 9 10 11 12 13 14 15 16 17 18
12Z AVG MX 2MIN
DY MAX MIN AVG DEP HDD CDD WTR SNW DPTH SPD SPD DIR MIN PSBL S-S WX SPD DR
================================================================================
1 92 62 77 9 0 12 0.00 M M 14.0 23 60 M M 0 29 70
2 95 54 75 7 0 10 0.00 M M 9.0 23 90 M M 0 29 90
3 97 55 76 8 0 11 0.01 M M 7.7 56 200 M M 1 3 75 230
4 90 49 70 2 0 5 0.00 M M 8.3 20 60 M M 0 23 70
5 91 50 71 3 0 6 0.00 M M 8.8 21 130 M M 0 27 70
6 91 49 70 2 0 5 T M M 6.9 38 250 M M 1 3 49 250
7 86 50 68 0 0 3 0.00 M M 11.6 29 250 M M 1 34 260
8 88 41 65 -3 0 0 0.00 M M 8.8 22 270 M M 0 27 270
9 85 51 68 1 0 3 0.00 M M 9.5 21 260 M M 3 26 290
10 89 43 66 -1 0 1 0.00 M M 9.0 18 320 M M 0 28 320
11 93 45 69 2 0 4 0.00 M M 11.1 29 210 M M 0 8 35 190
12 92 55 74 7 0 9 0.04 M M 18.1 47 250 M M 2 3 68 210
13 83 44 64 -3 1 0 0.06 M M 5.9 25 170 M M 4 33 180
14 84 42 63 -3 2 0 0.00 M M 9.3 23 270 M M 0 29 250
15 92 38 65 -1 0 0 0.00 M M 8.7 23 280 M M 0 27 280
16 96 44 70 4 0 5 0.00 M M 6.7 17 260 M M 0 22 250
17 101 56 79 13 0 14 0.00 M M 7.9 22 280 M M 0 29 280
18 96 53 75 9 0 10 0.00 M M 5.5 16 360 M M 0 20 340
19 91 55 73 8 0 8 0.30 M M 7.1 36 310 M M 2 13 46 300
20 87 57 72 7 0 7 T M M 6.0 35 190 M M 2 38 46 190
21 91 52 72 7 0 7 0.00 M M 6.3 16 270 M M 0 18 20 280
22 94 55 75 11 0 10 0.00 M M 6.4 20 230 M M 4 8 24 270
23 93 49 71 7 0 6 0.00 M M 4.8 13 330 M M 0 8 16 120
24 95 48 72 8 0 7 0.00 M M 7.7 21 350 M M 1 8 36 240
25 90 57 74 10 0 9 T M M 9.7 38 320 M M 3 38 46 330
26 90 51 71 8 0 6 0.28 M M 8.6 32 240 M M 2 13 39 150
27 80 58 69 6 0 4 0.02 M M 9.4 25 200 M M 2 33 350
28 83 47 65 3 0 0 0.00 M M 5.4 15 140 M M 0 19 140
29 90 44 67 5 0 2 0.00 M M 11.6 28 290 M M 0 36 290
30 65 38 52 -10 13 0 0.00 M M 8.7 24 80 M M 3 31 60
31 63 35 49 -13 16 0 T M M 11.3 25 260 M M 7 32 250
================================================================================
SM 2753 1527 32 164 0.71 M 269.8 M 38
================================================================================
AV 88.8 49.3 8.7 FASTST M M 1 MAX(MPH)
MISC ----> 56 200 75 230
================================================================================
NOTES:
# LAST OF SEVERAL OCCURRENCES
COLUMN 17 PEAK WIND IN M.P.H.
PRELIMINARY LOCAL CLIMATOLOGICAL DATA (WS FORM: F-6) , PAGE 2
STATION: LIVINGSTON MT
MONTH: AUGUST
YEAR: 2020
LATITUDE: 45 41 N
LONGITUDE: 110 26 W
[TEMPERATURE DATA] [PRECIPITATION DATA] SYMBOLS USED IN COLUMN 16
AVERAGE MONTHLY: 69.0 TOTAL FOR MONTH: 0.71 1 = FOG OR MIST
DPTR FM NORMAL: 3.4 DPTR FM NORMAL: -0.40 2 = FOG REDUCING VISIBILITY
HIGHEST: 101 ON 17 GRTST 24HR 0.30 ON 19-19 TO 1/4 MILE OR LESS
LOWEST: 35 ON 31 3 = THUNDER
SNOW, ICE PELLETS, HAIL 4 = ICE PELLETS
TOTAL MONTH: M 5 = HAIL
GRTST 24HR M ON M 6 = FREEZING RAIN OR DRIZZLE
GRTST DEPTH: M ON M 7 = DUSTSTORM OR SANDSTORM:
VSBY 1/2 MILE OR LESS
8 = SMOKE OR HAZE
[NO. OF DAYS WITH] [WEATHER - DAYS WITH] 9 = BLOWING SNOW
X = TORNADO
MAX 32 OR BELOW: 0 0.01 INCH OR MORE: 6
MAX 90 OR ABOVE: 20 0.10 INCH OR MORE: 2
MIN 32 OR BELOW: 0 0.50 INCH OR MORE: 0
MIN 0 OR BELOW: 0 1.00 INCH OR MORE: 0
[HDD (BASE 65) ]
TOTAL THIS MO. 32 CLEAR (SCALE 0-3) 28
DPTR FM NORMAL -35 PTCLDY (SCALE 4-7) 3
TOTAL FM JUL 1 63 CLOUDY (SCALE 8-10) 0
DPTR FM NORMAL -54
[CDD (BASE 65) ]
TOTAL THIS MO. 164
DPTR FM NORMAL 78 [PRESSURE DATA]
TOTAL FM JAN 1 305 HIGHEST SLP 30.19 ON 16
DPTR FM NORMAL 90 LOWEST SLP 29.61 ON 29
[REMARKS]
#FINAL-08-20#