000
CXUS55 KBYZ 011000
CF6LVM
PRELIMINARY LOCAL CLIMATOLOGICAL DATA (WS FORM: F-6)
STATION: LIVINGSTON MT
MONTH: JUNE
YEAR: 2020
LATITUDE: 45 41 N
LONGITUDE: 110 26 W
TEMPERATURE IN F: :PCPN: SNOW: WIND :SUNSHINE: SKY :PK WND
================================================================================
1 2 3 4 5 6A 6B 7 8 9 10 11 12 13 14 15 16 17 18
12Z AVG MX 2MIN
DY MAX MIN AVG DEP HDD CDD WTR SNW DPTH SPD SPD DIR MIN PSBL S-S WX SPD DR
================================================================================
1 79 45 62 7 3 0 0.01 M M 7.6 22 350 M M 2 27 350
2 79 53 66 11 0 1 0.01 M M 10.1 32 200 M M 5 37 200
3 82 50 66 11 0 1 T M M 14.6 44 200 M M 2 51 210
4 79 49 64 9 1 0 0.00 M M 10.3 24 270 M M 4 29 260
5 78 39 59 3 6 0 0.00 M M 12.2 29 60 M M 1 8 35 70
6 72 50 61 5 4 0 0.32 M M 9.7 39 210 M M 4 13 47 210
7 68 48 58 2 7 0 0.04 M M 18.2 39 210 M M 6 48 190
8 53 40 47 -9 18 0 T M M 21.4 35 220 M M 6 43 220
9 62 37 50 -7 15 0 0.00 M M 19.8 32 240 M M 6 39 230
10 74 44 59 2 6 0 0.00 M M 14.2 25 270 M M 5 33 280
11 84 37 61 4 4 0 0.00 M M 7.2 26 210 M M 0 33 210
12 90 44 67 9 0 2 0.00 M M 5.8 16 60 M M 0 20 70
13 90 44 67 9 0 2 0.00 M M 10.9 33 210 M M 0 45 210
14 67 39 53 -5 12 0 0.03 M M 14.9 39 220 M M 5 47 210
15 79 38 59 1 6 0 T M M 12.7 29 220 M M 3 41 220
16 63 45 54 -5 11 0 0.28 M M 10.2 29 250 M M 9 1 35 250
17 50 45 48 -11 17 0 0.27 M M 10.4 31 210 M M 10 1 38 200
18 62 42 52 -7 13 0 0.25 M M 10.6 23 240 M M 7 1 28 250
19 75 39 57 -3 8 0 0.00 M M 9.9 22 280 M M 2 29 290
20 78 43 61 1 4 0 T M M 11.2 26 250 M M 5 39 250
21 76 55 66 6 0 1 T M M 11.0 24 310 M M 6 8 30 310
22 80 42 61 0 4 0 0.00 M M 6.5 20 260 M M 1 24 180
23 88 42 65 4 0 0 0.00 M M 6.8 20 290 M M 0 26 270
24 93 50 72 11 0 7 0.13 M M 9.6 48 240 M M 1 38 56 240
25 80 51 66 4 0 1 0.02 M M 6.9 20 310 M M 3 1 24 310
26 90 47 69 7 0 4 0.00 M M 6.9 22 190 M M 0 29 190
27 89 53 71 9 0 6 0.05 M M 10.9 37 190 M M 3 13 47 190
28 63 48 56 -6 9 0 0.64 M M 6.1 20 100 M M 7 13 25 100
29 57 46 52 -11 13 0 0.20 M M 9.6 20 250 M M 8 1 24 260
30 67 42 55 -8 10 0 0.08 M M 14.1 37 200 M M 6 48 220
================================================================================
SM 2247 1347 171 25 2.33 M 330.3 M 117
================================================================================
AV 74.9 44.9 11.0 FASTST M M 4 MAX(MPH)
MISC ----> 48 240 56 240
================================================================================
NOTES:
# LAST OF SEVERAL OCCURRENCES
COLUMN 17 PEAK WIND IN M.P.H.
PRELIMINARY LOCAL CLIMATOLOGICAL DATA (WS FORM: F-6) , PAGE 2
STATION: LIVINGSTON MT
MONTH: JUNE
YEAR: 2020
LATITUDE: 45 41 N
LONGITUDE: 110 26 W
[TEMPERATURE DATA] [PRECIPITATION DATA] SYMBOLS USED IN COLUMN 16
AVERAGE MONTHLY: 59.9 TOTAL FOR MONTH: 2.33 1 = FOG OR MIST
DPTR FM NORMAL: 1.2 DPTR FM NORMAL: -0.06 2 = FOG REDUCING VISIBILITY
HIGHEST: 93 ON 24 GRTST 24HR 0.80 ON 28-29 TO 1/4 MILE OR LESS
LOWEST: 37 ON 11, 9 3 = THUNDER
SNOW, ICE PELLETS, HAIL 4 = ICE PELLETS
TOTAL MONTH: M 5 = HAIL
GRTST 24HR M ON M 6 = FREEZING RAIN OR DRIZZLE
GRTST DEPTH: M ON M 7 = DUSTSTORM OR SANDSTORM:
VSBY 1/2 MILE OR LESS
8 = SMOKE OR HAZE
[NO. OF DAYS WITH] [WEATHER - DAYS WITH] 9 = BLOWING SNOW
X = TORNADO
MAX 32 OR BELOW: 0 0.01 INCH OR MORE: 14
MAX 90 OR ABOVE: 4 0.10 INCH OR MORE: 7
MIN 32 OR BELOW: 0 0.50 INCH OR MORE: 1
MIN 0 OR BELOW: 0 1.00 INCH OR MORE: 0
[HDD (BASE 65) ]
TOTAL THIS MO. 171 CLEAR (SCALE 0-3) 12
DPTR FM NORMAL -36 PTCLDY (SCALE 4-7) 16
TOTAL FM JUL 1 7259 CLOUDY (SCALE 8-10) 2
DPTR FM NORMAL -349
[CDD (BASE 65) ]
TOTAL THIS MO. 25
DPTR FM NORMAL 6 [PRESSURE DATA]
TOTAL FM JAN 1 32 HIGHEST SLP 30.19 ON 18
DPTR FM NORMAL 12 LOWEST SLP 29.33 ON 6
[REMARKS]
#FINAL-06-20#