000
CXUS56 KOTX 010910
CF6LWS
PRELIMINARY LOCAL CLIMATOLOGICAL DATA (WS FORM: F-6)
STATION: LEWISTON ID AIRPORT
MONTH: JULY
YEAR: 2023
LATITUDE: 46 22 N
LONGITUDE: 117 1 W
TEMPERATURE IN F: :PCPN: SNOW: WIND :SUNSHINE: SKY :PK WND
================================================================================
1 2 3 4 5 6A 6B 7 8 9 10 11 12 13 14 15 16 17 18
12Z AVG MX 2MIN
DY MAX MIN AVG DEP HDD CDD WTR SNW DPTH SPD SPD DIR MIN PSBL S-S WX SPD DR
================================================================================
1 95 65 80 9 0 15 0.00 0.0 0 8.4 25 290 M M 0 33 320
2 91 61 76 4 0 11 0.00 0.0 0 4.7 16 330 M M 0 20 320
3 91 57 74 2 0 9 0.00 0.0 0 6.0 21 350 M M 1 27 10
4 91 54 73 1 0 8 0.00 0.0 0 3.9 13 350 M M 0 16 340
5 94 58 76 3 0 11 0.00 0.0 0 4.4 14 20 M M 0 18 340
6 96 63 80 7 0 15 0.00 0.0 0 4.5 13 350 M M 0 18 340
7 99 64 82 8 0 17 0.00 0.0 0 4.2 12 350 M M 0 16 360
8 100 65 83 9 0 18 0.00 0.0 0 3.0 10 310 M M 0 15 300
9 103 67 85 11 0 20 0.00 0.0 0 5.0 23 220 M M 0 29 210
10 87 67 77 2 0 12 0.00 0.0 0 8.0 24 290 M M 1 3 33 300
11 91 61 76 1 0 11 0.00 0.0 0 5.2 14 330 M M 0 18 330
12 94 59 77 2 0 12 0.00 0.0 0 5.2 20 290 M M 0 24 290
13 93 66 80 4 0 15 0.00 0.0 0 6.4 22 320 M M 1 29 330
14 96 60 78 2 0 13 0.00 0.0 0 3.7 12 20 M M 0 16 30
15 102 65 84 8 0 19 0.00 0.0 0 3.9 12 10 M M 0 16 70
16 105 69 87 11 0 22 0.00 0.0 0 4.7 15 310 M M 0 19 310
17 90 68 79 2 0 14 0.00 0.0 0 13.5 29 300 M M 0 38 310
18 90 59 75 -2 0 10 0.00 0.0 0 4.6 12 320 M M 0 15 320
19 98 59 79 2 0 14 0.00 0.0 0 3.5 10 190 M M 0 13 360
20 104 65 85 8 0 20 0.00 0.0 0 3.9 12 300 M M 0 15 300
21 103 68 86 8 0 21 0.00 0.0 0 5.3 17 310 M M 0 24 280
22 98 69 84 6 0 19 0.00 0.0 0 5.4 16 310 M M 0 22 320
23 104 64 84 6 0 19 0.00 0.0 0 4.6 15 300 M M 0 19 300
24 94 66 80 2 0 15 0.08 0.0 0 9.1 22 310 M M 1 3 29 310
25 89 61 75 -3 0 10 0.00 0.0 0 5.6 23 300 M M 1 31 290
26 87 60 74 -4 0 9 0.00 0.0 0 4.7 15 300 M M 0 17 300
27 91 58 75 -3 0 10 0.00 0.0 0 3.8 14 330 M M 0 18 290
28 96 60 78 0 0 13 0.00 0.0 0 4.9 14 310 M M 0 17 300
29 97 66 82 4 0 17 0.00 0.0 0 4.9 13 300 M M 0 16 300
30 94 67 81 3 0 16 0.00 0.0 0 6.2 17 300 M M 0 23 330
31 93 62 78 0 0 13 0.00 0.0 0 5.4 14 310 M M 0 18 320
================================================================================
SM 2956 1953 0 448 0.08 0.0 166.6 M 5
================================================================================
AV 95.4 63.0 5.4 FASTST M M 0 MAX(MPH)
MISC ----> 29 300 38 310
================================================================================
NOTES:
# LAST OF SEVERAL OCCURRENCES
COLUMN 17 PEAK WIND IN M.P.H.
PRELIMINARY LOCAL CLIMATOLOGICAL DATA (WS FORM: F-6) , PAGE 2
STATION: LEWISTON ID AIRPORT
MONTH: JULY
YEAR: 2023
LATITUDE: 46 22 N
LONGITUDE: 117 1 W
[TEMPERATURE DATA] [PRECIPITATION DATA] SYMBOLS USED IN COLUMN 16
AVERAGE MONTHLY: 79.2 TOTAL FOR MONTH: 0.08 1 = FOG OR MIST
DPTR FM NORMAL: 3.4 DPTR FM NORMAL: -0.39 2 = FOG REDUCING VISIBILITY
HIGHEST: 105 ON 16 GRTST 24HR 0.08 ON 24-24 TO 1/4 MILE OR LESS
LOWEST: 54 ON 4 3 = THUNDER
SNOW, ICE PELLETS, HAIL 4 = ICE PELLETS
TOTAL MONTH: 0.0 INCH 5 = HAIL
GRTST 24HR 0.0 6 = FREEZING RAIN OR DRIZZLE
GRTST DEPTH: 0 7 = DUSTSTORM OR SANDSTORM:
VSBY 1/2 MILE OR LESS
8 = SMOKE OR HAZE
[NO. OF DAYS WITH] [WEATHER - DAYS WITH] 9 = BLOWING SNOW
X = TORNADO
MAX 32 OR BELOW: 0 0.01 INCH OR MORE: 1
MAX 90 OR ABOVE: 28 0.10 INCH OR MORE: 0
MIN 32 OR BELOW: 0 0.50 INCH OR MORE: 0
MIN 0 OR BELOW: 0 1.00 INCH OR MORE: 0
[HDD (BASE 65) ]
TOTAL THIS MO. 0 CLEAR (SCALE 0-3) 31
DPTR FM NORMAL -5 PTCLDY (SCALE 4-7) 0
TOTAL FM JUL 1 0 CLOUDY (SCALE 8-10) 0
DPTR FM NORMAL -2
[CDD (BASE 65) ]
TOTAL THIS MO. 448
DPTR FM NORMAL 107 [PRESSURE DATA]
TOTAL FM JAN 1 796 HIGHEST SLP M ON M
DPTR FM NORMAL 312 LOWEST SLP 29.62 ON 9
[REMARKS]
#FINAL-07-23#