053
CXUS53 KILX 012300
CF6LWV
PRELIMINARY LOCAL CLIMATOLOGICAL DATA (WS FORM: F-6)
STATION: LAWRENCEVILLE IL AIRPORT
MONTH: SEPTEMBER
YEAR: 2020
LATITUDE: 38 45 N
LONGITUDE: 87 36 W
TEMPERATURE IN F: :PCPN: SNOW: WIND :SUNSHINE: SKY :PK WND
================================================================================
1 2 3 4 5 6A 6B 7 8 9 10 11 12 13 14 15 16 17 18
12Z AVG MX 2MIN
DY MAX MIN AVG DEP HDD CDD WTR SNW DPTH SPD SPD DIR MIN PSBL S-S WX SPD DR
================================================================================
1 80 68 74 0 0 9 0.06 M M 4.7 12 200 M M 7 128 16 170
2 79 72 76 2 0 11 0.03 M M 4.9 12 290 M M 8 1 15 280
3 87 71 79 5 0 14 0.08 M M 7.3 20 260 M M 7 128 27 260
4 81 56 69 -5 0 4 0.00 M M 7.5 17 300 M M 1 34 310
5 85 54 70 -3 0 5 0.00 M M 5.0 14 220 M M 0 23 270
6 84 58 71 -2 0 6 0.00 M M 7.3 21 170 M M 0 30 170
7 91 64 78 5 0 13 0.00 M M 8.1 16 190 M M 2 24 190
8 92 66 79 7 0 14 0.00 M M 6.2 15 210 M M 0 22 210
9 90 63 77 5 0 12 0.00 M M 2.7 8 220 M M 1 1 11 220
10 88 65 77 5 0 12 0.00 M M 6.5 12 10 M M 2 18 16 350
11 76 67 72 1 0 7 0.00 M M 7.0 12 50 M M 7 18 16 140
12 84 68 76 5 0 11 T M M 5.4 10 320 M M 7 18 16 130
13 83 65 74 3 0 9 0.00 M M 5.9 14 320 M M 3 17 330
14 85 60 73 3 0 8 0.00 M M 6.8 16 30 M M 0 22 30
15 79 54 67 -3 0 2 0.00 M M 5.4 10 80 M M 0 16 60
16 81 50 66 -4 0 1 0.00 M M 2.9 9 290 M M 0 13 300
17 86 51 69 0 0 4 0.00 M M 6.5 16 360 M M 1 1 23 350
18 72 49 61 -8 4 0 0.00 M M 10.4 20 30 M M 0 29 30
19 73 44 59 -9 6 0 0.00 M M 6.8 15 70 M M 0 21 60
20 78 45 62 -6 3 0 0.00 M M 8.2 18 70 M M 0 27 80
21 80 45 63 -4 2 0 0.00 M M 4.0 12 160 M M 0 15 220
22 77 49 63 -4 2 0 0.00 M M 2.3 12 210 M M 1 15 210
23 73 50 62 -5 3 0 0.00 M M 3.2 12 210 M M 0 1 14 220
24 80 56 68 2 0 3 0.01 M M 3.6 14 170 M M 6 19 180
25 82 53 68 2 0 3 0.00 M M 3.9 14 240 M M 1 1 17 240
26 78 56 67 2 0 2 0.00 M M 9.6 22 190 M M 4 12 27 180
27 82 57 70 5 0 5 0.00 M M 8.9 17 210 M M 1 1 24 180
28 70 52 61 -3 4 0 0.08 M M 10.8 23 300 M M 8 1 28 340
29 66 47 57 -7 8 0 T M M 7.8 18 300 M M 4 23 300
30 85 48 67 3 0 2 0.00 M M 12.7 30 320 M M 0 39 260
================================================================================
SM 2427 1703 32 157 0.26 M 192.3 M 71
================================================================================
AV 80.9 56.8 6.4 FASTST M M 2 MAX(MPH)
MISC ----> # 30 320 # 39 260
================================================================================
NOTES:
# LAST OF SEVERAL OCCURRENCES
COLUMN 17 PEAK WIND IN M.P.H.
PRELIMINARY LOCAL CLIMATOLOGICAL DATA (WS FORM: F-6) , PAGE 2
STATION: LAWRENCEVILLE IL AIRPORT
MONTH: SEPTEMBER
YEAR: 2020
LATITUDE: 38 45 N
LONGITUDE: 87 36 W
[TEMPERATURE DATA] [PRECIPITATION DATA] SYMBOLS USED IN COLUMN 16
AVERAGE MONTHLY: 68.8 TOTAL FOR MONTH: 0.26 1 = FOG OR MIST
DPTR FM NORMAL: -0.7 DPTR FM NORMAL: -2.93 2 = FOG REDUCING VISIBILITY
HIGHEST: 92 ON 8 GRTST 24HR 0.08 ON 28-28 TO 1/4 MILE OR LESS
LOWEST: 44 ON 19 3 = THUNDER
SNOW, ICE PELLETS, HAIL 4 = ICE PELLETS
TOTAL MONTH: M 5 = HAIL
GRTST 24HR M ON M 6 = FREEZING RAIN OR DRIZZLE
GRTST DEPTH: M ON M 7 = DUSTSTORM OR SANDSTORM:
VSBY 1/2 MILE OR LESS
8 = SMOKE OR HAZE
[NO. OF DAYS WITH] [WEATHER - DAYS WITH] 9 = BLOWING SNOW
X = TORNADO
MAX 32 OR BELOW: 0 0.01 INCH OR MORE: 5
MAX 90 OR ABOVE: 3 0.10 INCH OR MORE: 0
MIN 32 OR BELOW: 0 0.50 INCH OR MORE: 0
MIN 0 OR BELOW: 0 1.00 INCH OR MORE: 0
[HDD (BASE 65) ]
TOTAL THIS MO. 32 CLEAR (SCALE 0-3) 21
DPTR FM NORMAL -6 PTCLDY (SCALE 4-7) 9
TOTAL FM JUL 1 32 CLOUDY (SCALE 8-10) 0
DPTR FM NORMAL -7
[CDD (BASE 65) ]
TOTAL THIS MO. 157
DPTR FM NORMAL -14 [PRESSURE DATA]
TOTAL FM JAN 1 1187 HIGHEST SLP 30.40 ON 20
DPTR FM NORMAL -167 LOWEST SLP 29.70 ON 30
[REMARKS]
#FINAL-09-20#