000
CXUS53 KILX 011615
CLSLWV
CLIMATE REPORT
NATIONAL WEATHER SERVICE LINCOLN IL
1015 AM CST WED DEC 01 2021
...................................
...THE LAWRENCEVILLE IL AIRPORT CLIMATE SUMMARY FOR THE SEASON, FROM
9/1/2021 TO 11/30/2021...
CLIMATE NORMAL PERIOD 1991 TO 2020
CLIMATE RECORD PERIOD 9999 TO 9999
WEATHER OBSERVED NORMAL DEPART LAST YEAR`S
VALUE DATE(S) VALUE FROM VALUE
NORMAL
..............................................................
TEMPERATURE (F)
RECORD
HIGH MM MM
LOW MM MM
HIGHEST 93 09/14 MM MM 92
LOWEST 21 11/23 MM MM 25
AVG. MAXIMUM 70.3 68.5 1.8 69.9
AVG. MINIMUM 48.3 46.0 2.3 46.4
MEAN 59.3 57.2 2.1 58.1
DAYS MAX >= 90 7 6.7 0.3 4
DAYS MAX <= 32 0 0.5 -0.5 0
DAYS MIN <= 32 16 14.3 1.7 13
DAYS MIN <= 0 0 0.0 0.0 0
PRECIPITATION (INCHES)
RECORD
MAXIMUM MM MM
MINIMUM MM MM
TOTALS 10.33 9.89 0.44 9.81
DAILY AVG. 0.11 0.11
DAYS >= .01 31 26.2 4.8 24
DAYS >= .10 24 14.9 9.1 12
DAYS >= .50 8 6.9 1.1 8
DAYS >= 1.00 1 2.8 -1.8 3
GREATEST
24 HR. TOTAL MM 1.73
DEGREE DAYS
HEATING TOTAL 750 907 -157 801
SINCE 7/1 750 905 -155 MM
COOLING TOTAL 323 202 121 197
SINCE 1/1 1564 1379 185 MM
FREEZE DATES
RECORD
EARLIEST MM
LATEST MM
EARLIEST 11/02
LATEST 04/21
..............................................................
WIND (MPH)
AVERAGE WIND SPEED 7.7
HIGHEST WIND SPEED/DIRECTION 32/310 DATE 11/14
HIGHEST GUST SPEED/DIRECTION 50/180 DATE 10/11
SKY COVER
POSSIBLE SUNSHINE (PERCENT) MM
AVERAGE SKY COVER 0.30
NUMBER OF DAYS FAIR 54
NUMBER OF DAYS PC 24
NUMBER OF DAYS CLOUDY 13
AVERAGE RH (PERCENT) 70
WEATHER CONDITIONS. NUMBER OF DAYS WITH
THUNDERSTORM 10 MIXED PRECIP 0
HEAVY RAIN 14 RAIN 21
LIGHT RAIN 34 FREEZING RAIN 0
LT FREEZING RAIN 0 HAIL 0
HEAVY SNOW 0 SNOW 0
LIGHT SNOW 0 SLEET 0
FOG 39 FOG W/VIS <= 1/4 MILE 9
HAZE 5
- INDICATES NEGATIVE NUMBERS.
R INDICATES RECORD WAS SET OR TIED.
MM INDICATES DATA IS MISSING.
T INDICATES TRACE AMOUNT.
$$