000
CXUS53 KILX 011147
CLSLWV
CLIMATE REPORT
NATIONAL WEATHER SERVICE LINCOLN IL
647 AM CDT TUE JUN 01 2021
...................................
...THE LAWRENCEVILLE IL AIRPORT CLIMATE SUMMARY FOR THE SEASON, FROM
3/1/2021 TO 5/31/2021...
CLIMATE NORMAL PERIOD 1991 TO 2020
CLIMATE RECORD PERIOD 9999 TO 9999
WEATHER OBSERVED NORMAL DEPART LAST YEAR`S
VALUE DATE(S) VALUE FROM VALUE
NORMAL
..............................................................
TEMPERATURE (F)
RECORD
HIGH MM MM
LOW 26 04/02/2021
HIGHEST 90 05/24 MM MM 85
05/25
LOWEST 26R 04/02 MM MM 22
AVG. MAXIMUM 67.5 66.4 1.1 61.0
AVG. MINIMUM 45.2 45.2 0.0 40.5
MEAN 56.4 55.8 0.6 50.8
DAYS MAX >= 90 2 2.4 -0.4 MM
DAYS MAX <= 32 0 0.8 -0.8 MM
DAYS MIN <= 32 12 15.1 -3.1 MM
DAYS MIN <= 0 0 0.0 0.0 MM
PRECIPITATION (INCHES)
RECORD
MAXIMUM MM MM
MINIMUM MM MM
TOTALS 9.86 12.25 -2.39 12.20
DAILY AVG. 0.11 0.13
DAYS >= .01 32 33.4 -1.4 MM
DAYS >= .10 21 21.6 -0.6 MM
DAYS >= .50 6 8.7 -2.7 MM
DAYS >= 1.00 4 3.4 0.6 MM
GREATEST
24 HR. TOTAL 1.50 02/28 TO 02/28 1.93
DEGREE DAYS
HEATING TOTAL 899 1003 -104 870
SINCE 7/1 4536 4709 -173 14384
COOLING TOTAL 130 154 -24 16
SINCE 1/1 130 154 -24 10015
FREEZE DATES
RECORD
EARLIEST MM
LATEST MM
EARLIEST 10/16
LATEST 04/02
..............................................................
WIND (MPH)
AVERAGE WIND SPEED 9.6
HIGHEST WIND SPEED/DIRECTION 37/250 DATE 03/25
HIGHEST GUST SPEED/DIRECTION 54/280 DATE 05/27
SKY COVER
POSSIBLE SUNSHINE (PERCENT) MM
AVERAGE SKY COVER 0.36
NUMBER OF DAYS FAIR 52
NUMBER OF DAYS PC 23
NUMBER OF DAYS CLOUDY 16
AVERAGE RH (PERCENT) 66
WEATHER CONDITIONS. NUMBER OF DAYS WITH
THUNDERSTORM 13 MIXED PRECIP 0
HEAVY RAIN 13 RAIN 17
LIGHT RAIN 39 FREEZING RAIN 0
LT FREEZING RAIN 0 HAIL 0
HEAVY SNOW 0 SNOW 0
LIGHT SNOW 1 SLEET 0
FOG 29 FOG W/VIS <= 1/4 MILE 2
HAZE 10
- INDICATES NEGATIVE NUMBERS.
R INDICATES RECORD WAS SET OR TIED.
MM INDICATES DATA IS MISSING.
T INDICATES TRACE AMOUNT.
$$