000
CXUS53 KGID 012022
CF6LXN
PRELIMINARY LOCAL CLIMATOLOGICAL DATA (WS FORM: F-6)
STATION: LEXINGTON
MONTH: MAY
YEAR: 2021
LATITUDE: 40 47 N
LONGITUDE: 99 46 W
TEMPERATURE IN F: :PCPN: SNOW: WIND :SUNSHINE: SKY :PK WND
================================================================================
1 2 3 4 5 6A 6B 7 8 9 10 11 12 13 14 15 16 17 18
12Z AVG MX 2MIN
DY MAX MIN AVG DEP HDD CDD WTR SNW DPTH SPD SPD DIR MIN PSBL S-S WX SPD DR
================================================================================
1 92 56 74 M 0 9 0.00 M M 15.5 24 200 M M 0 32 200
2 81 55 68 M 0 3 0.27 M M 13.3 30 310 M M 2 3 41 310
3 59 44 52 M 13 0 0.00 M M 19.4 31 360 M M 6 39 360
4 65 42 54 M 11 0 0.00 M M 5.1 10 160 M M 3 M M
5 71 47 59 M 6 0 0.00 M M 14.0 25 330 M M 5 32 330
6 69 36 53 M 12 0 0.00 M M 6.0 13 240 M M 2 18 240
7 75 47 61 M 4 0 0.00 M M 14.0 21 140 M M 0 25 120
8 71 43 57 M 8 0 0.00 M M 15.5 25 10 M M 5 31 10
9 53 40 47 M 18 0 0.00 M M 10.8 20 350 M M 7 23 360
10 55 32 44 M 21 0 T M M 4.3 10 70 M M 6 M M
11 60 42 51 M 14 0 0.00 M M 6.3 10 50 M M 4 M M
12 64 38 51 M 14 0 0.00 M M 6.7 14 180 M M 6 23 180
13 74 45 60 M 5 0 0.45 M M 15.8 23 180 M M 5 3 36 180
14 68 50 59 M 6 0 0.00 M M 9.9 28 180 M M 3 1 35 180
15 75 47 61 M 4 0 0.17 M M 5.3 13 140 M M 7 12 17 140
16 71 58 65 M 0 0 0.83 M M 9.3 17 190 M M 9 23 190
17 63 56 60 M 5 0 0.00 M M 8.6 13 80 M M 10 1 M M
18 70 58 64 M 1 0 T M M 6.5 12 150 M M 7 1 17 150
19 73 52 63 M 2 0 0.00 M M 6.0 16 160 M M 3 1 17 170
20 78 58 68 M 0 3 0.00 M M 16.3 25 160 M M 6 32 160
21 78 62 70 M 0 5 0.06 M M 21.1 29 160 M M 7 46 170
22 77 62 70 M 0 5 0.01 M M 13.0 18 140 M M 8 25 170
23 81 58 70 M 0 5 0.29 M M 18.5 29 160 M M 9 1 37 160
24 72 58 65 M 0 0 0.19 M M 7.8 16 170 M M 9 21 180
25 80 56 68 M 0 3 T M M 5.4 13 300 M M 2 1 18 300
26 74 51 63 M 2 0 0.73 M M 10.7 24 100 M M 4 3 33 90
27 64 47 56 M 9 0 0.01 M M 16.1 25 340 M M 4 32 340
28 60 42 51 M 14 0 0.00 M M 8.4 15 10 M M 6 17 10
29 63 45 54 M 11 0 0.01 M M 10.8 17 160 M M 8 3 24 190
30 59 52 56 M 9 0 0.11 M M 5.7 9 110 M M 10 1 M M
31 71 52 62 M 3 0 0.01 M M 3.9 13 110 M M 5 1 17 100
================================================================================
SM 2166 1531 192 33 3.14 M 330.0 M 168
================================================================================
AV 69.9 49.4 10.6 FASTST M M 5 MAX(MPH)
MISC ----> 31 360 M M
================================================================================
NOTES:
# LAST OF SEVERAL OCCURRENCES
COLUMN 17 PEAK WIND IN M.P.H.
PRELIMINARY LOCAL CLIMATOLOGICAL DATA (WS FORM: F-6) , PAGE 2
STATION: LEXINGTON
MONTH: MAY
YEAR: 2021
LATITUDE: 40 47 N
LONGITUDE: 99 46 W
[TEMPERATURE DATA] [PRECIPITATION DATA] SYMBOLS USED IN COLUMN 16
AVERAGE MONTHLY: 59.6 TOTAL FOR MONTH: 3.14 1 = FOG OR MIST
DPTR FM NORMAL: M DPTR FM NORMAL: M 2 = FOG REDUCING VISIBILITY
HIGHEST: 92 ON 1 GRTST 24HR 0.83 ON 16-16 TO 1/4 MILE OR LESS
LOWEST: 32 ON 10 3 = THUNDER
SNOW, ICE PELLETS, HAIL 4 = ICE PELLETS
TOTAL MONTH: M 5 = HAIL
GRTST 24HR M ON M 6 = FREEZING RAIN OR DRIZZLE
GRTST DEPTH: M ON M 7 = DUSTSTORM OR SANDSTORM:
VSBY 1/2 MILE OR LESS
8 = SMOKE OR HAZE
[NO. OF DAYS WITH] [WEATHER - DAYS WITH] 9 = BLOWING SNOW
X = TORNADO
MAX 32 OR BELOW: 0 0.01 INCH OR MORE: 13
MAX 90 OR ABOVE: 1 0.10 INCH OR MORE: 8
MIN 32 OR BELOW: 1 0.50 INCH OR MORE: 2
MIN 0 OR BELOW: 0 1.00 INCH OR MORE: 0
[HDD (BASE 65) ]
TOTAL THIS MO. 192 CLEAR (SCALE 0-3) 8
DPTR FM NORMAL M PTCLDY (SCALE 4-7) 18
TOTAL FM JUL 1 6061 CLOUDY (SCALE 8-10) 5
DPTR FM NORMAL M
[CDD (BASE 65) ]
TOTAL THIS MO. 33
DPTR FM NORMAL M [PRESSURE DATA]
TOTAL FM JAN 1 36 HIGHEST SLP M ON M
DPTR FM NORMAL M LOWEST SLP M ON M
[REMARKS]
#FINAL-05-21#